000
CXUS55 KABQ 022009
CLMCAO
CLIMATE REPORT
NATIONAL WEATHER SERVICE ALBUQUERQUE NM
109 PM MST SAT DEC 02 2023
...................................
...THE CLAYTON NM CLIMATE SUMMARY FOR THE MONTH OF NOVEMBER 2023...
CLIMATE NORMAL PERIOD 1991 TO 2020
CLIMATE RECORD PERIOD 1896 TO 2023
WEATHER OBSERVED NORMAL DEPART LAST YEAR`S
VALUE DATE(S) VALUE FROM VALUE DATE(S)
NORMAL
................................................................
TEMPERATURE (F)
RECORD
HIGH 86 11/08/2006
LOW -10 11/27/1976
HIGHEST 82 11/07 MM MM 72 11/02
LOWEST 18 11/25 MM MM 9 11/29
11/30
AVG. MAXIMUM 60.7 57.7 3.0 52.7
AVG. MINIMUM 34.3 29.7 4.6 25.8
MEAN 47.5 43.7 3.8 39.2
DAYS MAX >= 90 0 0.0 0.0 0
DAYS MAX <= 32 2 1.1 0.9 1
DAYS MIN <= 32 12 18.0 -6.0 23
DAYS MIN <= 0 0 0.1 -0.1 0
PRECIPITATION (INCHES)
TOTALS 0.03 0.45 -0.42 0.07
DAILY AVG. 0.00 0.01 -0.01 0.00
DAYS >= .01 2 3.4 -1.4 2
DAYS >= .10 0 1.1 -1.1 0
DAYS >= .50 0 0.2 -0.2 0
DAYS >= 1.00 0 0.0 0.0 0
GREATEST
24 HR. TOTAL 0.03 11/24 TO 11/25 0.04
SNOWFALL (INCHES)
TOTALS 0.5 2.7 -2.2 0.7
SINCE 7/1 0.5 3.9 -3.4 MM
DAYS >= 1.0 0 0.9 -0.9 0
GREATEST
SNOW DEPTH 0 1 11/14
24 HR TOTAL 0.5 11/25 TO 11/25 MM
DEGREE DAYS
HEATING TOTAL 519 640 -121 766
SINCE 7/1 815 1046 -231 MM
COOLING TOTAL 1 0 1 0
SINCE 1/1 1091 967 124 MM
................................................................
WIND (MPH)
AVERAGE WIND SPEED 11.9
HIGHEST WIND SPEED/DIRECTION 39/340 DATE 11/20
HIGHEST GUST SPEED/DIRECTION 51/360 DATE 11/20
SKY COVER
AVERAGE SKY COVER 0.17
AVERAGE RH (PERCENT) 47
WEATHER CONDITIONS. NUMBER OF DAYS WITH
THUNDERSTORM 0 MIXED PRECIP 0
HEAVY RAIN 0 RAIN 0
LIGHT RAIN 1 FREEZING RAIN 0
LT FREEZING RAIN 0 HAIL 0
HEAVY SNOW 0 SNOW 0
LIGHT SNOW 2 SLEET 0
FOG 2 FOG W/VIS <= 1/4 MILE 0
HAZE 2
- INDICATES NEGATIVE NUMBERS.
R INDICATES RECORD WAS SET OR TIED.
MM INDICATES DATA IS MISSING.
T INDICATES TRACE AMOUNT.
$$