457
CXUS51 KCAR 010600
CF6CAR
PRELIMINARY LOCAL CLIMATOLOGICAL DATA (WS FORM: F-6)
STATION: CARIBOU ME
MONTH: FEBRUARY
YEAR: 2021
LATITUDE: 46 52 N
LONGITUDE: 68 1 W
TEMPERATURE IN F: :PCPN: SNOW: WIND :SUNSHINE: SKY :PK WND
================================================================================
1 2 3 4 5 6A 6B 7 8 9 10 11 12 13 14 15 16 17 18
12Z AVG MX 2MIN
DY MAX MIN AVG DEP HDD CDD WTR SNW DPTH SPD SPD DIR MIN PSBL S-S WX SPD DR
================================================================================
1 27 -3 12 2 53 0 0.00 0.0 9 2.0 9 30 M M 0 12 40
2 30 14 22 11 43 0 0.84 10.2 9 14.3 25 30 M M 8 12468 40 40
3 33 29 31 20 34 0 0.12 0.3 13 11.6 18 20 M M 10 168 25 10
4 31 15 23 12 42 0 0.03 1.7 13 7.5 14 340 M M 10 1 19 320
5 28 13 21 10 44 0 0.03 0.8 15 3.4 13 140 M M 9 1 16 150
6 30 17 24 12 41 0 0.08 0.4 15 11.5 30 250 M M 7 18 38 260
7 24 7 16 4 49 0 0.06 0.8 13 6.5 17 250 M M 3 23 250
8 22 0 11 -1 54 0 0.10 1.2 16 7.7 22 300 M M 5 1 27 310
9 18 -9 5 -7 60 0 0.00 0.0 14 4.4 10 330 M M 1 14 330
10 21 -15 3 -9 62 0 T T 14 3.8 17 310 M M 2 24 300
11 16 -5 6 -7 59 0 T T 13 9.2 21 300 M M 4 32 310
12 23 1 12 -1 53 0 0.01 0.2 13 5.6 12 310 M M 7 17 330
13 20 3 12 -1 53 0 0.01 0.1 13 6.9 16 310 M M 4 24 310
14 20 5 13 -1 52 0 0.01 0.9 13 1.0 7 310 M M 8 1 10 310
15 23 1 12 -2 53 0 0.04 0.5 14 1.3 7 110 M M 8 1 9 120
16 20 18 19 5 46 0 0.68 8.4 16 8.4 17 70 M M 10 128 22 70
17 20 1 11 -4 54 0 0.01 0.2 20 6.9 20 300 M M 7 9 27 310
18 20 -5 8 -7 57 0 0.00 0.0 18 5.2 17 330 M M 0 23 310
19 24 -10 7 -8 58 0 0.00 0.0 18 1.2 7 30 M M 1 9 20
20 25 9 17 1 48 0 0.04 1.4 18 5.7 12 10 M M 10 1 15 350
21 30 7 19 3 46 0 0.00 0.0 19 7.0 12 300 M M 0 15 310
22 28 4 16 0 49 0 0.13 1.3 18 6.9 20 180 M M 4 1 26 190
23 36 23 30 13 35 0 0.07 1.3 20 4.2 12 320 M M 9 1 16 310
24 41 24 33 16 32 0 0.05 0.8 19 6.4 18 240 M M 9 1 24 260
25 31 6 19 2 46 0 0.15 2.7 21 13.5 24 310 M M 5 1 33 290
26 21 -3 9 -9 56 0 0.00 0.0 19 6.9 17 330 M M 0 24 320
27 35 3 19 1 46 0 0.42 4.8 19 8.4 23 190 M M 5 12 35 190
28 40 28 34 16 31 0 0.00 0.0 23 8.6 24 310 M M 7 35 310
================================================================================
SM 737 178 1356 0 2.88 38.0 186.0 M 153
================================================================================
AV 26.3 6.4 6.6 FASTST M M 5 MAX(MPH)
MISC ----> 30 250 40 40
================================================================================
NOTES:
# LAST OF SEVERAL OCCURRENCES
COLUMN 17 PEAK WIND IN M.P.H.
PRELIMINARY LOCAL CLIMATOLOGICAL DATA (WS FORM: F-6) , PAGE 2
STATION: CARIBOU ME
MONTH: FEBRUARY
YEAR: 2021
LATITUDE: 46 52 N
LONGITUDE: 68 1 W
[TEMPERATURE DATA] [PRECIPITATION DATA] SYMBOLS USED IN COLUMN 16
AVERAGE MONTHLY: 16.3 TOTAL FOR MONTH: 2.88 1 = FOG OR MIST
DPTR FM NORMAL: 2.2 DPTR FM NORMAL: 0.67 2 = FOG REDUCING VISIBILITY
HIGHEST: 41 ON 24 GRTST 24HR 0.84 ON 2- 2 TO 1/4 MILE OR LESS
LOWEST: -15 ON 10 3 = THUNDER
SNOW, ICE PELLETS, HAIL 4 = ICE PELLETS
TOTAL MONTH: 38.0 INCHES 5 = HAIL
GRTST 24HR 10.2 ON 2- 2 6 = FREEZING RAIN OR DRIZZLE
GRTST DEPTH: 23 ON 28 7 = DUSTSTORM OR SANDSTORM:
VSBY 1/2 MILE OR LESS
8 = SMOKE OR HAZE
[NO. OF DAYS WITH] [WEATHER - DAYS WITH] 9 = BLOWING SNOW
X = TORNADO
MAX 32 OR BELOW: 23 0.01 INCH OR MORE: 19
MAX 90 OR ABOVE: 0 0.10 INCH OR MORE: 7
MIN 32 OR BELOW: 28 0.50 INCH OR MORE: 2
MIN 0 OR BELOW: 8 1.00 INCH OR MORE: 0
[HDD (BASE 65) ]
TOTAL THIS MO. 1356 CLEAR (SCALE 0-3) 7
DPTR FM NORMAL -71 PTCLDY (SCALE 4-7) 14
TOTAL FM JUL 1 5789 CLOUDY (SCALE 8-10) 7
DPTR FM NORMAL -931
[CDD (BASE 65) ]
TOTAL THIS MO. 0
DPTR FM NORMAL 0 [PRESSURE DATA]
TOTAL FM JAN 1 0 HIGHEST SLP 30.47 ON 18
DPTR FM NORMAL 0 LOWEST SLP 29.27 ON 3
[REMARKS]
#FINAL-02-21#