000
CXUS54 KLZK 011130
CF6CCA
PRELIMINARY LOCAL CLIMATOLOGICAL DATA (WS FORM: F-6)
STATION: CLINTON
MONTH: APRIL
YEAR: 2021
LATITUDE: 35 32 N
LONGITUDE: 92 22 W
TEMPERATURE IN F: :PCPN: SNOW: WIND :SUNSHINE: SKY :PK WND
================================================================================
1 2 3 4 5 6A 6B 7 8 9 10 11 12 13 14 15 16 17 18
12Z AVG MX 2MIN
DY MAX MIN AVG DEP HDD CDD WTR SNW DPTH SPD SPD DIR MIN PSBL S-S WX SPD DR
================================================================================
1 59 28 44 M 21 0 0.00 M M 2.8 10 310 M M 0 22 310
2 59 27 43 M 22 0 0.00 M M 2.6 9 80 M M 0 16 80
3 68 30 49 M 16 0 0.00 M M 3.2 10 210 M M 2 17 210
4 75 36 56 M 9 0 0.00 M M 2.5 12 140 M M 2 1 15 210
5 77 43 60 M 5 0 0.00 M M 2.8 15 210 M M 6 18 21 210
6 75 46 61 M 4 0 0.00 M M 4.3 14 170 M M 7 1 20 190
7 68 52 60 M 5 0 0.15 M M 6.2 13 170 M M 7 12 22 150
8 73 39 56 M 9 0 0.00 M M 6.8 18 230 M M 2 1 28 230
9 81 41 61 M 4 0 0.06 M M 1.0 8 170 M M 2 13 18 0
10 66 45 56 M 9 0 0.01 M M 8.3 18 320 M M 3 28 310
11 79 37 58 M 7 0 0.00 M M 3.8 15 220 M M 1 1 21 200
12 82 43 63 M 2 0 0.00 M M 2.4 8 300 M M 2 12 300
13 72 52 62 M 3 0 0.08 M M 4.2 9 40 M M 6 3 18 40
14 63 50 57 M 8 0 0.54 M M 1.9 9 340 M M 8 15 99
15 66 48 57 M 8 0 0.00 M M 2.1 9 20 M M 3 16 20
16 57 46 52 M 13 0 0.11 M M 1.2 7 130 M M 8 1 13 130
17 59 41 50 M 15 0 0.00 M M 3.0 10 320 M M 9 1 15 290
18 61 36 49 M 16 0 0.05 M M 2.1 13 280 M M 6 12 18 99
19 70 32 51 M 14 0 0.00 M M 3.0 10 220 M M 3 12 16 170
20 66 32 49 M 16 0 0.00 M M 4.6 17 330 M M 3 1 32 350
21 61 27 44 M 21 0 0.00 M M 2.4 9 160 M M 1 1 17 170
22 64 30 47 M 18 0 0.00 M M 2.1 9 130 M M 3 1 12 99
23 63 48 56 M 9 0 0.62 M M 3.7 12 160 M M 10 14 160
24 64 45 55 M 10 0 0.45 M M 3.9 12 99 M M 8 1 23 330
25 75 41 58 M 7 0 0.00 0.0 0 3.2 12 180 M M 3 12 15 140
26 81 45 63 M 2 0 0.00 M M 3.8 12 170 M M 0 1 22 150
27 75 55 65 M 0 0 0.00 M M 5.5 15 210 M M 7 1 21 170
28 75 64 70 M 0 5 0.10 M M 1.9 10 170 M M 7 1 17 170
29 75 55 65 M 0 0 4.69 M M 3.1 12 140 M M 8 12 16 99
30 79 46 63 M 2 0 0.00 M M 1.3 6 110 M M 2 12 15 99
================================================================================
SM 2088 1260 275 5 6.86 0.0 99.7 M 129
================================================================================
AV 69.6 42.0 3.3 FASTST M M 4 MAX(MPH)
MISC ----> # 18 230 32 350
================================================================================
NOTES:
# LAST OF SEVERAL OCCURRENCES
COLUMN 17 PEAK WIND IN M.P.H.
PRELIMINARY LOCAL CLIMATOLOGICAL DATA (WS FORM: F-6) , PAGE 2
STATION: CLINTON
MONTH: APRIL
YEAR: 2021
LATITUDE: 35 32 N
LONGITUDE: 92 22 W
[TEMPERATURE DATA] [PRECIPITATION DATA] SYMBOLS USED IN COLUMN 16
AVERAGE MONTHLY: 55.8 TOTAL FOR MONTH: 6.86 1 = FOG OR MIST
DPTR FM NORMAL: 0.0 DPTR FM NORMAL: M 2 = FOG REDUCING VISIBILITY
HIGHEST: 82 ON 12 GRTST 24HR 4.69 ON 29-29 TO 1/4 MILE OR LESS
LOWEST: 27 ON 21, 2 3 = THUNDER
SNOW, ICE PELLETS, HAIL 4 = ICE PELLETS
TOTAL MONTH: 0.0 INCH 5 = HAIL
GRTST 24HR 0.0 6 = FREEZING RAIN OR DRIZZLE
GRTST DEPTH: 0 7 = DUSTSTORM OR SANDSTORM:
VSBY 1/2 MILE OR LESS
8 = SMOKE OR HAZE
[NO. OF DAYS WITH] [WEATHER - DAYS WITH] 9 = BLOWING SNOW
X = TORNADO
MAX 32 OR BELOW: 0 0.01 INCH OR MORE: 11
MAX 90 OR ABOVE: 0 0.10 INCH OR MORE: 6
MIN 32 OR BELOW: 7 0.50 INCH OR MORE: 3
MIN 0 OR BELOW: 0 1.00 INCH OR MORE: 1
[HDD (BASE 65) ]
TOTAL THIS MO. 275 CLEAR (SCALE 0-3) 15
DPTR FM NORMAL M PTCLDY (SCALE 4-7) 10
TOTAL FM JUL 1 3778 CLOUDY (SCALE 8-10) 5
DPTR FM NORMAL M
[CDD (BASE 65) ]
TOTAL THIS MO. 5
DPTR FM NORMAL M [PRESSURE DATA]
TOTAL FM JAN 1 5 HIGHEST SLP M ON M
DPTR FM NORMAL M LOWEST SLP M ON M
[REMARKS]
#FINAL-04-21#