000
CXUS54 KLZK 011230
CF6CCA
PRELIMINARY LOCAL CLIMATOLOGICAL DATA (WS FORM: F-6)
STATION: CLINTON
MONTH: JANUARY
YEAR: 2021
LATITUDE: 35 32 N
LONGITUDE: 92 22 W
TEMPERATURE IN F: :PCPN: SNOW: WIND :SUNSHINE: SKY :PK WND
================================================================================
1 2 3 4 5 6A 6B 7 8 9 10 11 12 13 14 15 16 17 18
12Z AVG MX 2MIN
DY MAX MIN AVG DEP HDD CDD WTR SNW DPTH SPD SPD DIR MIN PSBL S-S WX SPD DR
================================================================================
1 45 36 41 M 24 0 0.61 M M 3.0 9 220 M M 10 13 17 340
2 37 30 34 M 31 0 0.00 M M 1.2 8 260 M M 9 1 14 260
3 54 25 40 M 25 0 0.00 M M 1.6 8 170 M M 2 12 15 170
4 61 28 45 M 20 0 0.00 M M 0.6 6 200 M M 3 12 15 200
5 57 28 43 M 22 0 0.00 M M 2.3 9 90 M M 0 1 M M
6 45 27 36 M 29 0 0.04 M M 0.5 6 99 M M 4 17 0
7 43 36 40 M 25 0 0.09 M M 5.4 10 350 M M 9 17 10
8 37 32 35 M 30 0 0.00 M M 3.6 10 320 M M 10 16 310
9 39 25 32 M 33 0 0.00 M M 2.5 7 330 M M 9 15 99
10 39 25 32 M 33 0 0.00 M M 1.6 6 300 M M 9 1 M M
11 39 21 30 M 35 0 0.00 M M 2.5 7 290 M M 5 1 14 320
12 52 16 34 M 31 0 0.00 M M 1.7 12 220 M M 0 1 14 250
13 54 18 36 M 29 0 0.00 M M 1.9 10 210 M M 0 20 220
14 59 25 42 M 23 0 0.00 M M 3.6 16 320 M M 2 1 32 320
15 43 21 32 M 33 0 0.00 M M 7.7 17 250 M M 7 8 26 290
16 48 28 38 M 27 0 0.00 M M 5.6 13 320 M M 6 23 290
17 54 23 39 M 26 0 0.00 M M 3.4 14 290 M M 4 23 290
18 59 19 39 M 26 0 0.00 M M 1.1 8 210 M M 4 15 210
19 55 34 45 M 20 0 0.00 M M 2.6 10 350 M M 3 17 350
20 48 25 37 M 28 0 0.02 M M 2.3 10 210 M M 4 13 190
21 54 34 44 M 21 0 0.00 M M 0.3 5 100 M M 5 12 M M
22 54 28 41 M 24 0 0.00 M M 2.3 7 30 M M 1 12 15 99
23 43 23 33 M 32 0 0.00 M M 1.8 7 99 M M 7 M M
24 61 37 49 M 16 0 0.05 M M 1.3 7 99 M M 9 1 15 99
25 54 39 47 M 18 0 0.82 0.0 0 0.7 5 80 M M 10 123 15 99
26 55 37 46 M 19 0 0.00 M M 2.1 7 99 M M 6 12 14 320
27 39 32 36 M 29 0 0.12 M M 5.4 13 300 M M 10 1 21 320
28 43 25 34 M 31 0 0.01 M M 2.7 8 170 M M 2 15 99
29 50 25 38 M 27 0 1.18 M M 1.9 7 99 M M 1 1 12 180
30 57 39 48 M 17 0 1.83 M M 1.3 9 190 M M 10 12 17 190
31 46 37 42 M 23 0 0.00 M M 9.0 15 310 M M 10 128 29 310
================================================================================
SM 1524 878 807 0 4.77 0.0 83.5 M 171
================================================================================
AV 49.2 28.3 2.7 FASTST M M 6 MAX(MPH)
MISC ----> 17 250 32 320
================================================================================
NOTES:
# LAST OF SEVERAL OCCURRENCES
COLUMN 17 PEAK WIND IN M.P.H.
PRELIMINARY LOCAL CLIMATOLOGICAL DATA (WS FORM: F-6) , PAGE 2
STATION: CLINTON
MONTH: JANUARY
YEAR: 2021
LATITUDE: 35 32 N
LONGITUDE: 92 22 W
[TEMPERATURE DATA] [PRECIPITATION DATA] SYMBOLS USED IN COLUMN 16
AVERAGE MONTHLY: 38.7 TOTAL FOR MONTH: 4.77 1 = FOG OR MIST
DPTR FM NORMAL: 0.0 DPTR FM NORMAL: M 2 = FOG REDUCING VISIBILITY
HIGHEST: 61 ON 24, 4 GRTST 24HR 1.92 ON 24-25 TO 1/4 MILE OR LESS
LOWEST: 16 ON 12 3 = THUNDER
SNOW, ICE PELLETS, HAIL 4 = ICE PELLETS
TOTAL MONTH: 0.0 INCH 5 = HAIL
GRTST 24HR 0.0 6 = FREEZING RAIN OR DRIZZLE
GRTST DEPTH: 0 7 = DUSTSTORM OR SANDSTORM:
VSBY 1/2 MILE OR LESS
8 = SMOKE OR HAZE
[NO. OF DAYS WITH] [WEATHER - DAYS WITH] 9 = BLOWING SNOW
X = TORNADO
MAX 32 OR BELOW: 0 0.01 INCH OR MORE: 10
MAX 90 OR ABOVE: 0 0.10 INCH OR MORE: 5
MIN 32 OR BELOW: 22 0.50 INCH OR MORE: 4
MIN 0 OR BELOW: 0 1.00 INCH OR MORE: 2
[HDD (BASE 65) ]
TOTAL THIS MO. 807 CLEAR (SCALE 0-3) 10
DPTR FM NORMAL M PTCLDY (SCALE 4-7) 10
TOTAL FM JUL 1 2237 CLOUDY (SCALE 8-10) 11
DPTR FM NORMAL M
[CDD (BASE 65) ]
TOTAL THIS MO. 0
DPTR FM NORMAL M [PRESSURE DATA]
TOTAL FM JAN 1 0 HIGHEST SLP M ON M
DPTR FM NORMAL M LOWEST SLP M ON M
[REMARKS]
#FINAL-01-21#