000
CXUS56 KMTR 010900
CF6CCR
PRELIMINARY LOCAL CLIMATOLOGICAL DATA (WS FORM: F-6)
STATION: CONCORD AIRPORT
MONTH: AUGUST
YEAR: 2022
LATITUDE: 37 58 N
LONGITUDE: 122 3 W
TEMPERATURE IN F: :PCPN: SNOW: WIND :SUNSHINE: SKY :PK WND
================================================================================
1 2 3 4 5 6A 6B 7 8 9 10 11 12 13 14 15 16 17 18
12Z AVG MX 2MIN
DY MAX MIN AVG DEP HDD CDD WTR SNW DPTH SPD SPD DIR MIN PSBL S-S WX SPD DR
================================================================================
1 83 63 73 -1 0 8 0.01 M M 4.9 13 330 M M 1 14 320
2 95 62 79 5 0 14 0.00 M M 7.5 18 270 M M 0 23 270
3 96 63 80 6 0 15 0.00 M M 9.8 17 300 M M 0 21 290
4 92 63 78 4 0 13 0.00 M M 10.4 20 220 M M 0 24 230
5 83 62 73 -1 0 8 0.00 M M 10.6 18 270 M M 2 23 270
6 81 62 72 -2 0 7 0.00 M M 10.5 16 220 M M 4 21 270
7 82 61 72 -2 0 7 0.00 M M 10.2 16 240 M M 2 22 270
8 85 61 73 -1 0 8 0.00 M M 10.1 16 240 M M 0 20 240
9 83 61 72 -2 0 7 0.00 M M 10.4 20 240 M M 0 24 270
10 86 61 74 0 0 9 0.00 M M 8.8 18 280 M M 0 23 280
11 87 63 75 1 0 10 0.00 M M 11.7 17 190 M M 0 27 190
12 89 61 75 1 0 10 0.00 M M 12.2 20 190 M M 0 24 190
13 94 60 77 3 0 12 0.00 M M 10.6 17 200 M M 0 23 200
14 97 58 78 4 0 13 0.00 M M 6.9 17 210 M M 0 22 200
15 100 59 80 6 0 15 0.00 M M 5.4 16 300 M M 0 18 20 320
16 104 60 82 8 0 17 0.00 M M 6.0 15 320 M M 0 19 310
17 95 64 80 6 0 15 0.00 M M 6.6 18 260 M M 1 23 270
18 94 60 77 3 0 12 0.00 M M 9.0 17 270 M M 0 21 270
19 96 61 79 5 0 14 0.00 M M 10.8 20 200 M M 0 23 190
20 99 59 79 5 0 14 0.00 M M 6.3 17 250 M M 0 21 210
21 84 60 72 -2 0 7 0.00 M M 10.8 22 270 M M 0 25 270
22 94 59 77 3 0 12 0.00 M M 11.7 18 190 M M 0 24 200
23 97 62 80 6 0 15 0.00 M M 8.7 20 190 M M 0 24 200
24 92 59 76 2 0 11 0.00 M M 8.2 18 200 M M 0 23 200
25 88 61 75 1 0 10 0.00 M M 11.9 20 210 M M 0 25 210
26 91 60 76 2 0 11 0.00 M M 10.5 23 280 M M 3 27 270
27 85 59 72 -2 0 7 0.00 M M 11.9 20 200 M M 0 25 200
28 82 57 70 -4 0 5 0.00 M M 9.4 17 190 M M 0 22 210
29 86 59 73 -1 0 8 0.00 M M 9.5 17 230 M M 0 19 330
30 88 59 74 1 0 9 0.00 M M 8.6 17 300 M M 0 23 310
31 92 57 75 2 0 10 0.00 M M 7.4 17 330 M M 0 19 300
================================================================================
SM 2800 1876 0 333 0.01 M 287.3 M 13
================================================================================
AV 90.3 60.5 9.3 FASTST M M 0 MAX(MPH)
MISC ----> 23 280 # 27 190
================================================================================
NOTES:
# LAST OF SEVERAL OCCURRENCES
COLUMN 17 PEAK WIND IN M.P.H.
PRELIMINARY LOCAL CLIMATOLOGICAL DATA (WS FORM: F-6) , PAGE 2
STATION: CONCORD AIRPORT
MONTH: AUGUST
YEAR: 2022
LATITUDE: 37 58 N
LONGITUDE: 122 3 W
[TEMPERATURE DATA] [PRECIPITATION DATA] SYMBOLS USED IN COLUMN 16
AVERAGE MONTHLY: 75.4 TOTAL FOR MONTH: 0.01 1 = FOG OR MIST
DPTR FM NORMAL: 1.8 DPTR FM NORMAL: -0.01 2 = FOG REDUCING VISIBILITY
HIGHEST: 104 ON 16 GRTST 24HR 0.01 ON 31- 1 TO 1/4 MILE OR LESS
LOWEST: 57 ON 31,28 3 = THUNDER
SNOW, ICE PELLETS, HAIL 4 = ICE PELLETS
TOTAL MONTH: M 5 = HAIL
GRTST 24HR M ON M 6 = FREEZING RAIN OR DRIZZLE
GRTST DEPTH: M ON M 7 = DUSTSTORM OR SANDSTORM:
VSBY 1/2 MILE OR LESS
8 = SMOKE OR HAZE
[NO. OF DAYS WITH] [WEATHER - DAYS WITH] 9 = BLOWING SNOW
X = TORNADO
MAX 32 OR BELOW: 0 0.01 INCH OR MORE: 1
MAX 90 OR ABOVE: 16 0.10 INCH OR MORE: 0
MIN 32 OR BELOW: 0 0.50 INCH OR MORE: 0
MIN 0 OR BELOW: 0 1.00 INCH OR MORE: 0
[HDD (BASE 65) ]
TOTAL THIS MO. 0 CLEAR (SCALE 0-3) 30
DPTR FM NORMAL -1 PTCLDY (SCALE 4-7) 1
TOTAL FM JUL 1 2 CLOUDY (SCALE 8-10) 0
DPTR FM NORMAL 0
[CDD (BASE 65) ]
TOTAL THIS MO. 333
DPTR FM NORMAL 64 [PRESSURE DATA]
TOTAL FM JAN 1 951 HIGHEST SLP M ON M
DPTR FM NORMAL 151 LOWEST SLP 29.65 ON 16
[REMARKS]
#FINAL-08-22#