000
CXUS55 KCYS 031518
CF6CDR
PRELIMINARY LOCAL CLIMATOLOGICAL DATA (WS FORM: F-6) ...CORRECTED...
STATION: CHADRON NEBRASKA AIRPORT
MONTH: SEPTEMBER
YEAR: 2020
LATITUDE: 42 50 N
LONGITUDE: 103 6 W
TEMPERATURE IN F: :PCPN: SNOW: WIND :SUNSHINE: SKY :PK WND
================================================================================
1 2 3 4 5 6A 6B 7 8 9 10 11 12 13 14 15 16 17 18
12Z AVG MX 2MIN
DY MAX MIN AVG DEP HDD CDD WTR SNW DPTH SPD SPD DIR MIN PSBL S-S WX SPD DR
================================================================================
1 82 46 64 -4 1 0 0.00 M M 10.9 25 300 M M 2 34 280
2 95 48 72 5 0 7 0.00 M M 12.6 35 20 M M 1 49 40
3 84 47 66 -1 0 1 0.00 M M 5.6 18 40 M M 0 8 24 40
4 90 44 67 1 0 2 0.00 M M 4.1 10 140 M M 0 8 15 30
5 106 51 79 13 0 14 0.00 M M 4.9 23 230 M M 0 30 240
6 95 55 75 9 0 10 0.00 M M 7.1 21 40 M M 0 26 40
7 69 40 55 -10 10 0 0.36 M M 15.7 35 20 M M 5 18 45 30
8 41 33 37 -28 28 0 0.24 M M 8.8 26 10 M M 9 1 35 20
9 49 34 42 -22 23 0 0.00 M M 3.9 12 280 M M 4 15 280
10 65 30 48 -16 17 0 T M M 4.6 18 210 M M 4 24 190
11 57 45 51 -12 14 0 0.25 M M 5.5 15 200 M M 9 1 19 200
12 81 44 63 0 2 0 T M M 7.2 18 320 M M 1 24 330
13 89 41 65 3 0 0 0.00 M M 3.6 12 20 M M 0 15 10
14 95 42 69 7 0 4 0.00 M M 9.8 26 190 M M 0 35 180
15 95 47 71 10 0 6 0.00 M M 5.3 14 350 M M 0 8 19 350
16 72 46 59 -2 6 0 0.00 M M 5.1 17 190 M M 0 18 23 180
17 78 45 62 2 3 0 0.00 M M 6.2 16 170 M M 0 18 24 30
18 83 38 61 1 4 0 0.00 M M 8.3 24 180 M M 0 18 33 170
19 93 49 71 12 0 6 0.00 M M 7.1 22 310 M M 0 8 32 320
20 83 43 63 4 2 0 0.00 M M 7.6 22 270 M M 0 33 270
21 84 40 62 4 3 0 0.00 M M 3.9 9 230 M M 0 12 270
22 95 41 68 10 0 3 0.00 M M 3.5 12 350 M M 0 8 15 10
23 90 52 71 13 0 6 0.00 M M 7.9 21 300 M M 0 30 300
24 94 43 69 12 0 4 0.00 M M 7.9 18 250 M M 0 27 260
25 83 43 63 7 2 0 0.00 M M 7.5 24 200 M M 0 33 190
26 77 51 64 8 1 0 0.00 M M 7.7 30 20 M M 2 8 43 10
27 65 42 54 -2 11 0 0.03 M M 14.4 25 310 M M 0 43 300
28 66 35 51 -4 14 0 0.00 M M 12.7 25 310 M M 0 36 310
29 82 33 58 3 7 0 0.00 M M 11.5 30 300 M M 0 40 300
30 65 39 52 -2 13 0 0.00 M M 9.6 24 310 M M 4 35 300
================================================================================
SM 2403 1287 161 63 0.88 M 230.5 M 41
================================================================================
AV 80.1 42.9 7.7 FASTST M M 1 MAX(MPH)
MISC ----> # 35 20 # 49 40
================================================================================
NOTES:
# LAST OF SEVERAL OCCURRENCES
COLUMN 17 PEAK WIND IN M.P.H.
PRELIMINARY LOCAL CLIMATOLOGICAL DATA (WS FORM: F-6) , PAGE 2
STATION: CHADRON NEBRASKA AIRPORT
MONTH: SEPTEMBER
YEAR: 2020
LATITUDE: 42 50 N
LONGITUDE: 103 6 W
[TEMPERATURE DATA] [PRECIPITATION DATA] SYMBOLS USED IN COLUMN 16
AVERAGE MONTHLY: 61.5 TOTAL FOR MONTH: 0.88 1 = FOG OR MIST
DPTR FM NORMAL: 0.5 DPTR FM NORMAL: -0.85 2 = FOG REDUCING VISIBILITY
HIGHEST: 106 ON 5 GRTST 24HR 0.36 ON 7- 7 TO 1/4 MILE OR LESS
LOWEST: 30 ON 10 3 = THUNDER
SNOW, ICE PELLETS, HAIL 4 = ICE PELLETS
TOTAL MONTH: M 5 = HAIL
GRTST 24HR M ON M 6 = FREEZING RAIN OR DRIZZLE
GRTST DEPTH: M ON M 7 = DUSTSTORM OR SANDSTORM:
VSBY 1/2 MILE OR LESS
8 = SMOKE OR HAZE
[NO. OF DAYS WITH] [WEATHER - DAYS WITH] 9 = BLOWING SNOW
X = TORNADO
MAX 32 OR BELOW: 0 0.01 INCH OR MORE: 4
MAX 90 OR ABOVE: 10 0.10 INCH OR MORE: 3
MIN 32 OR BELOW: 1 0.50 INCH OR MORE: 0
MIN 0 OR BELOW: 0 1.00 INCH OR MORE: 0
[HDD (BASE 65) ]
TOTAL THIS MO. 161 CLEAR (SCALE 0-3) 24
DPTR FM NORMAL -20 PTCLDY (SCALE 4-7) 4
TOTAL FM JUL 1 167 CLOUDY (SCALE 8-10) 2
DPTR FM NORMAL -44
[CDD (BASE 65) ]
TOTAL THIS MO. 63
DPTR FM NORMAL 0 [PRESSURE DATA]
TOTAL FM JAN 1 1022 HIGHEST SLP 30.55 ON 8
DPTR FM NORMAL 312 LOWEST SLP 29.59 ON 26
[REMARKS]
SEPTEMBER 5TH...RECORD HIGH 106* DEGREES (PREVIOUS 102
DEGREES IN 1998).
SEPTEMBER 8TH...TIED RECORD LOW 33 DEGREES IN 1962.
SEPTEMBER 24TH...RECORD HIGH 94 DEGREES (PREVIOUS 89 DEGREES IN
1949).
*WARMEST HIGH TEMPERATURE RECORDED FOR SEPTEMBER
#FINAL-09-20#