000
CXUS56 KEKA 011230
CF6CEC
PRELIMINARY LOCAL CLIMATOLOGICAL DATA (WS FORM: F-6)
STATION: CRESCENT CITY CA
MONTH: SEPTEMBER
YEAR: 2020
LATITUDE: 41 46 N
LONGITUDE: 124 14 W
TEMPERATURE IN F: :PCPN: SNOW: WIND :SUNSHINE: SKY :PK WND
================================================================================
1 2 3 4 5 6A 6B 7 8 9 10 11 12 13 14 15 16 17 18
12Z AVG MX 2MIN
DY MAX MIN AVG DEP HDD CDD WTR SNW DPTH SPD SPD DIR MIN PSBL S-S WX SPD DR
================================================================================
1 65 53 59 2 6 0 0.00 M M 9.7 18 180 M M 4 18 23 180
2 61 52 57 0 8 0 0.00 M M 4.0 10 190 M M 9 128 14 200
3 59 51 55 -2 10 0 0.00 0.0 M 3.5 10 200 M M 8 128 13 180
4 69 51 60 4 5 0 0.00 0.0 M 3.0 8 250 M M 6 18 11 260
5 67 48 58 2 7 0 0.00 0.0 M 4.7 14 330 M M 0 18 19 320
6 70 51 61 5 4 0 0.00 0.0 M 4.6 12 330 M M 0 18 13 330
7 73 52 63 7 2 0 0.00 M M 6.9 14 330 M M 1 18 17 320
8 87 50 69 13 0 4 0.00 M M 5.5 13 160 M M M 28 17 160
9 67 55 61 5 4 0 0.00 M M 5.0 12 190 M M M 28 15 170
10 65 54 60 4 5 0 0.00 M M 1.4 7 190 M M 10 28 9 200
11 64 52 58 2 7 0 0.00 M M 2.8 7 360 M M 10 28 8 330
12 55 51 53 -3 12 0 0.00 M M 4.1 10 330 M M 10 2 12 340
13 58 50 54 -2 11 0 0.00 M M 6.0 12 180 M M 10 2 15 170
14 65 55 60 4 5 0 0.00 0.0 0 6.8 14 160 M M 8 18 31 240
15 73 57 65 9 0 0 0.00 M M 6.5 14 180 M M 4 18 17 190
16 72 59 66 10 0 1 0.01 M M 5.1 13 180 M M 9 128 17 180
17 69 60 65 10 0 0 0.01 0.0 0 5.5 14 240 M M 9 28 16 240
18 72 62 67 12 0 2 0.05 0.0 0 10.1 16 180 M M 9 18 21 190
19 69 56 63 8 2 0 0.03 0.0 0 6.9 15 340 M M 4 18 22 340
20 67 52 60 5 5 0 0.00 M M 3.4 9 180 M M 6 28 12 290
21 67 59 63 8 2 0 0.00 M M 4.8 9 230 M M 7 18 12 240
22 65 58 62 7 3 0 0.00 M M 5.1 13 170 M M 5 18 16 160
23 70 61 66 11 0 1 0.41 M M 13.6 23 160 M M 9 18 31 170
24 68 54 61 6 4 0 0.01 M M 5.1 12 160 M M 9 28 15 160
25 66 52 59 4 6 0 0.08 M M 8.9 17 160 M M 8 28 20 170
26 68 57 63 8 2 0 T M M 5.8 12 360 M M 6 28 16 360
27 71 60 66 11 0 1 0.00 M M 12.7 22 340 M M 0 18 30 340
28 95 59 77 23 0 12 0.00 M M 7.0 15 70 M M 1 8 22 70
29 77 58 68 14 0 3 0.00 M M 8.5 18 190 M M 7 28 21 190
30 65 56 61 7 4 0 0.00 M M 3.6 9 350 M M 10 18 14 350
================================================================================
SM 2059 1645 114 24 0.60 0.0 180.6 M 179
================================================================================
AV 68.6 54.8 6.0 FASTST M M 6 MAX(MPH)
MISC ----> 23 160 31 240
================================================================================
NOTES:
# LAST OF SEVERAL OCCURRENCES
COLUMN 17 PEAK WIND IN M.P.H.
PRELIMINARY LOCAL CLIMATOLOGICAL DATA (WS FORM: F-6) , PAGE 2
STATION: CRESCENT CITY CA
MONTH: SEPTEMBER
YEAR: 2020
LATITUDE: 41 46 N
LONGITUDE: 124 14 W
[TEMPERATURE DATA] [PRECIPITATION DATA] SYMBOLS USED IN COLUMN 16
AVERAGE MONTHLY: 61.7 TOTAL FOR MONTH: 0.60 1 = FOG OR MIST
DPTR FM NORMAL: 6.2 DPTR FM NORMAL: -0.33 2 = FOG REDUCING VISIBILITY
HIGHEST: 95 ON 28 GRTST 24HR 0.42 ON 23-24 TO 1/4 MILE OR LESS
LOWEST: 48 ON 5 3 = THUNDER
SNOW, ICE PELLETS, HAIL 4 = ICE PELLETS
TOTAL MONTH: 0.0 INCH 5 = HAIL
GRTST 24HR 0.0 6 = FREEZING RAIN OR DRIZZLE
GRTST DEPTH: 0 7 = DUSTSTORM OR SANDSTORM:
VSBY 1/2 MILE OR LESS
8 = SMOKE OR HAZE
[NO. OF DAYS WITH] [WEATHER - DAYS WITH] 9 = BLOWING SNOW
X = TORNADO
MAX 32 OR BELOW: 0 0.01 INCH OR MORE: 7
MAX 90 OR ABOVE: 1 0.10 INCH OR MORE: 1
MIN 32 OR BELOW: 0 0.50 INCH OR MORE: 0
MIN 0 OR BELOW: 0 1.00 INCH OR MORE: 0
[HDD (BASE 65) ]
TOTAL THIS MO. 114 CLEAR (SCALE 0-3) 5
DPTR FM NORMAL -170 PTCLDY (SCALE 4-7) 11
TOTAL FM JUL 1 555 CLOUDY (SCALE 8-10) 14
DPTR FM NORMAL -248
[CDD (BASE 65) ]
TOTAL THIS MO. 24
DPTR FM NORMAL 24 [PRESSURE DATA]
TOTAL FM JAN 1 28 HIGHEST SLP 30.22 ON 26
DPTR FM NORMAL 28 LOWEST SLP 29.67 ON 8
[REMARKS]
#FINAL-09-20#