000
CXUS52 KCHS 010815
CF6CHS
PRELIMINARY LOCAL CLIMATOLOGICAL DATA (WS FORM: F-6)
STATION: NORTH CHARLESTON SC
MONTH: JULY
YEAR: 2021
LATITUDE: 32 54 N
LONGITUDE: 80 2 W
TEMPERATURE IN F: :PCPN: SNOW: WIND :SUNSHINE: SKY :PK WND
================================================================================
1 2 3 4 5 6A 6B 7 8 9 10 11 12 13 14 15 16 17 18
12Z AVG MX 2MIN
DY MAX MIN AVG DEP HDD CDD WTR SNW DPTH SPD SPD DIR MIN PSBL S-S WX SPD DR
================================================================================
1 88 73 81 -1 0 16 0.00 0.0 0 7.7 21 200 M M 7 1 25 190
2 85 74 80 -2 0 15 T 0.0 0 7.4 16 290 M M 7 21 290
3 86 69 78 -4 0 13 T 0.0 0 5.5 14 10 M M 5 16 20
4 87 63 75 -7 0 10 0.00 0.0 0 3.7 13 170 M M 3 8 16 150
5 88 67 78 -4 0 13 0.00 0.0 0 5.1 15 140 M M 4 1 20 160
6 86 70 78 -4 0 13 0.09 0.0 0 6.4 15 190 M M 6 3 18 190
7 87 75 81 -1 0 16 0.14 0.0 0 9.6 18 160 M M 9 1 24 170
8 88 71 80 -2 0 15 3.98 0.0 0 14.6 33 170 M M 8 13 47 150
9 92 74 83 1 0 18 T 0.0 0 9.7 29 340 M M 5 3 34 340
10 91 71 81 -1 0 16 0.00 0.0 0 7.4 16 210 M M 4 3 20 210
11 90 73 82 0 0 17 T 0.0 0 9.2 18 180 M M 4 23 190
12 90 74 82 -1 0 17 0.05 0.0 0 8.5 20 170 M M 4 3 24 160
13 86 75 81 -2 0 16 T 0.0 0 5.1 16 140 M M 5 3 18 130
14 89 73 81 -2 0 16 0.01 0.0 0 5.1 15 230 M M 3 1 20 230
15 90 73 82 -1 0 17 0.00 0.0 0 5.5 15 220 M M 5 13 21 170
16 91 74 83 0 0 18 0.22 0.0 0 7.8 17 170 M M 5 3 21 160
17 90 75 83 0 0 18 0.00 0.0 0 7.5 16 170 M M 5 3 21 180
18 91 73 82 -1 0 17 0.03 0.0 0 5.0 16 200 M M 6 13 20 210
19 88 72 80 -3 0 15 0.31 0.0 0 6.9 25 310 M M 8 13 33 300
20 85 72 79 -4 0 14 0.53 0.0 0 5.9 29 220 M M 8 13 36 220
21 88 72 80 -3 0 15 T 0.0 0 7.0 15 280 M M 7 20 260
22 90 75 83 0 0 18 0.02 0.0 0 4.9 17 50 M M 6 3 21 50
23 90 73 82 -1 0 17 0.00 0.0 0 7.1 17 80 M M 5 12 22 100
24 88 71 80 -3 0 15 0.00 0.0 0 7.7 18 120 M M 1 24 110
25 89 69 79 -4 0 14 0.00 0.0 0 6.3 15 130 M M 3 21 140
26 87 74 81 -2 0 16 0.08 0.0 0 7.1 15 160 M M 5 13 20 150
27 88 76 82 -1 0 17 1.29 0.0 0 5.5 14 160 M M 7 13 19 170
28 86 74 80 -3 0 15 1.03 0.0 0 4.8 18 280 M M 8 13 22 280
29 93 73 83 0 0 18 0.00 0.0 0 4.6 16 180 M M 3 1 18 190
30 94 76 85 2 0 20 0.00 0.0 0 9.7 17 210 M M 4 21 210
31 95 75 85 2 0 20 0.07 0.0 0 8.6 26 260 M M 6 13 35 260
================================================================================
SM 2756 2249 0 495 7.85 0.0 216.9 M 166
================================================================================
AV 88.9 72.5 7.0 FASTST M M 5 MAX(MPH)
MISC ----> 33 170 47 150
================================================================================
NOTES:
# LAST OF SEVERAL OCCURRENCES
COLUMN 17 PEAK WIND IN M.P.H.
PRELIMINARY LOCAL CLIMATOLOGICAL DATA (WS FORM: F-6) , PAGE 2
STATION: NORTH CHARLESTON SC
MONTH: JULY
YEAR: 2021
LATITUDE: 32 54 N
LONGITUDE: 80 2 W
[TEMPERATURE DATA] [PRECIPITATION DATA] SYMBOLS USED IN COLUMN 16
AVERAGE MONTHLY: 80.7 TOTAL FOR MONTH: 7.85 1 = FOG OR MIST
DPTR FM NORMAL: -1.8 DPTR FM NORMAL: 1.25 2 = FOG REDUCING VISIBILITY
HIGHEST: 95 ON 31 GRTST 24HR 4.12 ON 7- 8 TO 1/4 MILE OR LESS
LOWEST: 63 ON 4 3 = THUNDER
SNOW, ICE PELLETS, HAIL 4 = ICE PELLETS
TOTAL MONTH: 0.0 INCH 5 = HAIL
GRTST 24HR 0.0 6 = FREEZING RAIN OR DRIZZLE
GRTST DEPTH: 0 7 = DUSTSTORM OR SANDSTORM:
VSBY 1/2 MILE OR LESS
8 = SMOKE OR HAZE
[NO. OF DAYS WITH] [WEATHER - DAYS WITH] 9 = BLOWING SNOW
X = TORNADO
MAX 32 OR BELOW: 0 0.01 INCH OR MORE: 14
MAX 90 OR ABOVE: 13 0.10 INCH OR MORE: 7
MIN 32 OR BELOW: 0 0.50 INCH OR MORE: 4
MIN 0 OR BELOW: 0 1.00 INCH OR MORE: 3
[HDD (BASE 65) ]
TOTAL THIS MO. 0 CLEAR (SCALE 0-3) 3
DPTR FM NORMAL 0 PTCLDY (SCALE 4-7) 27
TOTAL FM JUL 1 0 CLOUDY (SCALE 8-10) 1
DPTR FM NORMAL 0
[CDD (BASE 65) ]
TOTAL THIS MO. 495
DPTR FM NORMAL -47 [PRESSURE DATA]
TOTAL FM JAN 1 1313 HIGHEST SLP 30.31 ON 13
DPTR FM NORMAL -70 LOWEST SLP 29.79 ON 3
[REMARKS]
#FINAL-07-21#