000
CXUS52 KCHS 011514
CF6CHS
PRELIMINARY LOCAL CLIMATOLOGICAL DATA (WS FORM: F-6)
STATION: NORTH CHARLESTON SC
MONTH: MARCH
YEAR: 2021
LATITUDE: 32 54 N
LONGITUDE: 80 2 W
TEMPERATURE IN F: :PCPN: SNOW: WIND :SUNSHINE: SKY :PK WND
================================================================================
1 2 3 4 5 6A 6B 7 8 9 10 11 12 13 14 15 16 17 18
12Z AVG MX 2MIN
DY MAX MIN AVG DEP HDD CDD WTR SNW DPTH SPD SPD DIR MIN PSBL S-S WX SPD DR
================================================================================
1 81 64 73 18 0 8 0.00 0.0 0 11.1 25 280 M M 7 36 280
2 65 44 55 0 10 0 0.35 0.0 0 9.6 18 350 M M 10 1 22 360
3 60 44 52 -3 13 0 1.25 0.0 0 10.4 24 360 M M 8 1 31 10
4 71 40 56 1 9 0 0.00 0.0 0 4.4 15 350 M M 0 19 340
5 63 40 52 -4 13 0 0.00 0.0 0 6.9 18 30 M M 3 22 30
6 54 35 45 -11 20 0 T T 0 7.1 15 30 M M 8 4 19 20
7 59 32 46 -10 19 0 0.00 0.0 0 8.8 22 340 M M 1 28 360
8 64 28 46 -10 19 0 0.00 0.0 0 4.3 13 160 M M 0 18 20
9 70 33 52 -5 13 0 0.00 0.0 0 4.2 17 180 M M 2 22 210
10 73 39 56 -1 9 0 0.00 0.0 0 3.8 15 160 M M 3 1 20 160
11 74 46 60 3 5 0 0.00 0.0 0 5.6 16 170 M M 3 1 24 170
12 80 49 65 8 0 0 0.00 0.0 0 6.0 17 210 M M 2 1 20 200
13 78 53 66 8 0 1 0.00 0.0 0 7.8 21 120 M M 3 25 110
14 80 55 68 10 0 3 0.00 0.0 0 4.2 12 150 M M 6 1 14 140
15 66 54 60 2 5 0 0.00 0.0 0 11.0 25 100 M M 8 18 34 60
16 61 53 57 -1 8 0 0.24 0.0 0 6.3 14 360 M M 10 1 17 30
17 70 51 61 3 4 0 T 0.0 0 7.0 17 350 M M 9 1 26 350
18 74 59 67 8 0 2 0.24 0.0 0 13.7 32 210 M M 8 13 43 220
19 65 44 55 -4 10 0 0.00 0.0 0 14.4 21 30 M M 6 25 40
20 60 42 51 -8 14 0 0.02 0.0 0 13.8 21 20 M M 9 28 20
21 67 46 57 -2 8 0 0.25 0.0 0 15.5 28 60 M M 10 1 37 70
22 76 53 65 5 0 0 0.00 0.0 0 12.3 21 40 M M 4 29 360
23 75 54 65 5 0 0 0.00 0.0 0 6.3 15 40 M M 6 19 30
24 79 59 69 9 0 4 0.00 0.0 0 5.9 16 200 M M 7 22 200
25 81 61 71 11 0 6 0.00 0.0 0 10.2 22 200 M M 7 1 27 200
26 86 65 76 16 0 11 T 0.0 0 12.7 25 220 M M 7 3 31 220
27 87 64 76 15 0 11 0.00 0.0 0 9.3 22 200 M M 6 1 27 200
28 83 63 73 12 0 8 0.08 0.0 0 14.2 25 210 M M 7 18 31 210
29 68 51 60 -1 5 0 0.00 0.0 0 8.8 14 150 M M 3 18 50
30 75 44 60 -1 5 0 0.00 0.0 0 8.9 17 120 M M 6 24 120
31 82 62 72 10 0 7 0.38 0.0 0 10.2 28 210 M M 8 13 33 210
================================================================================
SM 2227 1527 189 61 2.81 T 274.7 M 177
================================================================================
AV 71.8 49.3 8.9 FASTST M M 6 MAX(MPH)
MISC ----> 32 210 43 220
================================================================================
NOTES:
# LAST OF SEVERAL OCCURRENCES
COLUMN 17 PEAK WIND IN M.P.H.
PRELIMINARY LOCAL CLIMATOLOGICAL DATA (WS FORM: F-6) , PAGE 2
STATION: NORTH CHARLESTON SC
MONTH: MARCH
YEAR: 2021
LATITUDE: 32 54 N
LONGITUDE: 80 2 W
[TEMPERATURE DATA] [PRECIPITATION DATA] SYMBOLS USED IN COLUMN 16
AVERAGE MONTHLY: 60.5 TOTAL FOR MONTH: 2.81 1 = FOG OR MIST
DPTR FM NORMAL: 2.4 DPTR FM NORMAL: -0.90 2 = FOG REDUCING VISIBILITY
HIGHEST: 87 ON 27 GRTST 24HR 1.59 ON 2- 3 TO 1/4 MILE OR LESS
LOWEST: 28 ON 8 3 = THUNDER
SNOW, ICE PELLETS, HAIL 4 = ICE PELLETS
TOTAL MONTH: T 5 = HAIL
GRTST 24HR T ON 6- 6 6 = FREEZING RAIN OR DRIZZLE
GRTST DEPTH: 0 7 = DUSTSTORM OR SANDSTORM:
VSBY 1/2 MILE OR LESS
8 = SMOKE OR HAZE
[NO. OF DAYS WITH] [WEATHER - DAYS WITH] 9 = BLOWING SNOW
X = TORNADO
MAX 32 OR BELOW: 0 0.01 INCH OR MORE: 8
MAX 90 OR ABOVE: 0 0.10 INCH OR MORE: 6
MIN 32 OR BELOW: 2 0.50 INCH OR MORE: 1
MIN 0 OR BELOW: 0 1.00 INCH OR MORE: 1
[HDD (BASE 65) ]
TOTAL THIS MO. 189 CLEAR (SCALE 0-3) 7
DPTR FM NORMAL -50 PTCLDY (SCALE 4-7) 19
TOTAL FM JUL 1 1590 CLOUDY (SCALE 8-10) 5
DPTR FM NORMAL -286
[CDD (BASE 65) ]
TOTAL THIS MO. 61
DPTR FM NORMAL 34 [PRESSURE DATA]
TOTAL FM JAN 1 77 HIGHEST SLP 30.60 ON 9
DPTR FM NORMAL 43 LOWEST SLP 29.66 ON 18
[REMARKS]
#FINAL-03-21#