000
CXUS55 KOHX 011110
CF6CKV
PRELIMINARY LOCAL CLIMATOLOGICAL DATA (WS FORM: F-6)
STATION: CLARKSVILLE
MONTH: MAY
YEAR: 2021
LATITUDE: 36 37 N
LONGITUDE: 87 25 W
TEMPERATURE IN F: :PCPN: SNOW: WIND :SUNSHINE: SKY :PK WND
================================================================================
1 2 3 4 5 6A 6B 7 8 9 10 11 12 13 14 15 16 17 18
12Z AVG MX 2MIN
DY MAX MIN AVG DEP HDD CDD WTR SNW DPTH SPD SPD DIR MIN PSBL S-S WX SPD DR
================================================================================
1 78 46 62 -1 3 0 0.00 M M 5.2 12 190 M M 0 17 230
2 71 54 63 0 2 0 0.81 M M 4.9 13 160 M M 7 1 25 120
3 80 64 72 8 0 7 0.22 M M 7.3 16 240 M M 7 13 26 200
4 77 59 68 4 0 3 0.47 M M 8.6 32 280 M M 7 13 46 280
5 66 46 56 -8 9 0 0.06 M M 9.1 18 340 M M 7 8 25 330
6 69 41 55 -9 10 0 0.47 M M 4.5 37 320 M M 2 13 52 320
7 69 43 56 -9 9 0 0.00 M M 8.2 18 320 M M 1 26 310
8 65 53 59 -6 6 0 0.00 M M 6.5 14 350 M M 6 18 350
9 70 50 60 -5 5 0 1.28 M M 11.7 26 200 M M 8 13 37 200
10 61 48 55 -11 10 0 0.00 M M 4.8 13 360 M M 9 17 60
11 70 43 57 -9 8 0 T M M 8.5 17 40 M M 5 12 24 20
12 68 48 58 -8 7 0 0.00 M M 11.1 21 50 M M 3 29 10
13 69 44 57 -9 8 0 0.00 M M 6.1 16 70 M M 1 23 50
14 72 40 56 -11 9 0 0.00 M M 2.9 14 50 M M 0 22 50
15 76 42 59 -8 6 0 0.01 M M 3.8 14 20 M M 3 1 17 20
16 78 58 68 1 0 3 0.01 M M 3.7 13 190 M M 6 16 180
17 76 55 66 -2 0 1 0.00 M M 5.8 14 190 M M 3 19 190
18 78 62 70 2 0 5 0.07 M M 7.6 18 140 M M 7 1 28 170
19 81 65 73 5 0 8 T M M 10.6 21 130 M M 4 30 140
20 83 64 74 6 0 9 0.00 M M 9.0 21 130 M M 0 28 120
21 83 60 72 3 0 7 0.00 M M 6.4 17 190 M M 0 28 190
22 87 60 74 5 0 9 0.00 M M 1.6 9 130 M M 1 1 13 200
23 87 58 73 4 0 8 0.00 M M 1.9 9 260 M M 1 128 13 50
24 88 60 74 4 0 9 0.00 M M 2.4 9 190 M M 1 18 14 250
25 89 65 77 7 0 12 0.00 M M 5.3 17 200 M M 0 1 23 190
26 76 61 69 -1 0 4 0.05 M M 4.0 13 280 M M 5 12 19 210
27 85 61 73 3 0 8 0.24 M M 4.6 24 330 M M 5 12 30 330
28 81 54 68 -3 0 3 0.16 M M 10.1 31 330 M M 8 1 42 330
29 60 52 56 -15 9 0 T M M 10.9 18 360 M M 10 1 24 320
30 73 50 62 -9 3 0 0.00 M M 6.1 16 350 M M 2 23 50
31 77 47 62 -10 3 0 0.00 M M 1.8 8 270 M M 0 13 250
================================================================================
SM 2343 1653 107 96 3.85 M 195.0 M 119
================================================================================
AV 75.6 53.3 6.3 FASTST M M 4 MAX(MPH)
MISC ----> 37 320 52 320
================================================================================
NOTES:
# LAST OF SEVERAL OCCURRENCES
COLUMN 17 PEAK WIND IN M.P.H.
PRELIMINARY LOCAL CLIMATOLOGICAL DATA (WS FORM: F-6) , PAGE 2
STATION: CLARKSVILLE
MONTH: MAY
YEAR: 2021
LATITUDE: 36 37 N
LONGITUDE: 87 25 W
[TEMPERATURE DATA] [PRECIPITATION DATA] SYMBOLS USED IN COLUMN 16
AVERAGE MONTHLY: 64.5 TOTAL FOR MONTH: 3.85 1 = FOG OR MIST
DPTR FM NORMAL: -2.8 DPTR FM NORMAL: -1.05 2 = FOG REDUCING VISIBILITY
HIGHEST: 89 ON 25 GRTST 24HR 1.28 ON 9- 9 TO 1/4 MILE OR LESS
LOWEST: 40 ON 14 3 = THUNDER
SNOW, ICE PELLETS, HAIL 4 = ICE PELLETS
TOTAL MONTH: M 5 = HAIL
GRTST 24HR M ON M 6 = FREEZING RAIN OR DRIZZLE
GRTST DEPTH: M ON M 7 = DUSTSTORM OR SANDSTORM:
VSBY 1/2 MILE OR LESS
8 = SMOKE OR HAZE
[NO. OF DAYS WITH] [WEATHER - DAYS WITH] 9 = BLOWING SNOW
X = TORNADO
MAX 32 OR BELOW: 0 0.01 INCH OR MORE: 12
MAX 90 OR ABOVE: 0 0.10 INCH OR MORE: 7
MIN 32 OR BELOW: 0 0.50 INCH OR MORE: 2
MIN 0 OR BELOW: 0 1.00 INCH OR MORE: 1
[HDD (BASE 65) ]
TOTAL THIS MO. 107 CLEAR (SCALE 0-3) 16
DPTR FM NORMAL 42 PTCLDY (SCALE 4-7) 13
TOTAL FM JUL 1 3802 CLOUDY (SCALE 8-10) 2
DPTR FM NORMAL -83
[CDD (BASE 65) ]
TOTAL THIS MO. 96
DPTR FM NORMAL -38 [PRESSURE DATA]
TOTAL FM JAN 1 117 HIGHEST SLP 30.41 ON 22
DPTR FM NORMAL -58 LOWEST SLP 29.61 ON 3
[REMARKS]
#FINAL-05-21#