000
CXUS54 KHGX 020713
CF6CLL
PRELIMINARY LOCAL CLIMATOLOGICAL DATA (WS FORM: F-6)
STATION: COLLEGE STATION
MONTH: MAY
YEAR: 2022
LATITUDE: 30 34 N
LONGITUDE: 96 22 W
TEMPERATURE IN F: :PCPN: SNOW: WIND :SUNSHINE: SKY :PK WND
================================================================================
1 2 3 4 5 6A 6B 7 8 9 10 11 12 13 14 15 16 17 18
12Z AVG MX 2MIN
DY MAX MIN AVG DEP HDD CDD WTR SNW DPTH SPD SPD DIR MIN PSBL S-S WX SPD DR
================================================================================
1 88 69 79 7 0 14 0.03 0.0 0 8.1 15 150 M M 5 13 19 140
2 91 75 83 11 0 18 0.00 0.0 0 15.4 26 170 M M 6 36 170
3 91 75 83 10 0 18 0.00 0.0 0 9.9 20 170 M M 5 25 180
4 90 74 82 9 0 17 0.00 0.0 0 12.7 24 160 M M 6 18 32 130
5 87 65 76 3 0 11 0.93 0.0 0 10.4 25 160 M M 6 123 36 170
6 89 61 75 1 0 10 0.00 0.0 0 5.8 12 130 M M 3 12 16 140
7 92 75 84 10 0 19 0.00 0.0 0 10.6 20 170 M M 4 1 27 160
8 95 76 86 12 0 21 0.00 0.0 0 15.3 23 160 M M 4 18 33 150
9 94 77 86 12 0 21 0.00 0.0 0 14.5 22 140 M M 5 31 160
10 93 76 85 10 0 20 0.00 0.0 0 12.3 20 140 M M 4 26 130
11 92 74 83 8 0 18 0.00 0.0 0 9.2 16 160 M M 3 1 23 160
12 92 69 81 6 0 16 0.00 0.0 0 9.5 18 140 M M 0 23 160
13 89 67 78 2 0 13 0.00 0.0 0 8.3 15 140 M M 1 21 180
14 91 70 81 5 0 16 0.00 0.0 0 6.7 15 130 M M 2 23 150
15 93 71 82 6 0 17 0.00 0.0 0 8.1 18 170 M M 2 25 170
16 92 73 83 7 0 18 T 0.0 0 7.4 20 20 M M 2 29 30
17 95 73 84 7 0 19 0.00 0.0 0 10.6 23 160 M M 2 29 160
18 98 75 87 10 0 22 0.00 0.0 0 15.2 25 160 M M 3 38 190
19 94 74 84 7 0 19 0.00 0.0 0 14.7 26 170 M M 3 34 170
20 96 76 86 8 0 21 0.00 0.0 0 16.7 29 130 M M 4 39 160
21 98 78 88 10 0 23 0.00 0.0 0 12.7 23 140 M M 5 138 31 150
22 78 63 71 -7 0 6 0.78 0.0 0 10.0 32 260 M M 8 13 43 260
23 85 67 76 -2 0 11 T 0.0 0 7.9 18 90 M M 5 28 80
24 86 67 77 -2 0 12 0.00 0.0 0 10.4 24 320 M M 4 38 35 320
25 81 64 73 -6 0 8 0.72 0.0 0 7.9 26 250 M M 3 13 36 250
26 93 60 77 -2 0 12 0.00 0.0 0 6.4 20 260 M M 0 25 260
27 95 67 81 2 0 16 0.00 0.0 0 5.7 13 240 M M 0 18 260
28 96 68 82 2 0 17 0.00 0.0 0 10.6 17 150 M M 0 24 150
29 95 76 86 6 0 21 0.00 0.0 0 15.5 26 170 M M 5 36 160
30 95 77 86 6 0 21 T 0.0 0 17.8 28 160 M M 4 40 160
31 96 79 88 8 0 23 0.00 0.0 0 14.0 21 130 M M 5 27 140
================================================================================
SM 2840 2211 0 518 2.46 0.0 340.3 M 109
================================================================================
AV 91.6 71.3 11.0 FASTST M M 4 MAX(MPH)
MISC ----> 32 260 43 260
================================================================================
NOTES:
# LAST OF SEVERAL OCCURRENCES
COLUMN 17 PEAK WIND IN M.P.H.
PRELIMINARY LOCAL CLIMATOLOGICAL DATA (WS FORM: F-6) , PAGE 2
STATION: COLLEGE STATION
MONTH: MAY
YEAR: 2022
LATITUDE: 30 34 N
LONGITUDE: 96 22 W
[TEMPERATURE DATA] [PRECIPITATION DATA] SYMBOLS USED IN COLUMN 16
AVERAGE MONTHLY: 81.5 TOTAL FOR MONTH: 2.46 1 = FOG OR MIST
DPTR FM NORMAL: 5.1 DPTR FM NORMAL: -2.14 2 = FOG REDUCING VISIBILITY
HIGHEST: 98 ON 21,18 GRTST 24HR 0.93 ON 5- 5 TO 1/4 MILE OR LESS
LOWEST: 60 ON 26 3 = THUNDER
SNOW, ICE PELLETS, HAIL 4 = ICE PELLETS
TOTAL MONTH: 0.0 INCH 5 = HAIL
GRTST 24HR 0.0 6 = FREEZING RAIN OR DRIZZLE
GRTST DEPTH: 0 7 = DUSTSTORM OR SANDSTORM:
VSBY 1/2 MILE OR LESS
8 = SMOKE OR HAZE
[NO. OF DAYS WITH] [WEATHER - DAYS WITH] 9 = BLOWING SNOW
X = TORNADO
MAX 32 OR BELOW: 0 0.01 INCH OR MORE: 4
MAX 90 OR ABOVE: 23 0.10 INCH OR MORE: 3
MIN 32 OR BELOW: 0 0.50 INCH OR MORE: 3
MIN 0 OR BELOW: 0 1.00 INCH OR MORE: 0
[HDD (BASE 65) ]
TOTAL THIS MO. 0 CLEAR (SCALE 0-3) 13
DPTR FM NORMAL -3 PTCLDY (SCALE 4-7) 18
TOTAL FM JUL 1 1294 CLOUDY (SCALE 8-10) 0
DPTR FM NORMAL -248
[CDD (BASE 65) ]
TOTAL THIS MO. 518
DPTR FM NORMAL 163 [PRESSURE DATA]
TOTAL FM JAN 1 841 HIGHEST SLP 30.18 ON 22
DPTR FM NORMAL 232 LOWEST SLP 29.59 ON 20
[REMARKS]
#FINAL-05-22#