000
CXUS54 KHGX 011535
CF6CLL
PRELIMINARY LOCAL CLIMATOLOGICAL DATA (WS FORM: F-6)
STATION: COLLEGE STATION
MONTH: FEBRUARY
YEAR: 2022
LATITUDE: 30 34 N
LONGITUDE: 96 22 W
TEMPERATURE IN F: :PCPN: SNOW: WIND :SUNSHINE: SKY :PK WND
================================================================================
1 2 3 4 5 6A 6B 7 8 9 10 11 12 13 14 15 16 17 18
12Z AVG MX 2MIN
DY MAX MIN AVG DEP HDD CDD WTR SNW DPTH SPD SPD DIR MIN PSBL S-S WX SPD DR
================================================================================
1 66 56 61 8 4 0 T 0.0 0 4.9 10 40 M M 10 1 13 50
2 61 38 50 -3 15 0 0.04 0.0 0 9.2 26 330 M M 7 12 34 330
3 38 26 32 -21 33 0 1.52 T 0 17.4 25 330 M M 10 136 35 350
4 37 23 30 -23 35 0 0.00 0.0 0 14.5 23 350 M M 7 33 340
5 49 22 36 -18 29 0 0.00 0.0 0 2.3 10 210 M M 0 14 200
6 59 28 44 -10 21 0 0.00 0.0 0 2.2 12 160 M M 0 15 160
7 63 36 50 -4 15 0 0.00 0.0 0 7.5 20 340 M M 0 27 330
8 65 30 48 -6 17 0 0.00 0.0 0 3.4 13 260 M M 0 16 170
9 72 37 55 1 10 0 0.00 0.0 0 5.0 14 230 M M 0 18 240
10 73 39 56 2 9 0 0.00 0.0 0 4.7 14 220 M M 0 19 250
11 75 43 59 5 6 0 0.00 0.0 0 8.3 17 180 M M 0 25 170
12 56 34 45 -10 20 0 0.19 0.0 0 12.6 32 360 M M 5 18 41 10
13 63 26 45 -10 20 0 0.00 0.0 0 4.3 13 260 M M 0 8 19 300
14 70 38 54 -1 11 0 0.00 0.0 0 7.8 17 160 M M 0 22 150
15 77 44 61 6 4 0 T 0.0 0 12.5 28 170 M M 4 39 160
16 76 62 69 13 0 4 0.02 0.0 0 16.4 29 170 M M 10 1 38 170
17 74 37 56 0 9 0 0.04 0.0 0 17.0 30 320 M M 5 1 42 330
18 58 35 47 -9 18 0 0.00 0.0 0 10.3 21 350 M M 0 28 350
19 69 37 53 -3 12 0 0.00 0.0 0 3.5 10 30 M M 0 14 50
20 68 40 54 -2 11 0 T 0.0 0 8.3 18 160 M M 4 1 26 140
21 84 60 72 15 0 7 0.02 0.0 0 15.6 31 170 M M 7 1 46 180
22 82 51 67 10 0 2 T 0.0 0 13.1 28 180 M M 8 39 170
23 52 31 42 -15 23 0 0.07 T 0 15.5 22 340 M M 10 16 30 350
24 36 32 34 -23 31 0 0.03 T 0 11.7 20 360 M M 10 16 26 10
25 40 32 36 -22 29 0 0.11 0.0 0 12.7 22 360 M M 10 1 28 360
26 42 37 40 -18 25 0 0.24 0.0 0 9.8 15 30 M M 10 1 20 40
27 60 40 50 -8 15 0 T 0.0 0 11.5 22 360 M M 4 1 29 20
28 67 32 50 -8 15 0 0.00 0.0 0 2.5 12 250 M M 0 16 270
================================================================================
SM 1732 1046 437 13 2.28 T 264.5 M 121
================================================================================
AV 61.9 37.4 9.4 FASTST M M 4 MAX(MPH)
MISC ----> 32 360 46 180
================================================================================
NOTES:
# LAST OF SEVERAL OCCURRENCES
COLUMN 17 PEAK WIND IN M.P.H.
PRELIMINARY LOCAL CLIMATOLOGICAL DATA (WS FORM: F-6) , PAGE 2
STATION: COLLEGE STATION
MONTH: FEBRUARY
YEAR: 2022
LATITUDE: 30 34 N
LONGITUDE: 96 22 W
[TEMPERATURE DATA] [PRECIPITATION DATA] SYMBOLS USED IN COLUMN 16
AVERAGE MONTHLY: 49.6 TOTAL FOR MONTH: 2.28 1 = FOG OR MIST
DPTR FM NORMAL: -5.7 DPTR FM NORMAL: -0.62 2 = FOG REDUCING VISIBILITY
HIGHEST: 84 ON 21 GRTST 24HR 2.33 ON 31- 1 TO 1/4 MILE OR LESS
LOWEST: 22 ON 5 3 = THUNDER
SNOW, ICE PELLETS, HAIL 4 = ICE PELLETS
TOTAL MONTH: T 5 = HAIL
GRTST 24HR T ON 3- 3 6 = FREEZING RAIN OR DRIZZLE
GRTST DEPTH: 0 7 = DUSTSTORM OR SANDSTORM:
VSBY 1/2 MILE OR LESS
8 = SMOKE OR HAZE
[NO. OF DAYS WITH] [WEATHER - DAYS WITH] 9 = BLOWING SNOW
X = TORNADO
MAX 32 OR BELOW: 0 0.01 INCH OR MORE: 10
MAX 90 OR ABOVE: 0 0.10 INCH OR MORE: 4
MIN 32 OR BELOW: 10 0.50 INCH OR MORE: 1
MIN 0 OR BELOW: 0 1.00 INCH OR MORE: 1
[HDD (BASE 65) ]
TOTAL THIS MO. 437 CLEAR (SCALE 0-3) 12
DPTR FM NORMAL 144 PTCLDY (SCALE 4-7) 9
TOTAL FM JUL 1 1129 CLOUDY (SCALE 8-10) 7
DPTR FM NORMAL -212
[CDD (BASE 65) ]
TOTAL THIS MO. 13
DPTR FM NORMAL -9 [PRESSURE DATA]
TOTAL FM JAN 1 13 HIGHEST SLP 30.65 ON 5
DPTR FM NORMAL -23 LOWEST SLP 29.74 ON 17
[REMARKS]
#FINAL-02-22#