300
CXUS54 KHGX 011510
CF6CLL
PRELIMINARY LOCAL CLIMATOLOGICAL DATA (WS FORM: F-6)
STATION: COLLEGE STATION
MONTH: FEBRUARY
YEAR: 2021
LATITUDE: 30 34 N
LONGITUDE: 96 22 W
TEMPERATURE IN F: :PCPN: SNOW: WIND :SUNSHINE: SKY :PK WND
================================================================================
1 2 3 4 5 6A 6B 7 8 9 10 11 12 13 14 15 16 17 18
12Z AVG MX 2MIN
DY MAX MIN AVG DEP HDD CDD WTR SNW DPTH SPD SPD DIR MIN PSBL S-S WX SPD DR
================================================================================
1 65 40 53 1 12 0 0.00 0.0 0 9.1 17 360 M M 0 22 360
2 67 38 53 1 12 0 0.00 0.0 0 5.3 14 150 M M 0 8 18 140
3 73 45 59 7 6 0 0.00 0.0 0 11.6 22 160 M M 1 28 180
4 80 53 67 14 0 2 0.00 0.0 0 13.9 25 210 M M 6 33 210
5 54 46 50 -3 15 0 0.08 0.0 0 8.5 16 50 M M 5 20 50
6 73 45 59 6 6 0 0.00 0.0 0 8.6 26 310 M M 6 18 33 310
7 66 38 52 -1 13 0 0.00 0.0 0 8.9 17 150 M M 0 23 140
8 73 50 62 9 3 0 0.00 0.0 0 10.3 22 160 M M 4 1 27 190
9 63 48 56 3 9 0 T 0.0 0 7.9 16 360 M M 10 128 18 360
10 49 38 44 -10 21 0 0.01 0.0 0 11.9 18 350 M M 10 18 23 350
11 38 32 35 -19 30 0 0.14 0.0 0 15.6 22 360 M M 10 1 28 10
12 33 30 32 -22 33 0 T 0.0 0 17.0 24 360 M M 10 168 30 360
13 33 28 31 -23 34 0 T 0.0 0 15.1 22 360 M M 10 168 27 10
14 31 17 24 -30 41 0 T T 0 16.7 25 360 M M 10 1368 31 330
15 20 9 15 -39 50 0 0.43 3.0 T 14.3 26 340 M M 6 19 38 350
16 27 5 16 -39 49 0 0.01 T 2 5.4 10 350 M M 4 13 70
17 34 26 30 -25 35 0 1.09 T 0 12.9 26 110 M M 10 168 30 110
18 33 26 30 -25 35 0 T T 0 13.5 21 360 M M 9 16 26 360
19 41 20 31 -24 34 0 0.00 0.0 0 5.2 13 320 M M 0 18 330
20 61 28 45 -11 20 0 0.00 0.0 0 8.7 20 160 M M 0 18 26 170
21 73 43 58 2 7 0 T 0.0 0 10.6 23 200 M M 6 29 170
22 74 44 59 3 6 0 0.00 0.0 0 4.6 17 360 M M 1 20 10
23 79 42 61 5 4 0 0.00 0.0 0 9.3 22 170 M M 0 28 190
24 81 58 70 14 0 5 0.00 0.0 0 8.7 18 230 M M 7 1 23 220
25 68 55 62 5 3 0 0.03 0.0 0 7.2 16 300 M M 10 18 23 140
26 70 50 60 3 5 0 0.06 0.0 0 5.1 17 300 M M 9 18 22 290
27 81 60 71 14 0 6 T 0.0 0 11.6 25 170 M M 9 1 32 180
28 83 60 72 14 0 7 T 0.0 0 12.4 24 170 M M 8 30 160
================================================================================
SM 1623 1074 483 20 1.85 3.0 289.9 M 161
================================================================================
AV 58.0 38.4 10.4 FASTST M M 6 MAX(MPH)
MISC ----> # 26 310 38 350
================================================================================
NOTES:
# LAST OF SEVERAL OCCURRENCES
COLUMN 17 PEAK WIND IN M.P.H.
PRELIMINARY LOCAL CLIMATOLOGICAL DATA (WS FORM: F-6) , PAGE 2
STATION: COLLEGE STATION
MONTH: FEBRUARY
YEAR: 2021
LATITUDE: 30 34 N
LONGITUDE: 96 22 W
[TEMPERATURE DATA] [PRECIPITATION DATA] SYMBOLS USED IN COLUMN 16
AVERAGE MONTHLY: 48.2 TOTAL FOR MONTH: 1.85 1 = FOG OR MIST
DPTR FM NORMAL: -6.4 DPTR FM NORMAL: -1.00 2 = FOG REDUCING VISIBILITY
HIGHEST: 83 ON 28 GRTST 24HR 1.09 ON 17-17 TO 1/4 MILE OR LESS
LOWEST: 5 ON 16 3 = THUNDER
SNOW, ICE PELLETS, HAIL 4 = ICE PELLETS
TOTAL MONTH: 3.0 INCHES 5 = HAIL
GRTST 24HR 3.0 ON 15-15 6 = FREEZING RAIN OR DRIZZLE
GRTST DEPTH: 2 ON 16 7 = DUSTSTORM OR SANDSTORM:
VSBY 1/2 MILE OR LESS
8 = SMOKE OR HAZE
[NO. OF DAYS WITH] [WEATHER - DAYS WITH] 9 = BLOWING SNOW
X = TORNADO
MAX 32 OR BELOW: 3 0.01 INCH OR MORE: 8
MAX 90 OR ABOVE: 0 0.10 INCH OR MORE: 3
MIN 32 OR BELOW: 10 0.50 INCH OR MORE: 1
MIN 0 OR BELOW: 0 1.00 INCH OR MORE: 1
[HDD (BASE 65) ]
TOTAL THIS MO. 483 CLEAR (SCALE 0-3) 8
DPTR FM NORMAL 174 PTCLDY (SCALE 4-7) 9
TOTAL FM JUL 1 1365 CLOUDY (SCALE 8-10) 11
DPTR FM NORMAL -22
[CDD (BASE 65) ]
TOTAL THIS MO. 20
DPTR FM NORMAL 3 [PRESSURE DATA]
TOTAL FM JAN 1 24 HIGHEST SLP 30.58 ON 19
DPTR FM NORMAL -12 LOWEST SLP 29.74 ON 4
[REMARKS]
#FINAL-02-21#