000
CXUS52 KGSP 011553
CF6CLT
PRELIMINARY LOCAL CLIMATOLOGICAL DATA (WS FORM: F-6)
STATION: CHARLOTTE NC
MONTH: AUGUST
YEAR: 2021
LATITUDE: 35 12 N
LONGITUDE: 80 57 W
TEMPERATURE IN F: :PCPN: SNOW: WIND :SUNSHINE: SKY :PK WND
================================================================================
1 2 3 4 5 6A 6B 7 8 9 10 11 12 13 14 15 16 17 18
12Z AVG MX 2MIN
DY MAX MIN AVG DEP HDD CDD WTR SNW DPTH SPD SPD DIR MIN PSBL S-S WX SPD DR
================================================================================
1 93 71 82 2 0 17 0.01 0.0 0 4.6 23 360 M M 5 18 31 360
2 87 64 76 -4 0 11 0.00 0.0 0 8.0 15 90 M M 4 18 24 60
3 81 69 75 -5 0 10 0.15 0.0 0 9.4 15 60 M M 8 18 29 90
4 80 64 72 -8 0 7 T 0.0 0 6.5 16 40 M M 8 18 26 40
5 87 65 76 -4 0 11 0.00 0.0 0 5.3 14 70 M M 4 1 26 70
6 86 62 74 -6 0 9 0.02 0.0 0 5.3 15 130 M M 6 1 22 80
7 88 68 78 -2 0 13 0.07 0.0 0 4.1 17 350 M M 8 18 21 340
8 92 64 78 -2 0 13 0.00 0.0 0 3.5 10 180 M M 2 1 14 180
9 93 69 81 2 0 16 0.00 0.0 0 4.9 16 190 M M 5 20 260
10 94 73 84 5 0 19 0.00 0.0 0 4.2 17 210 M M 5 13 21 200
11 95 72 84 5 0 19 0.05 0.0 0 4.9 22 80 M M 6 138 27 80
12 95 72 84 5 0 19 0.00 0.0 0 4.1 16 350 M M 4 22 360
13 96 69 83 4 0 18 1.21 0.0 0 4.8 35 120 M M 4 3 43 120
14 96 71 84 5 0 19 0.18 0.0 0 4.9 25 160 M M 7 138 32 160
15 89 71 80 1 0 15 0.12 0.0 0 5.1 23 130 M M 8 138 32 130
16 87 72 80 1 0 15 0.11 0.0 0 6.6 32 160 M M 9 13 41 170
17 86 74 80 1 0 15 0.48 0.0 0 14.2 26 140 M M 9 13 34 130
18 89 73 81 2 0 16 0.00 0.0 0 5.3 13 180 M M 6 17 170
19 94 73 84 6 0 19 0.10 0.0 0 2.9 23 300 M M 5 13 35 290
20 91 71 81 3 0 16 0.00 0.0 0 4.2 14 50 M M 5 1 18 60
21 92 70 81 3 0 16 T 0.0 0 4.8 20 200 M M 5 26 190
22 90 70 80 2 0 15 0.21 0.0 0 3.5 14 120 M M 6 18 110
23 92 71 82 4 0 17 0.00 0.0 0 3.0 13 350 M M 1 128 21 70
24 95 71 83 5 0 18 0.00 0.0 0 4.2 10 350 M M 3 18 18 70
25 94 73 84 6 0 19 0.00 0.0 0 3.7 21 130 M M 4 138 28 140
26 92 72 82 4 0 17 0.00 0.0 0 4.3 14 170 M M 5 1 18 160
27 92 71 82 5 0 17 0.00 0.0 0 3.4 12 180 M M 2 1 14 170
28 94 73 84 7 0 19 0.00 0.0 0 4.0 10 160 M M 2 1 13 140
29 93 71 82 5 0 17 0.00 0.0 0 3.6 12 190 M M 2 15 210
30 93 67 80 3 0 15 0.00 0.0 0 4.5 14 210 M M 5 18 190
31 91 72 82 5 0 17 0.31 0.0 0 8.5 22 170 M M 7 13 27 150
================================================================================
SM 2817 2168 0 484 3.02 0.0 160.3 M 160
================================================================================
AV 90.9 69.9 5.2 FASTST M M 5 MAX(MPH)
MISC ----> 35 120 43 120
================================================================================
NOTES:
# LAST OF SEVERAL OCCURRENCES
COLUMN 17 PEAK WIND IN M.P.H.
PRELIMINARY LOCAL CLIMATOLOGICAL DATA (WS FORM: F-6) , PAGE 2
STATION: CHARLOTTE NC
MONTH: AUGUST
YEAR: 2021
LATITUDE: 35 12 N
LONGITUDE: 80 57 W
[TEMPERATURE DATA] [PRECIPITATION DATA] SYMBOLS USED IN COLUMN 16
AVERAGE MONTHLY: 80.4 TOTAL FOR MONTH: 3.02 1 = FOG OR MIST
DPTR FM NORMAL: 1.8 DPTR FM NORMAL: -1.33 2 = FOG REDUCING VISIBILITY
HIGHEST: 96 ON 14,13 GRTST 24HR 1.38 ON 13-14 TO 1/4 MILE OR LESS
LOWEST: 62 ON 6 3 = THUNDER
SNOW, ICE PELLETS, HAIL 4 = ICE PELLETS
TOTAL MONTH: 0.0 INCH 5 = HAIL
GRTST 24HR 0.0 6 = FREEZING RAIN OR DRIZZLE
GRTST DEPTH: 0 7 = DUSTSTORM OR SANDSTORM:
VSBY 1/2 MILE OR LESS
8 = SMOKE OR HAZE
[NO. OF DAYS WITH] [WEATHER - DAYS WITH] 9 = BLOWING SNOW
X = TORNADO
MAX 32 OR BELOW: 0 0.01 INCH OR MORE: 13
MAX 90 OR ABOVE: 21 0.10 INCH OR MORE: 9
MIN 32 OR BELOW: 0 0.50 INCH OR MORE: 1
MIN 0 OR BELOW: 0 1.00 INCH OR MORE: 1
[HDD (BASE 65) ]
TOTAL THIS MO. 0 CLEAR (SCALE 0-3) 6
DPTR FM NORMAL 0 PTCLDY (SCALE 4-7) 23
TOTAL FM JUL 1 0 CLOUDY (SCALE 8-10) 2
DPTR FM NORMAL 0
[CDD (BASE 65) ]
TOTAL THIS MO. 484
DPTR FM NORMAL 61 [PRESSURE DATA]
TOTAL FM JAN 1 1555 HIGHEST SLP 30.22 ON 28
DPTR FM NORMAL 92 LOWEST SLP 29.72 ON 31
[REMARKS]
#FINAL-08-21#