000
CXUS53 KARX 010900
CF6CMY
PRELIMINARY LOCAL CLIMATOLOGICAL DATA (WS FORM: F-6)
STATION: SPARTA - FORT MCCOY WI
MONTH: JULY
YEAR: 2021
LATITUDE: 43 58 N
LONGITUDE: 90 44 W
TEMPERATURE IN F: :PCPN: SNOW: WIND :SUNSHINE: SKY :PK WND
================================================================================
1 2 3 4 5 6A 6B 7 8 9 10 11 12 13 14 15 16 17 18
12Z AVG MX 2MIN
DY MAX MIN AVG DEP HDD CDD WTR SNW DPTH SPD SPD DIR MIN PSBL S-S WX SPD DR
================================================================================
1 81 51 66 M 0 1 0.00 0.0 0 2.5 8 70 M M 0 M M
2 79 47 63 M 2 0 0.00 0.0 0 2.3 8 340 M M 0 M M
3 83 49 66 M 0 1 0.00 0.0 0 2.6 7 270 M M 0 M M
4 88 53 71 M 0 6 0.00 0.0 0 4.1 10 210 M M 0 17 230
5 91 66 79 M 0 14 0.00 0.0 0 6.0 13 270 M M 0 17 240
6 87 60 74 M 0 9 0.67 0.0 0 2.7 15 300 M M 0 13 35 190
7 63 55 59 M 6 0 0.71 0.0 0 4.8 10 30 M M 0 1 M M
8 69 54 62 M 3 0 0.00 0.0 0 2.9 7 40 M M 0 M M
9 75 48 62 M 3 0 0.00 0.0 0 2.3 8 120 M M 0 M M
10 79 48 64 M 1 0 0.00 0.0 0 3.9 12 110 M M 0 18 90
11 80 42 61 M 4 0 0.00 0.0 0 4.5 13 40 M M 0 22 60
12 79 43 61 M 4 0 0.00 0.0 0 3.4 12 130 M M 0 M M
13 82 53 68 M 0 3 0.00 0.0 0 2.5 12 280 M M 0 2 16 280
14 74 53 64 M 1 0 1.73 0.0 0 2.2 10 110 M M 0 3 28 110
15 77 51 64 M 1 0 M 0.0 0 3.5 8 330 M M 0 M M
16 79 47 63 M 2 0 0.00 0.0 0 1.1 6 160 M M 0 1 M M
17 82 48 65 M 0 0 0.00 0.0 0 2.2 9 80 M M 0 10 60
18 81 46 64 M 1 0 0.00 0.0 0 1.3 6 120 M M 0 M M
19 82 48 65 M 0 0 0.00 0.0 0 2.1 7 260 M M 0 12 M M
20 85 51 68 M 0 3 0.00 0.0 0 2.7 9 300 M M 0 16 360
21 74 61 68 M 0 3 0.00 0.0 0 4.9 8 130 M M 0 M M
22 84 61 73 M 0 8 0.00 0.0 0 3.0 9 180 M M 0 1 M M
23 88 58 73 M 0 8 M M M 3.8 10 190 M M 0 1 17 210
24 86 55 71 M 0 6 0.35 0.0 0 5.0 12 300 M M 0 17 300
25 86 48 67 M 0 2 0.00 0.0 0 3.4 12 280 M M 0 21 320
26 88 51 70 M 0 5 0.00 0.0 0 2.4 9 260 M M 0 M M
27 83 61 72 M 0 7 0.77 0.0 0 4.5 20 110 M M 0 3 40 120
28 81 57 69 M 0 4 1.65 0.0 0 2.8 12 270 M M 0 13 45 0
29 81 59 70 M 0 5 0.01 0.0 0 4.8 13 320 M M 0 13 18 320
30 72 51 62 M 3 0 0.00 0.0 0 2.2 8 100 M M 0 M M
31 77 51 64 M 1 0 0.08 0.0 0 3.6 9 270 M M 0 18 16 270
================================================================================
SM 2496 1626 32 85 5.97 0.0 100.0 M 0
================================================================================
AV 80.5 52.5 3.2 FASTST M M 0 MAX(MPH)
MISC ----> 20 110 45 0
================================================================================
NOTES:
# LAST OF SEVERAL OCCURRENCES
COLUMN 17 PEAK WIND IN M.P.H.
PRELIMINARY LOCAL CLIMATOLOGICAL DATA (WS FORM: F-6) , PAGE 2
STATION: SPARTA - FORT MCCOY WI
MONTH: JULY
YEAR: 2021
LATITUDE: 43 58 N
LONGITUDE: 90 44 W
[TEMPERATURE DATA] [PRECIPITATION DATA] SYMBOLS USED IN COLUMN 16
AVERAGE MONTHLY: 66.5 TOTAL FOR MONTH: 5.97 1 = FOG OR MIST
DPTR FM NORMAL: 0.0 DPTR FM NORMAL: M 2 = FOG REDUCING VISIBILITY
HIGHEST: 91 ON 5 GRTST 24HR 1.73 ON 14-14 TO 1/4 MILE OR LESS
LOWEST: 42 ON 11 3 = THUNDER
SNOW, ICE PELLETS, HAIL 4 = ICE PELLETS
TOTAL MONTH: 0.0 INCH 5 = HAIL
GRTST 24HR 0.0 6 = FREEZING RAIN OR DRIZZLE
GRTST DEPTH: 0 7 = DUSTSTORM OR SANDSTORM:
VSBY 1/2 MILE OR LESS
8 = SMOKE OR HAZE
[NO. OF DAYS WITH] [WEATHER - DAYS WITH] 9 = BLOWING SNOW
X = TORNADO
MAX 32 OR BELOW: 0 0.01 INCH OR MORE: 8
MAX 90 OR ABOVE: 1 0.10 INCH OR MORE: 6
MIN 32 OR BELOW: 0 0.50 INCH OR MORE: 5
MIN 0 OR BELOW: 0 1.00 INCH OR MORE: 2
[HDD (BASE 65) ]
TOTAL THIS MO. 32 CLEAR (SCALE 0-3) 31
DPTR FM NORMAL M PTCLDY (SCALE 4-7) 0
TOTAL FM JUL 1 32 CLOUDY (SCALE 8-10) 0
DPTR FM NORMAL M
[CDD (BASE 65) ]
TOTAL THIS MO. 85
DPTR FM NORMAL M [PRESSURE DATA]
TOTAL FM JAN 1 279 HIGHEST SLP M ON M
DPTR FM NORMAL M LOWEST SLP M ON M
[REMARKS]
#FINAL-07-21#