000
CXUS53 KTOP 010910
CF6CNK
PRELIMINARY LOCAL CLIMATOLOGICAL DATA (WS FORM: F-6)
STATION: CONCORDIA KS
MONTH: FEBRUARY
YEAR: 2024
LATITUDE: 39 32 N
LONGITUDE: 97 39 W
TEMPERATURE IN F: :PCPN: SNOW: WIND :SUNSHINE: SKY :PK WND
================================================================================
1 2 3 4 5 6A 6B 7 8 9 10 11 12 13 14 15 16 17 18
12Z AVG MX 2MIN
DY MAX MIN AVG DEP HDD CDD WTR SNW DPTH SPD SPD DIR MIN PSBL S-S WX SPD DR
================================================================================
1 63 45 54 24 11 0 0.00 M M 8.7 17 190 M M 1 23 190
2 66 41 54 24 11 0 0.00 M M 8.6 22 130 M M 2 30 120
3 57 44 51 21 14 0 0.93 M M 12.2 20 90 M M 10 1 29 100
4 49 35 42 12 23 0 0.10 M M 10.6 16 20 M M 9 18 22 30
5 40 31 36 6 29 0 0.00 M M 5.2 12 310 M M 7 12 15 330
6 55 28 42 12 23 0 0.00 M M 10.9 21 150 M M 3 12 30 170
7 56 47 52 21 13 0 T M M 22.1 35 170 M M 4 52 170
8 59 42 51 20 14 0 0.00 M M 14.4 30 190 M M 1 42 180
9 54 32 43 12 22 0 0.00 M M 7.9 17 20 M M 1 23 40
10 39 27 33 2 32 0 0.00 M M 7.2 14 40 M M 5 18 40
11 44 28 36 4 29 0 0.00 M M 5.2 13 360 M M 5 17 330
12 58 25 42 10 23 0 0.00 M M 8.4 16 320 M M 0 22 290
13 60 36 48 16 17 0 0.00 M M 8.2 16 260 M M 1 22 260
14 64 27 46 14 19 0 0.00 M M 10.2 33 340 M M 0 47 330
15 45 28 37 4 28 0 0.00 M M 10.2 24 360 M M 5 33 350
16 34 15 25 -8 40 0 0.04 M M 14.5 24 40 M M 8 1 32 30
17 37 10 24 -9 41 0 0.00 M M 10.9 18 270 M M 0 26 260
18 55 24 40 6 25 0 0.00 M M 8.5 16 190 M M 0 21 190
19 60 34 47 13 18 0 0.00 M M 9.6 17 190 M M 0 23 190
20 73 30 52 18 13 0 0.00 M M 10.3 22 200 M M 0 28 200
21 71 36 54 20 11 0 0.00 M M 6.0 17 190 M M 0 23 190
22 66 40 53 18 12 0 0.00 M M 11.1 23 340 M M 2 31 340
23 66 34 50 15 15 0 0.00 M M 11.8 29 300 M M 0 43 320
24 70 27 49 13 16 0 0.00 M M 8.8 24 240 M M 0 34 240
25 74 37 56 20 9 0 0.00 M M 7.0 20 320 M M 0 8 32 300
26 83 38 61 25 4 0 0.00 M M 6.2 20 280 M M 0 27 230
27 56 19 38 1 27 0 T M M 17.3 36 350 M M 3 48 360
28 44 12 28 -9 37 0 0.00 M M 11.6 24 350 M M 0 32 350
29 59 30 45 8 20 0 0.00 M M 20.8 33 210 M M 0 47 180
================================================================================
SM 1657 902 596 0 1.07 M 304.4 M 67
================================================================================
AV 57.1 31.1 10.5 FASTST M M 2 MAX(MPH)
MISC ----> 36 350 52 170
================================================================================
NOTES:
# LAST OF SEVERAL OCCURRENCES
COLUMN 17 PEAK WIND IN M.P.H.
PRELIMINARY LOCAL CLIMATOLOGICAL DATA (WS FORM: F-6) , PAGE 2
STATION: CONCORDIA KS
MONTH: FEBRUARY
YEAR: 2024
LATITUDE: 39 32 N
LONGITUDE: 97 39 W
[TEMPERATURE DATA] [PRECIPITATION DATA] SYMBOLS USED IN COLUMN 16
AVERAGE MONTHLY: 44.1 TOTAL FOR MONTH: 1.07 1 = FOG OR MIST
DPTR FM NORMAL: 11.3 DPTR FM NORMAL: 0.21 2 = FOG REDUCING VISIBILITY
HIGHEST: 83 ON 26 GRTST 24HR 1.00 ON 3- 4 TO 1/4 MILE OR LESS
LOWEST: 10 ON 17 3 = THUNDER
SNOW, ICE PELLETS, HAIL 4 = ICE PELLETS
TOTAL MONTH: M 5 = HAIL
GRTST 24HR M ON M 6 = FREEZING RAIN OR DRIZZLE
GRTST DEPTH: M ON M 7 = DUSTSTORM OR SANDSTORM:
VSBY 1/2 MILE OR LESS
8 = SMOKE OR HAZE
[NO. OF DAYS WITH] [WEATHER - DAYS WITH] 9 = BLOWING SNOW
X = TORNADO
MAX 32 OR BELOW: 0 0.01 INCH OR MORE: 3
MAX 90 OR ABOVE: 0 0.10 INCH OR MORE: 2
MIN 32 OR BELOW: 16 0.50 INCH OR MORE: 1
MIN 0 OR BELOW: 0 1.00 INCH OR MORE: 0
[HDD (BASE 65) ]
TOTAL THIS MO. 596 CLEAR (SCALE 0-3) 21
DPTR FM NORMAL -306 PTCLDY (SCALE 4-7) 6
TOTAL FM JUL 1 3406 CLOUDY (SCALE 8-10) 2
DPTR FM NORMAL -781
[CDD (BASE 65) ]
TOTAL THIS MO. 0
DPTR FM NORMAL 0 [PRESSURE DATA]
TOTAL FM JAN 1 0 HIGHEST SLP 30.55 ON 17
DPTR FM NORMAL 0 LOWEST SLP 29.31 ON 27
[REMARKS]
#FINAL-02-24#