000
CXUS56 KSGX 011145
CF6CNO
PRELIMINARY LOCAL CLIMATOLOGICAL DATA (WS FORM: F-6)
STATION: CHINO AIRPORT CA
MONTH: JANUARY
YEAR: 2024
LATITUDE: 33 58 N
LONGITUDE: 117 38 W
TEMPERATURE IN F: :PCPN: SNOW: WIND :SUNSHINE: SKY :PK WND
================================================================================
1 2 3 4 5 6A 6B 7 8 9 10 11 12 13 14 15 16 17 18
12Z AVG MX 2MIN
DY MAX MIN AVG DEP HDD CDD WTR SNW DPTH SPD SPD DIR MIN PSBL S-S WX SPD DR
================================================================================
1 68 39 54 -1 11 0 0.00 M M 4.3 16 90 M M 2 18 22 80
2 67 36 52 -3 13 0 0.00 M M 2.6 10 290 M M 2 1 13 290
3 63 41 52 -3 13 0 0.35 M M 5.7 16 230 M M 6 1 20 230
4 66 34 50 -5 15 0 0.00 M M 2.3 9 300 M M 1 1 13 310
5 66 35 51 -4 14 0 0.00 M M 2.2 12 270 M M 2 8 14 290
6 67 32 50 -5 15 0 0.00 M M 5.2 14 240 M M 3 19 240
7 60 35 48 -7 17 0 0.05 M M 8.7 22 280 M M 3 1 27 280
8 62 28 45 -10 20 0 0.00 M M 3.3 15 50 M M 0 20 40
9 65 30 48 -8 17 0 0.00 M M 2.3 10 240 M M 1 13 280
10 62 31 47 -9 18 0 0.00 M M 2.4 13 230 M M 4 18 18 220
11 64 37 51 -5 14 0 0.00 M M 5.4 15 270 M M 3 18 300
12 66 30 48 -8 17 0 0.00 M M 2.3 9 270 M M 1 10 270
13 67 33 50 -6 15 0 0.00 M M 1.9 13 240 M M 2 15 250
14 62 35 49 -7 16 0 0.00 M M 1.9 12 300 M M 3 18 15 300
15 71 36 54 -2 11 0 0.00 M M 2.5 10 240 M M 3 18 13 240
16 77 37 57 1 8 0 0.00 M M 3.1 14 230 M M 4 128 17 240
17 63 43 53 -3 12 0 0.00 M M 2.8 12 260 M M 8 128 19 340
18 70 45 58 2 7 0 0.00 M M 3.3 13 240 M M 6 18 16 120
19 71 45 58 2 7 0 0.00 M M 2.4 16 260 M M 5 18 20 260
20 59 51 55 -1 10 0 0.32 M M 2.9 10 80 M M 9 18 13 90
21 65 51 58 2 7 0 0.31 M M 2.8 13 230 M M 8 18 16 230
22 61 51 56 0 9 0 0.97 M M 4.3 14 350 M M 9 18 17 30
23 68 47 58 2 7 0 0.04 M M 2.6 15 240 M M 6 18 18 240
24 61 47 54 -2 11 0 0.00 M M 2.6 8 250 M M 9 18 10 280
25 67 47 57 1 8 0 0.00 M M 3.4 15 240 M M 7 1 17 240
26 75 40 58 2 7 0 0.00 M M 2.9 13 40 M M 3 128 20 40
27 82 46 64 8 1 0 T M M 8.8 24 80 M M 3 34 90
28 82 46 64 8 1 0 0.00 M M 3.6 16 240 M M 3 19 240
29 81 42 62 6 3 0 0.00 M M 1.7 13 230 M M 1 18 16 220
30 81 41 61 5 4 0 0.00 M M 1.8 10 250 M M 2 1 13 280
31 73 46 60 4 5 0 0.00 M M 3.3 16 240 M M 4 18 21 240
================================================================================
SM 2112 1237 333 0 2.04 M 105.3 M 123
================================================================================
AV 68.1 39.9 3.4 FASTST M M 4 MAX(MPH)
MISC ----> 24 80 34 90
================================================================================
NOTES:
# LAST OF SEVERAL OCCURRENCES
COLUMN 17 PEAK WIND IN M.P.H.
PRELIMINARY LOCAL CLIMATOLOGICAL DATA (WS FORM: F-6) , PAGE 2
STATION: CHINO AIRPORT CA
MONTH: JANUARY
YEAR: 2024
LATITUDE: 33 58 N
LONGITUDE: 117 38 W
[TEMPERATURE DATA] [PRECIPITATION DATA] SYMBOLS USED IN COLUMN 16
AVERAGE MONTHLY: 54.0 TOTAL FOR MONTH: 2.04 1 = FOG OR MIST
DPTR FM NORMAL: -1.6 DPTR FM NORMAL: -0.13 2 = FOG REDUCING VISIBILITY
HIGHEST: 82 ON 28,27 GRTST 24HR 1.19 ON 22-23 TO 1/4 MILE OR LESS
LOWEST: 28 ON 8 3 = THUNDER
SNOW, ICE PELLETS, HAIL 4 = ICE PELLETS
TOTAL MONTH: 0.0 INCH 5 = HAIL
GRTST 24HR M ON M 6 = FREEZING RAIN OR DRIZZLE
GRTST DEPTH: 0 7 = DUSTSTORM OR SANDSTORM:
VSBY 1/2 MILE OR LESS
8 = SMOKE OR HAZE
[NO. OF DAYS WITH] [WEATHER - DAYS WITH] 9 = BLOWING SNOW
X = TORNADO
MAX 32 OR BELOW: 0 0.01 INCH OR MORE: 6
MAX 90 OR ABOVE: 0 0.10 INCH OR MORE: 4
MIN 32 OR BELOW: 5 0.50 INCH OR MORE: 1
MIN 0 OR BELOW: 0 1.00 INCH OR MORE: 0
[HDD (BASE 65) ]
TOTAL THIS MO. 333 CLEAR (SCALE 0-3) 16
DPTR FM NORMAL 38 PTCLDY (SCALE 4-7) 12
TOTAL FM JUL 1 698 CLOUDY (SCALE 8-10) 3
DPTR FM NORMAL -104
[CDD (BASE 65) ]
TOTAL THIS MO. 0
DPTR FM NORMAL -4 [PRESSURE DATA]
TOTAL FM JAN 1 0 HIGHEST SLP 30.32 ON 8
DPTR FM NORMAL -4 LOWEST SLP 29.71 ON 22
[REMARKS]
#FINAL-01-24#