000
CXUS55 KGJT 041730 CCA
CF6CNY
PRELIMINARY LOCAL CLIMATOLOGICAL DATA (WS FORM: F-6)
CORR TO GREATEST 24 HR PRECIP
STATION: CANYONLANDS AIRPORT UT
MONTH: JANUARY
YEAR: 2021
LATITUDE: 38 46 N
LONGITUDE: 109 45 W
TEMPERATURE IN F: :PCPN: SNOW: WIND :SUNSHINE: SKY :PK WND
================================================================================
1 2 3 4 5 6A 6B 7 8 9 10 11 12 13 14 15 16 17 18
12Z AVG MX 2MIN
DY MAX MIN AVG DEP HDD CDD WTR SNW DPTH SPD SPD DIR MIN PSBL S-S WX SPD DR
================================================================================
1 30 -2 14 -11 51 0 0.00 M M 2.1 15 320 M M 0 1 18 320
2 23 -2 11 -14 54 0 0.00 M M 3.4 13 310 M M 3 12 14 330
3 24 -1 12 -13 53 0 0.00 M M 3.8 13 320 M M 3 128 15 330
4 28 1 15 -10 50 0 0.00 M M 3.2 13 320 M M 1 1 14 310
5 31 6 19 -6 46 0 0.00 M M 3.9 17 320 M M 1 1 20 320
6 32 -1 16 -9 49 0 0.00 M M 3.3 13 300 M M 0 1 13 300
7 29 3 16 -9 49 0 0.00 M M 3.7 14 320 M M 0 16 320
8 28 1 15 -10 50 0 0.00 M M 3.2 12 320 M M 0 1 14 320
9 36 9 23 -2 42 0 0.00 M M 4.6 15 300 M M 4 17 300
10 30 1 16 -10 49 0 0.00 M M 3.4 13 310 M M 0 13 310
11 28 -2 13 -13 52 0 0.00 M M 2.9 13 320 M M 0 15 310
12 24 -2 11 -15 54 0 0.00 M M 3.9 13 320 M M 0 14 330
13 28 3 16 -10 49 0 0.00 M M 3.3 14 320 M M 0 16 320
14 33 2 18 -8 47 0 0.00 M M 3.6 22 300 M M 0 29 310
15 39 3 21 -5 44 0 0.00 M M 2.5 12 320 M M 0 12 140
16 39 12 26 -1 39 0 0.00 M M 3.4 12 320 M M 0 13 310
17 43 12 28 1 37 0 0.00 M M 2.5 13 320 M M 0 14 330
18 40 17 29 2 36 0 0.00 M M 6.9 29 60 M M 1 36 60
19 40 22 31 4 34 0 0.00 M M 4.0 21 60 M M 7 28 70
20 44 25 35 7 30 0 0.00 M M 2.0 8 320 M M 3 14 320
21 45 18 32 4 33 0 0.00 M M 2.3 10 320 M M 0 12 290
22 42 23 33 5 32 0 T M M 2.4 12 330 M M 5 14 330
23 47 25 36 8 29 0 0.01 M M 6.3 23 200 M M 3 1 29 200
24 38 23 31 2 34 0 T M M 4.1 14 70 M M 6 1 18 80
25 41 22 32 3 33 0 T M M 6.5 17 60 M M 7 1 24 60
26 37 19 28 -1 37 0 0.02 M M 4.5 15 50 M M 6 1 23 240
27 38 20 29 0 36 0 0.00 M M 6.9 16 150 M M 5 21 140
28 43 25 34 4 31 0 0.00 M M 4.4 10 290 M M 4 13 330
29 49 21 35 5 30 0 0.02 M M 7.7 28 250 M M 4 36 260
30 46 23 35 5 30 0 0.00 M M 4.0 13 300 M M 1 18 250
31 45 19 32 2 33 0 0.00 M M 2.6 12 330 M M 0 20 320
================================================================================
SM 1120 345 1273 0 0.05 M 121.3 M 64
================================================================================
AV 36.1 11.1 3.9 FASTST M M 2 MAX(MPH)
MISC ----> 29 60 # 36 60
================================================================================
NOTES:
# LAST OF SEVERAL OCCURRENCES
COLUMN 17 PEAK WIND IN M.P.H.
PRELIMINARY LOCAL CLIMATOLOGICAL DATA (WS FORM: F-6) , PAGE 2
STATION: CANYONLANDS AIRPORT UT
MONTH: JANUARY
YEAR: 2021
LATITUDE: 38 46 N
LONGITUDE: 109 45 W
[TEMPERATURE DATA] [PRECIPITATION DATA] SYMBOLS USED IN COLUMN 16
AVERAGE MONTHLY: 23.6 TOTAL FOR MONTH: 0.05 1 = FOG OR MIST
DPTR FM NORMAL: -3.4 DPTR FM NORMAL: -0.59 2 = FOG REDUCING VISIBILITY
HIGHEST: 49 ON 29 GRTST 24HR 0.02 ON 29-29 TO 1/4 MILE OR LESS
LOWEST: -2 ON 12,11 26-26 3 = THUNDER
SNOW, ICE PELLETS, HAIL 4 = ICE PELLETS
TOTAL MONTH: M 5 = HAIL
GRTST 24HR M ON M 6 = FREEZING RAIN OR DRIZZLE
GRTST DEPTH: M ON M 7 = DUSTSTORM OR SANDSTORM:
VSBY 1/2 MILE OR LESS
8 = SMOKE OR HAZE
[NO. OF DAYS WITH] [WEATHER - DAYS WITH] 9 = BLOWING SNOW
X = TORNADO
MAX 32 OR BELOW: 12 0.01 INCH OR MORE: 3
MAX 90 OR ABOVE: 0 0.10 INCH OR MORE: 0
MIN 32 OR BELOW: 31 0.50 INCH OR MORE: 0
MIN 0 OR BELOW: 6 1.00 INCH OR MORE: 0
[HDD (BASE 65) ]
TOTAL THIS MO. 1273 CLEAR (SCALE 0-3) 20
DPTR FM NORMAL 95 PTCLDY (SCALE 4-7) 11
TOTAL FM JUL 1 3632 CLOUDY (SCALE 8-10) 0
DPTR FM NORMAL 58
[CDD (BASE 65) ]
TOTAL THIS MO. 0
DPTR FM NORMAL 0 [PRESSURE DATA]
TOTAL FM JAN 1 0 HIGHEST SLP 30.70 ON 12
DPTR FM NORMAL 0 LOWEST SLP 29.52 ON 26
[REMARKS]
#FINAL-01-21#