000
CXUS55 KPUB 020152
CF6COS
PRELIMINARY LOCAL CLIMATOLOGICAL DATA (WS FORM: F-6)
STATION: COLORADO SPRINGS CO
MONTH: JANUARY
YEAR: 2021
LATITUDE: 38 49 N
LONGITUDE: 104 43 W
TEMPERATURE IN F: :PCPN: SNOW: WIND :SUNSHINE: SKY :PK WND
================================================================================
1 2 3 4 5 6A 6B 7 8 9 10 11 12 13 14 15 16 17 18
12Z AVG MX 2MIN
DY MAX MIN AVG DEP HDD CDD WTR SNW DPTH SPD SPD DIR MIN PSBL S-S WX SPD DR
================================================================================
1 39 23 31 1 34 0 0.00 0.0 2 10.8 26 320 M M 5 33 320
2 46 13 30 0 35 0 0.00 0.0 2 7.7 16 350 M M 2 24 330
3 48 19 34 4 31 0 0.00 0.0 1 10.3 26 330 M M 3 37 340
4 48 23 36 6 29 0 0.00 0.0 T 9.0 20 360 M M 3 28 300
5 55 27 41 11 24 0 0.00 0.0 T 13.8 37 300 M M 5 49 300
6 41 20 31 1 34 0 0.00 0.0 0 5.8 22 340 M M 1 27 330
7 46 20 33 3 32 0 0.00 0.0 0 6.3 13 170 M M 5 15 170
8 41 21 31 1 34 0 0.00 0.0 0 7.6 15 160 M M 5 18 160
9 28 24 26 -4 39 0 0.18 2.2 0 3.5 12 130 M M 10 1 14 130
10 24 8 16 -14 49 0 0.01 0.2 2 3.5 9 250 M M 10 128 11 250
11 42 11 27 -3 38 0 0.00 0.0 2 4.6 12 20 M M 1 8 14 10
12 49 14 32 1 33 0 0.00 0.0 1 7.0 14 360 M M 3 15 10
13 60 35 48 17 17 0 0.00 0.0 T 11.5 31 320 M M 6 46 330
14 49 19 34 3 31 0 0.00 0.0 0 16.2 39 350 M M 4 51 360
15 43 18 31 0 34 0 0.00 0.0 0 5.2 15 330 M M 2 23 340
16 48 20 34 3 31 0 0.00 0.0 0 9.0 23 10 M M 6 28 10
17 40 24 32 1 33 0 0.00 0.0 0 5.9 15 210 M M 7 18 200
18 36 25 31 0 34 0 T T 0 11.8 23 40 M M 7 8 32 40
19 34 17 26 -5 39 0 0.00 0.0 0 6.9 22 180 M M 6 28 200
20 59 16 38 7 27 0 0.00 0.0 0 7.6 25 310 M M 1 32 330
21 52 22 37 6 28 0 0.00 0.0 0 7.5 20 130 M M 3 26 120
22 44 16 30 -1 35 0 0.00 0.0 0 6.3 14 170 M M 5 17 150
23 56 17 37 7 28 0 0.00 0.0 0 6.8 22 320 M M 4 18 32 300
24 25 19 22 -8 43 0 T T 0 8.9 17 190 M M 9 12 22 180
25 38 22 30 0 35 0 0.25 2.9 1 10.8 29 330 M M 9 18 39 330
26 22 11 17 -13 48 0 0.13 2.6 2 8.9 17 160 M M 10 128 21 160
27 29 0 15 -15 50 0 0.00 0.0 3 5.1 13 20 M M 2 128 14 90
28 54 17 36 6 29 0 0.00 0.0 2 5.9 13 350 M M 6 15 10
29 58 30 44 14 21 0 0.00 0.0 T 12.0 37 270 M M 5 48 270
30 51 31 41 11 24 0 0.00 0.0 0 14.0 29 20 M M 5 35 10
31 45 23 34 4 31 0 0.00 0.0 0 6.2 13 160 M M 1 17 150
================================================================================
SM 1350 605 1030 0 0.57 7.9 256.4 M 151
================================================================================
AV 43.5 19.5 8.3 FASTST M M 5 MAX(MPH)
MISC ----> 39 350 51 360
================================================================================
NOTES:
COLUMN 17 PEAK WIND IN M.P.H.
PRELIMINARY LOCAL CLIMATOLOGICAL DATA (WS FORM: F-6) , PAGE 2
STATION: COLORADO SPRINGS CO
MONTH: JANUARY
YEAR: 2021
LATITUDE: 38 49 N
LONGITUDE: 104 43 W
[TEMPERATURE DATA] [PRECIPITATION DATA] SYMBOLS USED IN COLUMN 16
AVERAGE MONTHLY: 31.5 TOTAL FOR MONTH: 0.57 1 = FOG OR MIST
DPTR FM NORMAL: 1.0 DPTR FM NORMAL: 0.25 2 = FOG REDUCING VISIBILITY
HIGHEST: 60 ON 13 GRTST 24HR 0.30 ON 25-26 TO 1/4 MILE OR LESS
LOWEST: 0 ON 27 3 = THUNDER
SNOW, ICE PELLETS, HAIL 4 = ICE PELLETS
TOTAL MONTH: 7.9 INCHES 5 = HAIL
GRTST 24HR 2.9 ON 25 6 = FREEZING RAIN OR DRIZZLE
GRTST DEPTH: 4 ON 26 7 = DUSTSTORM OR SANDSTORM:
VSBY 1/2 MILE OR LESS
8 = SMOKE OR HAZE
[NO. OF DAYS WITH] [WEATHER - DAYS WITH] 9 = BLOWING SNOW
X = TORNADO
MAX 32 OR BELOW: 5 0.01 INCH OR MORE: 4
MAX 90 OR ABOVE: 0 0.10 INCH OR MORE: 3
MIN 32 OR BELOW: 30 0.50 INCH OR MORE: 0
MIN 0 OR BELOW: 1 1.00 INCH OR MORE: 0
[HDD (BASE 65) ]
TOTAL THIS MO. 1030 CLEAR (SCALE 0-3) 11
DPTR FM NORMAL -41 PTCLDY (SCALE 4-7) 15
TOTAL FM JUL 1 3224 CLOUDY (SCALE 8-10) 5
DPTR FM NORMAL -415
[CDD (BASE 65) ]
TOTAL THIS MO. 0
DPTR FM NORMAL 0 [PRESSURE DATA]
TOTAL FM JAN 1 0 HIGHEST SLP 30.58 ON 19
DPTR FM NORMAL 0 LOWEST SLP 29.45 ON 30
[REMARKS]
#FINAL-01-21#