000
CXUS53 KLSX 011500
CF6CPS
PRELIMINARY LOCAL CLIMATOLOGICAL DATA (WS FORM: F-6)
STATION: CAHOKIA/ST. LOUIS
MONTH: NOVEMBER
YEAR: 2021
LATITUDE: 38 34 N
LONGITUDE: 90 9 W
TEMPERATURE IN F: :PCPN: SNOW: WIND :SUNSHINE: SKY :PK WND
================================================================================
1 2 3 4 5 6A 6B 7 8 9 10 11 12 13 14 15 16 17 18
12Z AVG MX 2MIN
DY MAX MIN AVG DEP HDD CDD WTR SNW DPTH SPD SPD DIR MIN PSBL S-S WX SPD DR
================================================================================
1 50 35 43 -8 22 0 T 0.0 0 4.6 14 360 M M 8 15 10
2 50 32 41 -10 24 0 0.00 0.0 0 4.5 15 340 M M 3 21 10
3 51 30 41 -9 24 0 0.00 0.0 0 0.6 8 320 M M 1 11 320
4 53 26 40 -10 25 0 0.00 0.0 0 1.3 10 30 M M 1 13 20
5 54 24 39 -11 26 0 0.00 0.0 0 2.7 10 140 M M 0 1 16 160
6 60 25 43 -6 22 0 0.00 0.0 0 1.9 7 190 M M 0 18 14 250
7 68 32 50 1 15 0 0.00 0.0 0 4.1 12 170 M M 0 17 170
8 74 36 55 7 10 0 0.00 0.0 0 5.3 12 150 M M 0 1 16 150
9 65 43 54 6 11 0 0.00 0.0 0 2.4 9 220 M M 3 14 220
10 67 47 57 9 8 0 0.00 0.0 0 5.8 16 170 M M 5 1 27 180
11 58 44 51 4 14 0 0.19 0.0 0 10.8 23 290 M M 5 1 33 290
12 50 37 44 -3 21 0 T M 0 13.6 25 260 M M 5 38 300
13 38 32 35 -11 30 0 T M 0 8.2 20 300 M M 8 26 290
14 49 28 39 -7 26 0 0.08 0.0 0 10.6 30 300 M M 4 39 300
15 61 27 44 -2 21 0 0.09 0.0 0 6.3 16 170 M M 0 8 23 170
16 71 34 53 8 12 0 0.00 0.0 0 7.6 21 150 M M 1 32 200
17 71 45 58 13 7 0 0.10 0.0 0 10.4 25 320 M M 8 31 310
18 48 31 40 -4 25 0 0.00 0.0 0 10.1 22 300 M M 1 33 280
19 46 22 34 -10 31 0 0.00 0.0 0 5.4 14 150 M M 0 8 19 120
20 61 38 50 6 15 0 T 0.0 0 7.3 12 150 M M 6 17 220
21 60 37 49 6 16 0 T 0.0 0 6.5 26 360 M M 5 36 350
22 41 24 33 -10 32 0 0.00 0.0 0 6.3 18 340 M M 0 8 26 340
23 52 22 37 -6 28 0 0.00 0.0 0 6.8 16 150 M M 0 8 24 190
24 63 37 50 8 15 0 T 0.0 0 10.1 24 190 M M 3 37 210
25 59 25 42 0 23 0 0.26 0.0 0 12.9 23 310 M M 5 1 31 300
26 42 20 31 -11 34 0 0.00 0.0 0 6.5 14 310 M M 1 17 160
27 58 30 44 3 21 0 0.00 0.0 0 4.2 12 330 M M 0 16 330
28 49 25 37 -4 28 0 0.00 0.0 0 7.6 20 320 M M 0 24 330
29 55 25 40 -1 25 0 0.00 0.0 0 6.3 18 200 M M 2 8 26 200
30 57 36 47 7 18 0 T M M 3.0 13 350 M M 1 8 15 340
================================================================================
SM 1681 949 629 0 0.72 0.0 193.7 M 76
================================================================================
AV 56.0 31.6 6.5 FASTST M M 3 MAX(MPH)
MISC ----> 30 300 39 300
================================================================================
NOTES:
# LAST OF SEVERAL OCCURRENCES
COLUMN 17 PEAK WIND IN M.P.H.
PRELIMINARY LOCAL CLIMATOLOGICAL DATA (WS FORM: F-6) , PAGE 2
STATION: CAHOKIA/ST. LOUIS
MONTH: NOVEMBER
YEAR: 2021
LATITUDE: 38 34 N
LONGITUDE: 90 9 W
[TEMPERATURE DATA] [PRECIPITATION DATA] SYMBOLS USED IN COLUMN 16
AVERAGE MONTHLY: 43.8 TOTAL FOR MONTH: 0.72 1 = FOG OR MIST
DPTR FM NORMAL: -1.8 DPTR FM NORMAL: -2.62 2 = FOG REDUCING VISIBILITY
HIGHEST: 74 ON 8 GRTST 24HR 0.26 ON 25-25 TO 1/4 MILE OR LESS
LOWEST: 20 ON 26 3 = THUNDER
SNOW, ICE PELLETS, HAIL 4 = ICE PELLETS
TOTAL MONTH: 0.0 INCH 5 = HAIL
GRTST 24HR 0.0 6 = FREEZING RAIN OR DRIZZLE
GRTST DEPTH: 0 7 = DUSTSTORM OR SANDSTORM:
VSBY 1/2 MILE OR LESS
8 = SMOKE OR HAZE
[NO. OF DAYS WITH] [WEATHER - DAYS WITH] 9 = BLOWING SNOW
X = TORNADO
MAX 32 OR BELOW: 0 0.01 INCH OR MORE: 5
MAX 90 OR ABOVE: 0 0.10 INCH OR MORE: 3
MIN 32 OR BELOW: 18 0.50 INCH OR MORE: 0
MIN 0 OR BELOW: 0 1.00 INCH OR MORE: 0
[HDD (BASE 65) ]
TOTAL THIS MO. 629 CLEAR (SCALE 0-3) 20
DPTR FM NORMAL 45 PTCLDY (SCALE 4-7) 9
TOTAL FM JUL 1 827 CLOUDY (SCALE 8-10) 1
DPTR FM NORMAL -64
[CDD (BASE 65) ]
TOTAL THIS MO. 0
DPTR FM NORMAL -2 [PRESSURE DATA]
TOTAL FM JAN 1 1541 HIGHEST SLP M ON M
DPTR FM NORMAL 66 LOWEST SLP 29.65 ON 11
[REMARKS]
#FINAL-11-21#