000
CXUS56 KLOX 011655
CF6CQT
PRELIMINARY LOCAL CLIMATOLOGICAL DATA (WS FORM: F-6)
STATION: DOWNTOWN LOS ANGELES (USC) CA
MONTH: NOVEMBER
YEAR: 2020
LATITUDE: 34 1 N
LONGITUDE: 118 17 W
TEMPERATURE IN F: :PCPN: SNOW: WIND :SUNSHINE: SKY :PK WND
================================================================================
1 2 3 4 5 6A 6B 7 8 9 10 11 12 13 14 15 16 17 18
12Z AVG MX 2MIN
DY MAX MIN AVG DEP HDD CDD WTR SNW DPTH SPD SPD DIR MIN PSBL S-S WX SPD DR
================================================================================
1 85 57 71 5 0 6 0.00 0.0 0 1.1 6 270 M M 1 128 9 260
2 76 58 67 1 0 2 0.00 0.0 0 1.0 7 270 M M 2 128 10 270
3 77 60 69 4 0 4 0.00 0.0 0 0.5 10 260 M M 4 18 14 270
4 81 57 69 4 0 4 0.00 0.0 0 1.0 9 270 M M 0 18 13 270
5 91 59 75 10 0 10 0.00 0.0 0 0.7 7 270 M M 0 10 260
6 76 58 67 2 0 2 0.00 0.0 0 2.5 9 270 M M 6 18 15 260
7 62 53 58 -6 7 0 0.11 0.0 0 2.9 13 260 M M 2 24 270
8 62 49 56 -8 9 0 0.00 0.0 0 3.7 15 260 M M 3 30 260
9 64 47 56 -8 9 0 0.00 0.0 0 1.1 8 100 M M 0 8 11 270
10 67 47 57 -7 8 0 0.00 0.0 0 1.6 9 270 M M 0 15 260
11 68 47 58 -6 7 0 0.00 0.0 0 1.1 8 270 M M 0 8 10 260
12 70 47 59 -4 6 0 0.00 0.0 0 1.0 8 270 M M 0 8 13 260
13 68 49 59 -4 6 0 0.00 0.0 0 0.6 8 260 M M 0 12 270
14 68 51 60 -3 5 0 0.00 0.0 0 1.6 7 100 M M 0 8 11 270
15 85 52 69 7 0 4 0.00 0.0 M 1.1 7 270 M M 0 8 10 270
16 91 59 75 13 0 10 0.00 0.0 0 2.0 6 260 M M 0 11 270
17 80 54 67 5 0 2 0.00 0.0 0 0.7 6 270 M M 0 18 11 270
18 68 54 61 -1 4 0 0.00 0.0 0 0.9 7 260 M M 5 18 11 270
19 69 54 62 0 3 0 0.00 0.0 0 1.3 7 270 M M 3 18 11 270
20 75 51 63 2 2 0 0.00 0.0 0 0.4 8 270 M M 0 18 12 270
21 78 52 65 4 0 0 0.00 0.0 0 0.8 7 270 M M 0 18 10 260
22 73 52 63 2 2 0 0.00 0.0 0 0.4 6 270 M M 0 8 8 270
23 65 53 59 -1 6 0 0.00 0.0 0 0.9 7 260 M M 4 128 11 260
24 70 52 61 1 4 0 0.00 0.0 0 0.3 7 270 M M 1 18 11 260
25 66 49 58 -2 7 0 0.00 0.0 0 1.0 7 260 M M 3 128 11 260
26 69 50 60 0 5 0 0.00 0.0 0 0.8 7 270 M M 3 18 10 270
27 69 44 57 -3 8 0 0.00 0.0 0 1.2 8 270 M M 0 13 280
28 74 47 61 2 4 0 0.00 0.0 0 1.7 6 20 M M 0 10 260
29 77 50 64 5 1 0 0.00 0.0 0 1.5 7 280 M M 0 11 40
30 79 52 66 7 0 1 0.00 0.0 0 1.5 7 270 M M 0 13 270
================================================================================
SM 2203 1564 103 45 0.11 0.0 36.9 M 37
================================================================================
AV 73.4 52.1 1.2 FASTST M M 1 MAX(MPH)
MISC ----> # 15 260 # 30 260
================================================================================
NOTES:
# LAST OF SEVERAL OCCURRENCES
COLUMN 17 PEAK WIND IN M.P.H.
PRELIMINARY LOCAL CLIMATOLOGICAL DATA (WS FORM: F-6) , PAGE 2
STATION: DOWNTOWN LOS ANGELES (USC) CA
MONTH: NOVEMBER
YEAR: 2020
LATITUDE: 34 1 N
LONGITUDE: 118 17 W
[TEMPERATURE DATA] [PRECIPITATION DATA] SYMBOLS USED IN COLUMN 16
AVERAGE MONTHLY: 62.8 TOTAL FOR MONTH: 0.11 1 = FOG OR MIST
DPTR FM NORMAL: 0.4 DPTR FM NORMAL: -0.93 2 = FOG REDUCING VISIBILITY
HIGHEST: 91 ON 16, 5 GRTST 24HR 0.11 ON 7- 7 TO 1/4 MILE OR LESS
LOWEST: 44 ON 27 3 = THUNDER
SNOW, ICE PELLETS, HAIL 4 = ICE PELLETS
TOTAL MONTH: 0.0 INCH 5 = HAIL
GRTST 24HR 0.0 6 = FREEZING RAIN OR DRIZZLE
GRTST DEPTH: 0 7 = DUSTSTORM OR SANDSTORM:
VSBY 1/2 MILE OR LESS
8 = SMOKE OR HAZE
[NO. OF DAYS WITH] [WEATHER - DAYS WITH] 9 = BLOWING SNOW
X = TORNADO
MAX 32 OR BELOW: 0 0.01 INCH OR MORE: 1
MAX 90 OR ABOVE: 2 0.10 INCH OR MORE: 1
MIN 32 OR BELOW: 0 0.50 INCH OR MORE: 0
MIN 0 OR BELOW: 0 1.00 INCH OR MORE: 0
[HDD (BASE 65) ]
TOTAL THIS MO. 103 CLEAR (SCALE 0-3) 26
DPTR FM NORMAL -8 PTCLDY (SCALE 4-7) 4
TOTAL FM JUL 1 103 CLOUDY (SCALE 8-10) 0
DPTR FM NORMAL -28
[CDD (BASE 65) ]
TOTAL THIS MO. 45
DPTR FM NORMAL 12 [PRESSURE DATA]
TOTAL FM JAN 1 1785 HIGHEST SLP 30.20 ON 28
DPTR FM NORMAL 545 LOWEST SLP 29.62 ON 6
[REMARKS]
#FINAL-11-20#