000
CXUS56 KLOX 011730
CLMCQT
CLIMATE REPORT
NATIONAL WEATHER SERVICE LOS ANGELES/OXNARD
930 AM PST FRI MAR 01 2024
...................................
...THE DOWNTOWN LOS ANGELES (USC) CA CLIMATE SUMMARY FOR THE MONTH OF FEBRUARY 2024...
CLIMATE NORMAL PERIOD: 1991 TO 2020
CLIMATE RECORD PERIOD: 1877 TO 2024
WEATHER OBSERVED NORMAL DEPART LAST YEAR`S
VALUE DATE(S) VALUE FROM VALUE
NORMAL
..............................................................
TEMPERATURE (F)
HIGHEST 79 02/23
LOWEST 43 02/08
AVG. MAXIMUM 64.8 68.0 -3.2
AVG. MINIMUM 51.6 50.0 1.6
MEAN 58.2 59.0 -0.8
DAYS MAX >= 90 0
DAYS MAX <= 32 0
DAYS MIN <= 32 0
DAYS MIN <= 0 0
PRECIPITATION (INCHES)
TOTALS 12.66 3.64 9.02
DAILY AVG. 0.44
DAYS >= .01 12
DAYS >= .10 10
DAYS >= .50 6
DAYS >= 1.00 5
GREATEST
24 HR. TOTAL 6.67 02/04 TO 02/05
DEGREE DAYS
HEATING TOTAL 196 180 16 251
SINCE 7/1 526 747 -221 MM
COOLING TOTAL 4 12 -8 0
SINCE 1/1 8 20 -12 MM
..............................................................
WIND (MPH)
AVERAGE WIND SPEED 1.7
HIGHEST WIND SPEED/DIRECTION 20/090 DATE 02/01
HIGHEST GUST SPEED/DIRECTION 32/110 DATE 02/01
SKY COVER
POSSIBLE SUNSHINE (PERCENT) MM
AVERAGE SKY COVER 0.46
NUMBER OF DAYS FAIR 13
NUMBER OF DAYS PC 7
NUMBER OF DAYS CLOUDY 9
AVERAGE RH (PERCENT) 71
WEATHER CONDITIONS. NUMBER OF DAYS WITH
THUNDERSTORM 0 MIXED PRECIP 0
HEAVY RAIN 8 RAIN 9
LIGHT RAIN 11 FREEZING RAIN 0
LT FREEZING RAIN 0 HAIL 0
HEAVY SNOW 0 SNOW 0
LIGHT SNOW 0 SLEET 0
FOG 16 FOG W/VIS <= 1/4 MILE 0
HAZE 8
- INDICATES NEGATIVE NUMBERS.
R INDICATES RECORD WAS SET OR TIED.
MM INDICATES DATA IS MISSING.
T INDICATES TRACE AMOUNT.
$$