000
CXUS52 KILM 011000
CF6CRE
PRELIMINARY LOCAL CLIMATOLOGICAL DATA (WS FORM: F-6)
STATION: N.MYRTLE BEACH SOUTH CAROLINA
MONTH: APRIL
YEAR: 2023
LATITUDE: 33 49 N
LONGITUDE: 78 43 W
TEMPERATURE IN F: :PCPN: SNOW: WIND :SUNSHINE: SKY :PK WND
================================================================================
1 2 3 4 5 6A 6B 7 8 9 10 11 12 13 14 15 16 17 18
12Z AVG MX 2MIN
DY MAX MIN AVG DEP HDD CDD WTR SNW DPTH SPD SPD DIR MIN PSBL S-S WX SPD DR
================================================================================
1 73 64 69 10 0 4 0.00 M M 19.8 32 210 M M 4 41 210
2 69 50 60 1 5 0 0.00 M M 6.9 16 30 M M 0 21 30
3 68 48 58 -1 7 0 0.02 M M 6.3 15 100 M M 3 1 19 110
4 76 62 69 9 0 4 0.07 M M 7.5 15 200 M M 4 1 18 200
5 76 60 68 8 0 3 0.00 M M 5.3 10 170 M M 3 12 15 160
6 78 67 73 13 0 8 0.00 M M 8.5 15 160 M M 2 1 19 180
7 78 51 65 5 0 0 T M M 9.5 25 40 M M 4 12 33 50
8 53 44 49 -11 16 0 1.45 M M 14.0 23 40 M M 10 1 31 40
9 64 44 54 -7 11 0 0.23 M M 16.6 26 40 M M 6 1 35 40
10 68 44 56 -5 9 0 0.00 M M 10.5 20 30 M M 0 26 30
11 68 41 55 -6 10 0 0.00 M M 5.1 14 30 M M 0 1 18 30
12 72 43 58 -4 7 0 0.00 M M 5.9 15 210 M M 0 1 20 200
13 73 47 60 -2 5 0 0.01 M M 4.1 12 140 M M 1 1 15 150
14 74 65 70 8 0 5 0.35 M M 9.0 17 220 M M 6 13 24 190
15 76 63 70 8 0 5 0.02 M M 9.0 18 220 M M 4 12 25 200
16 75 58 67 4 0 2 0.00 M M 11.1 26 210 M M 2 33 220
17 73 53 63 0 2 0 T M M 7.4 18 220 M M 1 28 330
18 74 46 60 -3 5 0 0.00 M M 8.7 20 220 M M 0 24 210
19 80 54 67 3 0 2 0.00 M M 6.2 15 200 M M 0 19 190
20 81 53 67 3 0 2 0.00 M M 5.7 14 190 M M 0 17 200
21 77 54 66 2 0 1 0.00 M M 4.7 12 190 M M 1 12 15 190
22 73 60 67 3 0 2 0.91 M M 10.1 24 180 M M 5 13 32 180
23 72 53 63 -2 2 0 0.00 M M 7.1 13 190 M M 0 15 170
24 69 55 62 -3 3 0 0.00 M M 5.5 12 20 M M 6 18 10
25 72 51 62 -3 3 0 0.02 M M 9.7 18 100 M M 4 26 90
26 74 57 66 1 0 1 0.03 M M 8.8 21 100 M M 6 1 27 110
27 75 59 67 1 0 2 T M M 8.2 14 100 M M 3 21 100
28 81 67 74 8 0 9 0.15 M M 10.8 21 210 M M 6 1 25 210
29 80 65 73 7 0 8 0.56 M M 9.0 28 220 M M 2 13 37 210
30 74 63 69 3 0 4 0.98 M M 12.4 35 200 M M 6 13 46 240
================================================================================
SM 2196 1641 85 62 4.80 M 263.4 M 89
================================================================================
AV 73.2 54.7 8.8 FASTST M M 3 MAX(MPH)
MISC ----> 35 200 46 240
================================================================================
NOTES:
# LAST OF SEVERAL OCCURRENCES
COLUMN 17 PEAK WIND IN M.P.H.
PRELIMINARY LOCAL CLIMATOLOGICAL DATA (WS FORM: F-6) , PAGE 2
STATION: N.MYRTLE BEACH SOUTH CAROLINA
MONTH: APRIL
YEAR: 2023
LATITUDE: 33 49 N
LONGITUDE: 78 43 W
[TEMPERATURE DATA] [PRECIPITATION DATA] SYMBOLS USED IN COLUMN 16
AVERAGE MONTHLY: 64.0 TOTAL FOR MONTH: 4.80 1 = FOG OR MIST
DPTR FM NORMAL: 1.4 DPTR FM NORMAL: 2.03 2 = FOG REDUCING VISIBILITY
HIGHEST: 81 ON 28,20 GRTST 24HR 1.58 ON 8- 9 TO 1/4 MILE OR LESS
LOWEST: 41 ON 11 3 = THUNDER
SNOW, ICE PELLETS, HAIL 4 = ICE PELLETS
TOTAL MONTH: M 5 = HAIL
GRTST 24HR M ON M 6 = FREEZING RAIN OR DRIZZLE
GRTST DEPTH: M ON M 7 = DUSTSTORM OR SANDSTORM:
VSBY 1/2 MILE OR LESS
8 = SMOKE OR HAZE
[NO. OF DAYS WITH] [WEATHER - DAYS WITH] 9 = BLOWING SNOW
X = TORNADO
MAX 32 OR BELOW: 0 0.01 INCH OR MORE: 13
MAX 90 OR ABOVE: 0 0.10 INCH OR MORE: 7
MIN 32 OR BELOW: 0 0.50 INCH OR MORE: 4
MIN 0 OR BELOW: 0 1.00 INCH OR MORE: 1
[HDD (BASE 65) ]
TOTAL THIS MO. 85 CLEAR (SCALE 0-3) 17
DPTR FM NORMAL -38 PTCLDY (SCALE 4-7) 12
TOTAL FM JUL 1 1921 CLOUDY (SCALE 8-10) 1
DPTR FM NORMAL -402
[CDD (BASE 65) ]
TOTAL THIS MO. 62
DPTR FM NORMAL 12 [PRESSURE DATA]
TOTAL FM JAN 1 105 HIGHEST SLP 30.39 ON 10
DPTR FM NORMAL 45 LOWEST SLP 29.28 ON 30
[REMARKS]
#FINAL-04-23#