257
CXUS52 KJAX 040020
CF6CRG
PRELIMINARY LOCAL CLIMATOLOGICAL DATA (WS FORM: F-6)
STATION: CRAIG EXEC ARPT
MONTH: AUGUST
YEAR: 2020
LATITUDE: 30 19 N
LONGITUDE: 81 31 W
TEMPERATURE IN F: :PCPN: SNOW: WIND :SUNSHINE: SKY :PK WND
================================================================================
1 2 3 4 5 6A 6B 7 8 9 10 11 12 13 14 15 16 17 18
12Z AVG MX 2MIN
DY MAX MIN AVG DEP HDD CDD WTR SNW DPTH SPD SPD DIR MIN PSBL S-S WX SPD DR
================================================================================
1 93 76 85 3 0 20 T 0.0 0 4.6 14 140 M M 0 17 140
2 90 75 83 1 0 18 0.02 0.0 0 6.2 24 110 M M 3 1 31 110
3 90 77 84 2 0 19 0.23 0.0 0 9.1 22 330 M M 4 1 28 330
4 95 73 84 2 0 19 0.50 0.0 0 6.6 26 290 M M 2 13 36 310
5 91 74 83 1 0 18 0.46 0.0 0 3.7 14 40 M M 2 13 21 100
6 90 73 82 0 0 17 0.29 0.0 0 4.6 22 200 M M 2 13 28 200
7 90 73 82 0 0 17 0.78 0.0 0 3.2 17 280 M M 2 13 22 280
8 93 72 83 1 0 18 0.00 0.0 0 3.9 12 330 M M 1 3 14 340
9 92 72 82 0 0 17 1.32 0.0 0 5.4 24 340 M M 2 13 32 350
10 93 74 84 2 0 19 0.90 0.0 0 5.9 28 220 M M 2 13 35 220
11 91 73 82 0 0 17 0.78 0.0 0 5.1 20 210 M M 3 13 25 200
12 91 74 83 1 0 18 0.11 0.0 0 4.3 18 200 M M 1 13 23 200
13 92 75 84 2 0 19 0.23 0.0 0 5.0 29 250 M M 3 3 38 240
14 93 76 85 3 0 20 0.01 0.0 0 4.7 22 280 M M 2 3 29 280
15 91 75 83 1 0 18 0.04 0.0 0 5.7 22 260 M M 1 13 30 250
16 95 77 86 4 0 21 0.01 0.0 0 6.0 13 30 M M 2 3 16 30
17 91 75 83 1 0 18 T 0.0 0 3.6 13 110 M M 2 3 16 70
18 90 73 82 1 0 17 0.43 0.0 0 4.4 23 220 M M 2 13 38 210
19 89 72 81 0 0 16 0.59 0.0 0 5.5 15 20 M M 3 13 19 110
20 88 73 81 0 0 16 1.74 0.0 0 4.8 20 150 M M 3 13 24 160
21 88 73 81 0 0 16 T 0.0 0 5.5 16 220 M M 1 21 230
22 88 74 81 0 0 16 0.04 0.0 0 3.3 12 140 M M 2 14 90
23 90 77 84 3 0 19 0.02 0.0 0 6.2 18 70 M M 4 25 60
24 90 80 85 4 0 20 0.13 0.0 0 10.3 22 140 M M 3 13 29 150
25 91 81 86 5 0 21 0.00 0.0 0 7.9 15 100 M M 3 20 140
26 91 77 84 3 0 19 0.00 0.0 0 5.6 14 90 M M 1 18 100
27 91 76 84 3 0 19 0.00 0.0 0 6.0 16 150 M M 2 21 140
28 93 78 86 5 0 21 0.31 0.0 0 4.0 25 240 M M 2 13 32 250
29 91 77 84 3 0 19 0.42 0.0 0 8.5 18 300 M M 2 13 23 300
30 90 74 82 1 0 17 1.32 0.0 0 8.0 24 320 M M 4 13 33 320
31 85 75 80 0 0 15 0.01 0.0 0 5.4 12 210 M M 1 3 17 260
================================================================================
SM 2816 2324 0 564 10.69 0.0 173.0 M 67
================================================================================
AV 90.8 75.0 5.6 FASTST M M 2 MAX(MPH)
MISC ----> 29 250 # 38 240
================================================================================
NOTES:
# LAST OF SEVERAL OCCURRENCES
COLUMN 17 PEAK WIND IN M.P.H.
PRELIMINARY LOCAL CLIMATOLOGICAL DATA (WS FORM: F-6) , PAGE 2
STATION: CRAIG EXEC ARPT
MONTH: AUGUST
YEAR: 2020
LATITUDE: 30 19 N
LONGITUDE: 81 31 W
[TEMPERATURE DATA] [PRECIPITATION DATA] SYMBOLS USED IN COLUMN 16
AVERAGE MONTHLY: 82.9 TOTAL FOR MONTH: 10.69 1 = FOG OR MIST
DPTR FM NORMAL: 1.4 DPTR FM NORMAL: 3.76 2 = FOG REDUCING VISIBILITY
HIGHEST: 95 ON 16, 4 GRTST 24HR 1.74 ON 20-20 TO 1/4 MILE OR LESS
LOWEST: 72 ON 19, 9 3 = THUNDER
SNOW, ICE PELLETS, HAIL 4 = ICE PELLETS
TOTAL MONTH: 0.0 INCH 5 = HAIL
GRTST 24HR 0.0 6 = FREEZING RAIN OR DRIZZLE
GRTST DEPTH: 0 7 = DUSTSTORM OR SANDSTORM:
VSBY 1/2 MILE OR LESS
8 = SMOKE OR HAZE
[NO. OF DAYS WITH] [WEATHER - DAYS WITH] 9 = BLOWING SNOW
X = TORNADO
MAX 32 OR BELOW: 0 0.01 INCH OR MORE: 24
MAX 90 OR ABOVE: 26 0.10 INCH OR MORE: 17
MIN 32 OR BELOW: 0 0.50 INCH OR MORE: 8
MIN 0 OR BELOW: 0 1.00 INCH OR MORE: 3
[HDD (BASE 65) ]
TOTAL THIS MO. 0 CLEAR (SCALE 0-3) 26
DPTR FM NORMAL 0 PTCLDY (SCALE 4-7) 5
TOTAL FM JUL 1 0 CLOUDY (SCALE 8-10) 0
DPTR FM NORMAL 0
[CDD (BASE 65) ]
TOTAL THIS MO. 564
DPTR FM NORMAL 54 [PRESSURE DATA]
TOTAL FM JAN 1 2368 HIGHEST SLP 30.23 ON 9
DPTR FM NORMAL 447 LOWEST SLP 29.81 ON 3
[REMARKS]
#FINAL-08-20#