000
CXUS54 KCRP 011310
CF6CRP
PRELIMINARY LOCAL CLIMATOLOGICAL DATA (WS FORM: F-6)
STATION: CORPUS CHRISTI
MONTH: FEBRUARY
YEAR: 2024
LATITUDE: 27 46 N
LONGITUDE: 97 30 W
TEMPERATURE IN F: :PCPN: SNOW: WIND :SUNSHINE: SKY :PK WND
================================================================================
1 2 3 4 5 6A 6B 7 8 9 10 11 12 13 14 15 16 17 18
12Z AVG MX 2MIN
DY MAX MIN AVG DEP HDD CDD WTR SNW DPTH SPD SPD DIR MIN PSBL S-S WX SPD DR
================================================================================
1 78 54 66 6 0 1 0.00 0.0 0 11.4 22 150 M M 6 27 170
2 76 62 69 9 0 4 0.13 0.0 0 17.2 29 140 M M 7 13 37 150
3 78 55 67 7 0 2 0.53 0.0 0 8.8 29 10 M M 5 13 39 10
4 77 51 64 4 1 0 0.00 0.0 0 17.4 37 310 M M 0 49 300
5 70 49 60 0 5 0 0.00 0.0 0 13.6 28 330 M M 2 41 350
6 72 44 58 -2 7 0 0.00 0.0 0 6.9 13 90 M M 1 1 17 70
7 75 49 62 1 3 0 0.00 0.0 0 17.7 33 140 M M 6 47 160
8 79 61 70 9 0 5 0.00 0.0 0 11.6 21 150 M M 9 27 160
9 81 62 72 11 0 7 0.00 0.0 0 13.8 25 170 M M 8 1 32 170
10 73 68 71 10 0 6 0.12 0.0 0 12.8 25 160 M M 10 1 32 170
11 84 56 70 9 0 5 0.00 0.0 0 14.3 26 10 M M 6 18 45 350
12 68 48 58 -3 7 0 0.00 0.0 0 13.0 25 320 M M 3 38 330
13 71 44 58 -4 7 0 0.00 0.0 0 6.3 15 130 M M 7 20 120
14 70 50 60 -2 5 0 T 0.0 0 9.8 21 120 M M 9 1 25 100
15 77 63 70 8 0 5 0.05 0.0 0 7.2 17 150 M M 10 21 150
16 66 63 65 3 0 0 0.26 0.0 0 4.2 14 20 M M 10 1 17 20
17 63 41 52 -10 13 0 0.01 0.0 0 17.9 30 10 M M 10 1 39 10
18 60 37 49 -13 16 0 0.00 0.0 0 8.7 17 360 M M 3 22 350
19 72 38 55 -8 10 0 0.00 0.0 0 7.6 20 150 M M 1 24 150
20 82 48 65 2 0 0 0.00 0.0 0 12.2 23 150 M M 1 12 32 130
21 82 59 71 8 0 6 0.00 0.0 0 18.4 33 150 M M 2 43 150
22 82 57 70 7 0 5 0.00 0.0 0 8.3 24 170 M M 5 12 33 170
23 82 56 69 6 0 4 0.00 0.0 0 8.8 17 20 M M 5 12 23 50
24 83 52 68 4 0 3 0.00 0.0 0 9.2 22 140 M M 5 28 140
25 87 53 70 6 0 5 0.00 0.0 0 14.6 26 160 M M 3 1 33 150
26 89 59 74 10 0 9 0.00 0.0 0 14.5 28 160 M M 5 1 34 150
27 90 69 80 16 0 15 0.00 0.0 0 16.3 25 190 M M 9 1 32 190
28 72 56 64 0 1 0 T 0.0 0 15.9 30 20 M M 10 12 47 360
29 60 50 55 -9 10 0 T 0.0 0 14.4 23 30 M M 10 30 30
================================================================================
SM 2199 1554 85 82 1.10 0.0 352.8 M 168
================================================================================
AV 75.8 53.6 12.2 FASTST M M 6 MAX(MPH)
MISC ----> 37 310 49 300
================================================================================
NOTES:
# LAST OF SEVERAL OCCURRENCES
COLUMN 17 PEAK WIND IN M.P.H.
PRELIMINARY LOCAL CLIMATOLOGICAL DATA (WS FORM: F-6) , PAGE 2
STATION: CORPUS CHRISTI
MONTH: FEBRUARY
YEAR: 2024
LATITUDE: 27 46 N
LONGITUDE: 97 30 W
[TEMPERATURE DATA] [PRECIPITATION DATA] SYMBOLS USED IN COLUMN 16
AVERAGE MONTHLY: 64.7 TOTAL FOR MONTH: 1.10 1 = FOG OR MIST
DPTR FM NORMAL: 2.8 DPTR FM NORMAL: -0.19 2 = FOG REDUCING VISIBILITY
HIGHEST: 90 ON 27 GRTST 24HR 0.66 ON 2- 3 TO 1/4 MILE OR LESS
LOWEST: 37 ON 18 3 = THUNDER
SNOW, ICE PELLETS, HAIL 4 = ICE PELLETS
TOTAL MONTH: 0.0 INCH 5 = HAIL
GRTST 24HR 0.0 6 = FREEZING RAIN OR DRIZZLE
GRTST DEPTH: 0 7 = DUSTSTORM OR SANDSTORM:
VSBY 1/2 MILE OR LESS
8 = SMOKE OR HAZE
[NO. OF DAYS WITH] [WEATHER - DAYS WITH] 9 = BLOWING SNOW
X = TORNADO
MAX 32 OR BELOW: 0 0.01 INCH OR MORE: 6
MAX 90 OR ABOVE: 1 0.10 INCH OR MORE: 4
MIN 32 OR BELOW: 0 0.50 INCH OR MORE: 1
MIN 0 OR BELOW: 0 1.00 INCH OR MORE: 0
[HDD (BASE 65) ]
TOTAL THIS MO. 85 CLEAR (SCALE 0-3) 9
DPTR FM NORMAL -63 PTCLDY (SCALE 4-7) 10
TOTAL FM JUL 1 587 CLOUDY (SCALE 8-10) 10
DPTR FM NORMAL -143
[CDD (BASE 65) ]
TOTAL THIS MO. 82
DPTR FM NORMAL 20 [PRESSURE DATA]
TOTAL FM JAN 1 96 HIGHEST SLP 30.36 ON 18
DPTR FM NORMAL 0 LOWEST SLP 29.57 ON 3
[REMARKS]
#FINAL-02-24#