000
CXUS54 KCRP 020100
CF6CRP
PRELIMINARY LOCAL CLIMATOLOGICAL DATA (WS FORM: F-6)
STATION: CORPUS CHRISTI
MONTH: FEBRUARY
YEAR: 2022
LATITUDE: 27 46 N
LONGITUDE: 97 30 W
TEMPERATURE IN F: :PCPN: SNOW: WIND :SUNSHINE: SKY :PK WND
================================================================================
1 2 3 4 5 6A 6B 7 8 9 10 11 12 13 14 15 16 17 18
12Z AVG MX 2MIN
DY MAX MIN AVG DEP HDD CDD WTR SNW DPTH SPD SPD DIR MIN PSBL S-S WX SPD DR
================================================================================
1 73 54 64 4 1 0 T 0.0 0 7.1 15 150 M M 6 12 21 10
2 76 54 65 5 0 0 0.02 0.0 0 12.1 23 10 M M 7 1 28 150
3 54 31 43 -17 22 0 0.04 0.0 0 22.2 30 360 M M 10 1 37 340
4 46 28 37 -23 28 0 0.00 0.0 0 20.7 30 340 M M 7 36 340
5 50 26 38 -22 27 0 0.00 0.0 0 8.5 16 30 M M 0 19 30
6 65 33 49 -11 16 0 0.00 0.0 0 8.1 17 40 M M 6 21 50
7 69 47 58 -3 7 0 0.03 0.0 0 11.5 21 350 M M 6 26 40
8 68 34 51 -10 14 0 0.00 0.0 0 6.1 16 140 M M 1 20 80
9 73 34 54 -7 11 0 0.00 0.0 0 6.0 16 80 M M 1 20 90
10 71 40 56 -5 9 0 0.00 0.0 0 6.4 13 110 M M 7 15 100
11 76 40 58 -3 7 0 0.00 0.0 0 8.9 24 150 M M 3 29 150
12 72 41 57 -4 8 0 0.00 0.0 0 15.5 39 10 M M 5 12 46 10
13 66 32 49 -13 16 0 0.00 0.0 0 9.0 17 360 M M 3 20 310
14 69 32 51 -11 14 0 0.00 0.0 0 7.7 23 150 M M 4 27 140
15 77 43 60 -2 5 0 0.00 0.0 0 13.3 30 150 M M 2 1 37 190
16 79 61 70 8 0 5 0.00 0.0 0 23.7 39 160 M M 7 47 150
17 87 46 67 5 0 2 0.00 0.0 0 21.1 36 20 M M 4 44 10
18 63 38 51 -11 14 0 0.00 0.0 0 13.0 31 10 M M 6 36 360
19 63 47 55 -8 10 0 0.00 0.0 0 9.3 15 60 M M 8 19 80
20 72 50 61 -2 4 0 T 0.0 0 8.9 16 90 M M 9 1 19 90
21 84 64 74 11 0 9 0.00 0.0 0 24.3 37 180 M M 7 1 42 180
22 91 65 78 15 0 13 T 0.0 0 18.8 29 150 M M 6 1 33 170
23 71 35 53 -10 12 0 T 0.0 0 15.7 25 10 M M 10 1 30 10
24 50 34 42 -22 23 0 T 0.0 0 13.2 23 10 M M 10 1 27 10
25 42 36 39 -25 26 0 0.02 0.0 0 13.9 23 360 M M 10 1 28 360
26 45 38 42 -22 23 0 0.12 0.0 0 12.1 17 360 M M 10 1 20 10
27 63 41 52 -12 13 0 0.01 0.0 0 13.8 23 350 M M 7 1 26 360
28 64 32 48 -16 17 0 0.00 0.0 0 7.7 15 40 M M 2 21 40
================================================================================
SM 1879 1156 327 29 0.24 0.0 358.6 M 164
================================================================================
AV 67.1 41.3 12.8 FASTST M M 6 MAX(MPH)
MISC ----> # 39 10 47 150
================================================================================
NOTES:
# LAST OF SEVERAL OCCURRENCES
COLUMN 17 PEAK WIND IN M.P.H.
PRELIMINARY LOCAL CLIMATOLOGICAL DATA (WS FORM: F-6) , PAGE 2
STATION: CORPUS CHRISTI
MONTH: FEBRUARY
YEAR: 2022
LATITUDE: 27 46 N
LONGITUDE: 97 30 W
[TEMPERATURE DATA] [PRECIPITATION DATA] SYMBOLS USED IN COLUMN 16
AVERAGE MONTHLY: 54.2 TOTAL FOR MONTH: 0.24 1 = FOG OR MIST
DPTR FM NORMAL: -7.7 DPTR FM NORMAL: -1.05 2 = FOG REDUCING VISIBILITY
HIGHEST: 91 ON 22 GRTST 24HR 0.28 ON 31- 1 TO 1/4 MILE OR LESS
LOWEST: 26 ON 5 3 = THUNDER
SNOW, ICE PELLETS, HAIL 4 = ICE PELLETS
TOTAL MONTH: 0.0 INCH 5 = HAIL
GRTST 24HR 0.0 6 = FREEZING RAIN OR DRIZZLE
GRTST DEPTH: 0 7 = DUSTSTORM OR SANDSTORM:
VSBY 1/2 MILE OR LESS
8 = SMOKE OR HAZE
[NO. OF DAYS WITH] [WEATHER - DAYS WITH] 9 = BLOWING SNOW
X = TORNADO
MAX 32 OR BELOW: 0 0.01 INCH OR MORE: 6
MAX 90 OR ABOVE: 1 0.10 INCH OR MORE: 1
MIN 32 OR BELOW: 6 0.50 INCH OR MORE: 0
MIN 0 OR BELOW: 0 1.00 INCH OR MORE: 0
[HDD (BASE 65) ]
TOTAL THIS MO. 327 CLEAR (SCALE 0-3) 7
DPTR FM NORMAL 179 PTCLDY (SCALE 4-7) 14
TOTAL FM JUL 1 756 CLOUDY (SCALE 8-10) 7
DPTR FM NORMAL 34
[CDD (BASE 65) ]
TOTAL THIS MO. 29
DPTR FM NORMAL -33 [PRESSURE DATA]
TOTAL FM JAN 1 57 HIGHEST SLP 30.67 ON 5
DPTR FM NORMAL -39 LOWEST SLP 29.69 ON 17
[REMARKS]
#FINAL-02-22#