000
CXUS56 KSGX 281045
CF6CRQ
PRELIMINARY LOCAL CLIMATOLOGICAL DATA (WS FORM: F-6)
STATION: CARLSBAD PALOMAR AIRPORT CA
MONTH: MARCH
YEAR: 2024
LATITUDE: 33 7 N
LONGITUDE: 117 17 W
TEMPERATURE IN F: :PCPN: SNOW: WIND :SUNSHINE: SKY :PK WND
================================================================================
1 2 3 4 5 6A 6B 7 8 9 10 11 12 13 14 15 16 17 18
12Z AVG MX 2MIN
DY MAX MIN AVG DEP HDD CDD WTR SNW DPTH SPD SPD DIR MIN PSBL S-S WX SPD DR
================================================================================
1 63 55 59 2 6 0 0.01 M M 5.4 14 260 M M 6 1 17 240
2 62 53 58 1 7 0 0.20 M M 7.4 18 210 M M 10 18 22 210
3 60 51 56 -1 9 0 0.04 M M 4.7 20 240 M M 8 18 23 240
4 60 50 55 -2 10 0 0.03 M M 4.5 15 260 M M 4 1 19 240
5 60 50 55 -2 10 0 0.00 M M 3.8 12 250 M M 4 15 210
6 63 49 56 -1 9 0 T M M 5.6 15 140 M M 6 1 20 140
7 61 49 55 -2 10 0 M M M 4.9 14 260 M M 7 18 240
8 65 49 57 0 8 0 0.00 M M 4.3 13 250 M M 1 8 17 260
9 67 49 58 1 7 0 0.00 M M 2.8 13 260 M M 0 16 240
10 63 47 55 -2 10 0 0.00 M M 3.5 12 260 M M 1 15 280
11 62 49 56 -1 9 0 0.01 M M 4.3 16 260 M M 3 1 23 250
12 61 53 57 0 8 0 0.07 M M 4.7 13 250 M M 7 1 16 240
13 63 53 58 0 7 0 0.00 M M 4.7 12 250 M M 5 17 250
14 68 50 59 1 6 0 T M M 4.5 16 140 M M 5 23 30
15 61 50 56 -2 9 0 0.18 M M 7.1 18 220 M M 6 3 24 220
16 63 50 57 -1 8 0 0.00 M M 5.1 14 250 M M 4 19 260
17 62 49 56 -2 9 0 0.00 M M 3.5 13 240 M M 1 16 250
18 73 49 61 3 4 0 0.01 M M 3.3 16 80 M M 1 3 24 300
19 66 50 58 0 7 0 0.00 M M 3.8 15 240 M M 0 18 230
20 63 53 58 0 7 0 0.00 M M 3.9 12 230 M M 4 12 16 260
21 65 55 60 2 5 0 0.00 M M 3.7 12 250 M M 5 16 260
22 64 52 58 0 7 0 0.00 M M 3.8 12 250 M M 6 128 17 250
23 63 54 59 1 6 0 0.08 M M 8.1 17 270 M M 7 1 24 260
24 60 50 55 -3 10 0 0.18 M M 9.1 18 260 M M 6 31 270
25 61 47 54 -4 11 0 0.00 M M 6.8 16 240 M M 3 21 240
26 61 52 57 -1 8 0 T M M 6.0 15 250 M M 5 21 240
27 62 48 55 -3 10 0 0.00 M M 3.7 12 250 M M 0 18 230
================================================================================
SM 1702 1366 217 0 0.81 M 133.0 M 115
================================================================================
AV 63.0 50.6 4.9 FASTST M M 4 MAX(MPH)
MISC ----> 20 240 31 270
================================================================================
NOTES:
# LAST OF SEVERAL OCCURRENCES
COLUMN 17 PEAK WIND IN M.P.H.
PRELIMINARY LOCAL CLIMATOLOGICAL DATA (WS FORM: F-6) , PAGE 2
STATION: CARLSBAD PALOMAR AIRPORT CA
MONTH: MARCH
YEAR: 2024
LATITUDE: 33 7 N
LONGITUDE: 117 17 W
[TEMPERATURE DATA] [PRECIPITATION DATA] SYMBOLS USED IN COLUMN 16
AVERAGE MONTHLY: 56.8 TOTAL FOR MONTH: 0.81 1 = FOG OR MIST
DPTR FM NORMAL: -0.7 DPTR FM NORMAL: -0.63 2 = FOG REDUCING VISIBILITY
HIGHEST: 73 ON 18 GRTST 24HR 0.26 ON 23-24 TO 1/4 MILE OR LESS
LOWEST: 47 ON 25,10 3 = THUNDER
SNOW, ICE PELLETS, HAIL 4 = ICE PELLETS
TOTAL MONTH: M 5 = HAIL
GRTST 24HR M ON M 6 = FREEZING RAIN OR DRIZZLE
GRTST DEPTH: M ON M 7 = DUSTSTORM OR SANDSTORM:
VSBY 1/2 MILE OR LESS
8 = SMOKE OR HAZE
[NO. OF DAYS WITH] [WEATHER - DAYS WITH] 9 = BLOWING SNOW
X = TORNADO
MAX 32 OR BELOW: 0 0.01 INCH OR MORE: 10
MAX 90 OR ABOVE: 0 0.10 INCH OR MORE: 3
MIN 32 OR BELOW: 0 0.50 INCH OR MORE: 0
MIN 0 OR BELOW: 0 1.00 INCH OR MORE: 0
[HDD (BASE 65) ]
TOTAL THIS MO. 217 CLEAR (SCALE 0-3) 8
DPTR FM NORMAL 11 PTCLDY (SCALE 4-7) 17
TOTAL FM JUL 1 842 CLOUDY (SCALE 8-10) 2
DPTR FM NORMAL -357
[CDD (BASE 65) ]
TOTAL THIS MO. 0
DPTR FM NORMAL 0 [PRESSURE DATA]
TOTAL FM JAN 1 0 HIGHEST SLP M ON M
DPTR FM NORMAL -8 LOWEST SLP 29.72 ON 14
[REMARKS]