000
CXUS52 KFFC 011010
CF6CSG
PRELIMINARY LOCAL CLIMATOLOGICAL DATA (WS FORM: F-6)
STATION: COLUMBUS
MONTH: AUGUST
YEAR: 2020
LATITUDE: 32 31 N
LONGITUDE: 84 56 W
TEMPERATURE IN F: :PCPN: SNOW: WIND :SUNSHINE: SKY :PK WND
================================================================================
1 2 3 4 5 6A 6B 7 8 9 10 11 12 13 14 15 16 17 18
12Z AVG MX 2MIN
DY MAX MIN AVG DEP HDD CDD WTR SNW DPTH SPD SPD DIR MIN PSBL S-S WX SPD DR
================================================================================
1 93 74 84 1 0 19 0.00 0.0 M 5.8 16 230 M M 4 38 22 230
2 96 74 85 2 0 20 0.00 M M 2.0 9 320 M M 1 12 140
3 95 73 84 2 0 19 2.51 M M 4.7 38 140 M M 2 138 52 170
4 94 71 83 1 0 18 0.00 M M 2.0 12 320 M M 0 15 300
5 95 73 84 2 0 19 0.00 M M 4.1 16 150 M M 1 20 160
6 94 73 84 2 0 19 T M M 4.6 14 310 M M 2 3 20 250
7 95 74 85 3 0 20 T M M 3.4 10 290 M M 4 3 14 310
8 93 74 84 2 0 19 T M M 3.3 21 170 M M 1 38 26 210
9 96 73 85 3 0 20 0.01 0.0 M 2.8 21 230 M M 1 3 28 240
10 95 73 84 2 0 19 0.76 0.0 M 4.6 23 310 M M 2 13 32 310
11 94 73 84 2 0 19 T 0.0 M 4.2 15 310 M M 1 3 20 330
12 97 73 85 3 0 20 1.84 0.0 M 3.7 28 150 M M 2 123 41 150
13 93 73 83 1 0 18 0.00 0.0 M 3.4 12 220 M M 2 16 230
14 92 77 85 3 0 20 T M M 4.9 23 230 M M 3 3 31 230
15 88 74 81 -1 0 16 1.00 M M 3.7 31 320 M M 7 123 46 320
16 94 73 84 2 0 19 0.00 M M 4.3 14 330 M M 1 21 330
17 95 73 84 2 0 19 0.00 M M M M M M M 2 M M
18 95 73 84 2 0 19 0.00 0.0 M 3.3 12 350 M M 0 17 350
19 89 72 81 -1 0 16 T M M 5.3 13 50 M M 1 18 40
20 86 70 78 -4 0 13 0.03 M M 5.1 23 150 M M 2 3 32 150
21 86 72 79 -3 0 14 0.07 0.0 M 3.9 13 220 M M 6 1 16 220
22 89 70 80 -2 0 15 0.00 0.0 M 5.0 15 160 M M 3 19 170
23 90 72 81 -1 0 16 0.08 0.0 M 3.6 20 150 M M 4 1 26 160
24 84 75 80 -2 0 15 0.25 0.0 M 7.9 15 100 M M 7 1 23 120
25 88 74 81 0 0 16 0.21 0.0 M 6.8 14 90 M M 6 1 18 90
26 95 77 86 5 0 21 0.00 0.0 M 5.6 10 110 M M 4 14 120
27 94 76 85 4 0 20 0.01 M M 5.8 23 240 M M 2 3 32 270
28 91 76 84 3 0 19 0.14 M M 5.4 18 210 M M 6 13 28 210
29 90 76 83 2 0 18 T M M 7.9 18 290 M M 7 24 280
30 91 76 84 3 0 19 0.02 M M 5.1 26 210 M M 6 3 36 180
31 93 76 85 5 0 20 0.00 M M 5.1 13 340 M M 6 16 340
================================================================================
SM 2860 2283 0 564 6.93 0.0 137.3 M 96
================================================================================
AV 92.3 73.6 4.6 FASTST M M 3 MAX(MPH)
MISC ----> 38 140 52 170
================================================================================
NOTES:
# LAST OF SEVERAL OCCURRENCES
COLUMN 17 PEAK WIND IN M.P.H.
PRELIMINARY LOCAL CLIMATOLOGICAL DATA (WS FORM: F-6) , PAGE 2
STATION: COLUMBUS
MONTH: AUGUST
YEAR: 2020
LATITUDE: 32 31 N
LONGITUDE: 84 56 W
[TEMPERATURE DATA] [PRECIPITATION DATA] SYMBOLS USED IN COLUMN 16
AVERAGE MONTHLY: 83.0 TOTAL FOR MONTH: 6.93 1 = FOG OR MIST
DPTR FM NORMAL: 1.1 DPTR FM NORMAL: 3.16 2 = FOG REDUCING VISIBILITY
HIGHEST: 97 ON 12 GRTST 24HR 2.51 ON 3- 3 TO 1/4 MILE OR LESS
LOWEST: 70 ON 22,20 3 = THUNDER
SNOW, ICE PELLETS, HAIL 4 = ICE PELLETS
TOTAL MONTH: 0.0 INCH 5 = HAIL
GRTST 24HR 0.0 6 = FREEZING RAIN OR DRIZZLE
GRTST DEPTH: M ON M 7 = DUSTSTORM OR SANDSTORM:
VSBY 1/2 MILE OR LESS
8 = SMOKE OR HAZE
[NO. OF DAYS WITH] [WEATHER - DAYS WITH] 9 = BLOWING SNOW
X = TORNADO
MAX 32 OR BELOW: 0 0.01 INCH OR MORE: 13
MAX 90 OR ABOVE: 24 0.10 INCH OR MORE: 7
MIN 32 OR BELOW: 0 0.50 INCH OR MORE: 4
MIN 0 OR BELOW: 0 1.00 INCH OR MORE: 3
[HDD (BASE 65) ]
TOTAL THIS MO. 0 CLEAR (SCALE 0-3) 17
DPTR FM NORMAL 0 PTCLDY (SCALE 4-7) 14
TOTAL FM JUL 1 0 CLOUDY (SCALE 8-10) 0
DPTR FM NORMAL 0
[CDD (BASE 65) ]
TOTAL THIS MO. 564
DPTR FM NORMAL 40 [PRESSURE DATA]
TOTAL FM JAN 1 2024 HIGHEST SLP 30.16 ON 9
DPTR FM NORMAL 152 LOWEST SLP 29.77 ON 30
[REMARKS]
#FINAL-08-20#