000
CXUS55 KOHX 011210
CF6CSV
PRELIMINARY LOCAL CLIMATOLOGICAL DATA (WS FORM: F-6)
STATION: CROSSVILLE
MONTH: FEBRUARY
YEAR: 2021
LATITUDE: 35 57 N
LONGITUDE: 85 5 W
TEMPERATURE IN F: :PCPN: SNOW: WIND :SUNSHINE: SKY :PK WND
================================================================================
1 2 3 4 5 6A 6B 7 8 9 10 11 12 13 14 15 16 17 18
12Z AVG MX 2MIN
DY MAX MIN AVG DEP HDD CDD WTR SNW DPTH SPD SPD DIR MIN PSBL S-S WX SPD DR
================================================================================
1 31 26 29 -8 36 0 T M M 13.5 23 290 M M 10 18 34 320
2 34 23 29 -8 36 0 0.00 M M 12.3 21 330 M M 7 1 31 310
3 41 23 32 -5 33 0 0.00 M M 5.2 15 340 M M 4 22 330
4 43 21 32 -5 33 0 0.25 M M 7.2 21 170 M M 4 1 37 160
5 44 27 36 -1 29 0 0.02 M M 8.4 21 270 M M 3 1 37 280
6 43 27 35 -2 30 0 0.21 M M 4.2 17 290 M M 4 1 26 280
7 32 25 29 -9 36 0 0.23 M M 4.8 12 20 M M 10 12 17 10
8 48 23 36 -2 29 0 0.00 M M 4.4 14 180 M M 5 128 27 180
9 51 40 46 8 19 0 T M M 5.3 15 260 M M 8 1 25 220
10 64 37 51 13 14 0 0.00 M M 5.4 14 190 M M 7 1 23 180
11 46 32 39 1 26 0 0.53 M M 5.8 13 60 M M 10 1 16 60
12 33 28 31 -8 34 0 0.00 M M 6.4 12 20 M M 10 12 16 30
13 34 27 31 -8 34 0 T M M 5.9 14 20 M M 10 126 18 20
14 29 27 28 -11 37 0 0.00 M M 7.9 14 40 M M 10 1 19 30
15 44 22 33 -6 32 0 0.74 M M 8.2 20 270 M M 10 16 29 260
16 22 11 17 -23 48 0 T M M 9.6 18 270 M M 10 18 25 250
17 40 11 26 -14 39 0 0.40 M M 5.7 14 80 M M 5 12 17 80
18 37 26 32 -8 33 0 0.14 M M 5.8 14 320 M M 10 16 19 340
19 34 20 27 -13 38 0 0.00 M M 6.9 14 20 M M 6 18 22 360
20 42 15 29 -11 36 0 0.00 M M 2.5 10 280 M M 1 1 17 240
21 51 23 37 -4 28 0 0.00 M M 6.6 18 170 M M 0 33 200
22 48 34 41 0 24 0 0.12 M M 10.7 22 260 M M 6 1 32 200
23 61 35 48 7 17 0 0.00 M M 7.3 21 280 M M 0 29 260
24 67 39 53 11 12 0 0.00 M M 6.4 20 260 M M 2 29 250
25 61 41 51 9 14 0 0.00 M M 6.7 15 310 M M 3 22 320
26 52 39 46 4 19 0 0.60 M M 6.8 15 160 M M 8 1 26 150
27 60 52 56 14 9 0 0.37 M M 6.5 16 200 M M 10 1 31 220
28 69 52 61 18 4 0 0.56 M M 9.6 17 340 M M 9 1 30 180
================================================================================
SM 1261 806 779 0 4.17 M 196.0 M 182
================================================================================
AV 45.0 28.8 7.0 FASTST M M 7 MAX(MPH)
MISC ----> 23 290 # 37 160
================================================================================
NOTES:
# LAST OF SEVERAL OCCURRENCES
COLUMN 17 PEAK WIND IN M.P.H.
PRELIMINARY LOCAL CLIMATOLOGICAL DATA (WS FORM: F-6) , PAGE 2
STATION: CROSSVILLE
MONTH: FEBRUARY
YEAR: 2021
LATITUDE: 35 57 N
LONGITUDE: 85 5 W
[TEMPERATURE DATA] [PRECIPITATION DATA] SYMBOLS USED IN COLUMN 16
AVERAGE MONTHLY: 36.9 TOTAL FOR MONTH: 4.17 1 = FOG OR MIST
DPTR FM NORMAL: -2.4 DPTR FM NORMAL: -0.29 2 = FOG REDUCING VISIBILITY
HIGHEST: 69 ON 28 GRTST 24HR 0.75 ON 26-27 TO 1/4 MILE OR LESS
LOWEST: 11 ON 17,16 3 = THUNDER
SNOW, ICE PELLETS, HAIL 4 = ICE PELLETS
TOTAL MONTH: M 5 = HAIL
GRTST 24HR M ON M 6 = FREEZING RAIN OR DRIZZLE
GRTST DEPTH: M ON M 7 = DUSTSTORM OR SANDSTORM:
VSBY 1/2 MILE OR LESS
8 = SMOKE OR HAZE
[NO. OF DAYS WITH] [WEATHER - DAYS WITH] 9 = BLOWING SNOW
X = TORNADO
MAX 32 OR BELOW: 4 0.01 INCH OR MORE: 12
MAX 90 OR ABOVE: 0 0.10 INCH OR MORE: 11
MIN 32 OR BELOW: 19 0.50 INCH OR MORE: 4
MIN 0 OR BELOW: 0 1.00 INCH OR MORE: 0
[HDD (BASE 65) ]
TOTAL THIS MO. 779 CLEAR (SCALE 0-3) 6
DPTR FM NORMAL 59 PTCLDY (SCALE 4-7) 9
TOTAL FM JUL 1 3227 CLOUDY (SCALE 8-10) 13
DPTR FM NORMAL -68
[CDD (BASE 65) ]
TOTAL THIS MO. 0
DPTR FM NORMAL 0 [PRESSURE DATA]
TOTAL FM JAN 1 0 HIGHEST SLP 30.44 ON 20
DPTR FM NORMAL 0 LOWEST SLP 29.59 ON 15
[REMARKS]
#FINAL-02-21#