000
CXUS52 KTAE 010800
CF6CTY
PRELIMINARY LOCAL CLIMATOLOGICAL DATA (WS FORM: F-6)
STATION: CROSS CITY
MONTH: OCTOBER
YEAR: 2021
LATITUDE: 29 37 N
LONGITUDE: 83 6 W
TEMPERATURE IN F: :PCPN: SNOW: WIND :SUNSHINE: SKY :PK WND
================================================================================
1 2 3 4 5 6A 6B 7 8 9 10 11 12 13 14 15 16 17 18
12Z AVG MX 2MIN
DY MAX MIN AVG DEP HDD CDD WTR SNW DPTH SPD SPD DIR MIN PSBL S-S WX SPD DR
================================================================================
1 90 67 79 3 0 14 0.00 0.0 0 4.1 9 90 M M 2 1 M M
2 90 69 80 4 0 15 0.00 0.0 0 3.9 9 250 M M 4 1 M M
3 86 70 78 3 0 13 0.00 0.0 0 2.6 7 270 M M 3 M M
4 89 70 80 5 0 15 0.00 0.0 0 2.6 7 30 M M 3 M M
5 85 72 79 4 0 14 0.02 0.0 0 3.0 8 90 M M 4 21 90
6 82 73 78 4 0 13 0.15 0.0 0 2.7 9 310 M M 4 1 M M
7 85 72 79 5 0 14 0.70 0.0 M 1.6 9 70 M M 2 1 M M
8 86 72 79 5 0 14 0.00 0.0 M 2.2 12 350 M M 6 1 M M
9 85 69 77 3 0 12 0.00 0.0 M 3.7 10 20 M M 6 12 M M
10 83 64 74 1 0 9 0.00 0.0 0 5.2 14 20 M M 1 20 20
11 86 62 74 1 0 9 0.00 0.0 0 2.3 9 60 M M 3 M M
12 88 68 78 6 0 13 0.00 0.0 0 5.4 13 30 M M 4 M M
13 89 68 79 7 0 14 0.00 0.0 0 4.1 7 70 M M 3 M M
14 90 68 79 7 0 14 0.00 0.0 0 3.5 M M M M 1 18 M M
15 88 66 77 5 0 12 0.00 0.0 0 1.3 M M M M 2 M M
16 87 65 76 5 0 11 0.06 0.0 0 4.0 M M M M 4 18 250
17 77 54 66 -5 0 1 0.00 0.0 0 8.7 M M M M 0 M M
18 79 48 64 -6 1 0 0.00 M M 4.7 10 20 M M 0 M M
19 83 54 69 -1 0 4 0.00 M M 4.6 10 70 M M 1 M M
20 84 56 70 0 0 5 0.00 0.0 M 2.1 7 120 M M 0 M M
21 85 59 72 3 0 7 0.00 0.0 0 3.0 10 240 M M 1 M M
22 85 62 74 5 0 9 0.00 0.0 M 2.9 9 300 M M 2 M M
23 85 61 73 4 0 8 0.00 0.0 0 2.5 7 350 M M 1 12 M M
24 86 58 72 4 0 7 0.54 0.0 0 3.7 9 190 M M 3 1 M M
25 85 71 78 10 0 13 0.25 0.0 0 5.1 14 270 M M 6 1 22 260
26 83 59 71 3 0 6 0.00 M M 6.0 14 260 M M 1 17 260
27 78 53 66 -1 0 1 0.00 0.0 M 1.3 6 240 M M 0 M M
28 81 58 70 3 0 5 1.45 0.0 0 7.0 16 240 M M 9 13 25 220
29 74 56 65 -1 0 0 0.07 0.0 0 6.2 15 240 M M 8 35 240
30 70 52 61 -5 4 0 0.00 0.0 0 6.0 20 280 M M 6 24 280
31 64 49 57 -9 8 0 0.00 M M 3.4 9 300 M M 5 M M
================================================================================
SM 2588 1945 13 272 3.24 0.0 119.4 M 95
================================================================================
AV 83.5 62.7 3.9 FASTST M M 3 MAX(MPH)
MISC ----> 20 280 35 240
================================================================================
NOTES:
# LAST OF SEVERAL OCCURRENCES
COLUMN 17 PEAK WIND IN M.P.H.
PRELIMINARY LOCAL CLIMATOLOGICAL DATA (WS FORM: F-6) , PAGE 2
STATION: CROSS CITY
MONTH: OCTOBER
YEAR: 2021
LATITUDE: 29 37 N
LONGITUDE: 83 6 W
[TEMPERATURE DATA] [PRECIPITATION DATA] SYMBOLS USED IN COLUMN 16
AVERAGE MONTHLY: 73.1 TOTAL FOR MONTH: 3.24 1 = FOG OR MIST
DPTR FM NORMAL: 2.1 DPTR FM NORMAL: 1.01 2 = FOG REDUCING VISIBILITY
HIGHEST: 90 ON 14, 2 GRTST 24HR 1.45 ON 28-28 TO 1/4 MILE OR LESS
LOWEST: 48 ON 18 3 = THUNDER
SNOW, ICE PELLETS, HAIL 4 = ICE PELLETS
TOTAL MONTH: 0.0 INCH 5 = HAIL
GRTST 24HR 0.0 6 = FREEZING RAIN OR DRIZZLE
GRTST DEPTH: 0 7 = DUSTSTORM OR SANDSTORM:
VSBY 1/2 MILE OR LESS
8 = SMOKE OR HAZE
[NO. OF DAYS WITH] [WEATHER - DAYS WITH] 9 = BLOWING SNOW
X = TORNADO
MAX 32 OR BELOW: 0 0.01 INCH OR MORE: 8
MAX 90 OR ABOVE: 3 0.10 INCH OR MORE: 5
MIN 32 OR BELOW: 0 0.50 INCH OR MORE: 3
MIN 0 OR BELOW: 0 1.00 INCH OR MORE: 1
[HDD (BASE 65) ]
TOTAL THIS MO. 13 CLEAR (SCALE 0-3) 19
DPTR FM NORMAL -19 PTCLDY (SCALE 4-7) 11
TOTAL FM JUL 1 13 CLOUDY (SCALE 8-10) 1
DPTR FM NORMAL -16
[CDD (BASE 65) ]
TOTAL THIS MO. 272
DPTR FM NORMAL 53 [PRESSURE DATA]
TOTAL FM JAN 1 2613 HIGHEST SLP M ON M
DPTR FM NORMAL -1 LOWEST SLP M ON M
[REMARKS]
#FINAL-10-21#