000
CXUS52 KTAE 010800
CF6CTY
PRELIMINARY LOCAL CLIMATOLOGICAL DATA (WS FORM: F-6)
STATION: CROSS CITY
MONTH: JULY
YEAR: 2020
LATITUDE: 29 37 N
LONGITUDE: 83 6 W
TEMPERATURE IN F: :PCPN: SNOW: WIND :SUNSHINE: SKY :PK WND
================================================================================
1 2 3 4 5 6A 6B 7 8 9 10 11 12 13 14 15 16 17 18
12Z AVG MX 2MIN
DY MAX MIN AVG DEP HDD CDD WTR SNW DPTH SPD SPD DIR MIN PSBL S-S WX SPD DR
================================================================================
1 90 72 81 0 0 16 0.01 0.0 0 4.6 16 250 M M 2 3 28 250
2 92 72 82 1 0 17 0.00 0.0 0 6.9 16 270 M M 1 3 22 250
3 88 73 81 0 0 16 0.60 0.0 0 3.1 9 340 M M 2 13 M M
4 87 72 80 -1 0 15 1.18 0.0 0 3.5 14 220 M M 3 13 25 220
5 88 73 81 0 0 16 0.18 0.0 0 4.1 12 170 M M 2 13 M M
6 85 74 80 -1 0 15 0.50 0.0 0 5.6 12 220 M M 3 3 M M
7 90 73 82 1 0 17 0.24 0.0 0 6.4 16 260 M M 3 13 23 260
8 91 75 83 2 0 18 0.00 0.0 0 8.2 16 280 M M 3 3 21 260
9 91 77 84 3 0 19 0.00 0.0 0 8.4 M M M M 1 M M
10 94 77 86 5 0 21 0.01 0.0 0 6.6 13 260 M M 3 13 M M
11 96 75 86 5 0 21 0.00 0.0 0 6.9 14 260 M M 3 13 M M
12 94 71 83 2 0 18 0.00 0.0 0 4.2 13 280 M M 1 1 17 280
13 93 72 83 2 0 18 0.00 0.0 0 6.0 13 250 M M 1 3 21 240
14 94 76 85 4 0 20 0.00 0.0 0 5.6 14 260 M M 2 1 17 230
15 94 72 83 2 0 18 0.00 0.0 0 4.6 15 110 M M 2 13 23 110
16 96 70 83 1 0 18 0.88 0.0 0 3.9 12 30 M M 2 3 20 30
17 96 73 85 3 0 20 0.00 0.0 0 4.7 9 110 M M 1 18 M M
18 95 73 84 2 0 19 0.01 0.0 0 3.6 8 60 M M 2 13 M M
19 95 71 83 1 0 18 0.00 0.0 0 3.2 6 130 M M 2 38 M M
20 95 72 84 2 0 19 0.00 0.0 0 4.0 9 80 M M 1 8 17 100
21 97 74 86 4 0 21 0.88 0.0 0 4.4 22 160 M M 2 3 31 160
22 93 70 82 0 0 17 0.38 0.0 0 4.1 14 160 M M 2 3 22 160
23 93 73 83 1 0 18 0.70 0.0 0 4.0 9 140 M M 2 13 21 140
24 96 70 83 1 0 18 0.00 0.0 0 4.1 10 160 M M 2 138 21 160
25 96 73 85 3 0 20 0.32 0.0 0 4.4 10 350 M M 2 3 M M
26 94 72 83 1 0 18 1.06 0.0 0 3.9 8 360 M M 3 13 M M
27 90 73 82 0 0 17 2.29 0.0 0 3.2 14 310 M M 2 13 23 310
28 85 72 79 -3 0 14 0.74 0.0 0 1.2 7 320 M M 1 13 M M
29 86 74 80 -2 0 15 0.13 0.0 0 3.1 M M M M 2 13 M M
30 90 75 83 1 0 18 0.05 0.0 0 3.9 12 250 M M 0 1 M M
31 93 72 83 1 0 18 0.00 0.0 0 3.8 10 270 M M 0 1 M M
================================================================================
SM 2857 2261 0 553 10.16 0.0 144.2 M 58
================================================================================
AV 92.2 72.9 4.7 FASTST M M 2 MAX(MPH)
MISC ----> # 22 160 # 31 160
================================================================================
NOTES:
# LAST OF SEVERAL OCCURRENCES
COLUMN 17 PEAK WIND IN M.P.H.
PRELIMINARY LOCAL CLIMATOLOGICAL DATA (WS FORM: F-6) , PAGE 2
STATION: CROSS CITY
MONTH: JULY
YEAR: 2020
LATITUDE: 29 37 N
LONGITUDE: 83 6 W
[TEMPERATURE DATA] [PRECIPITATION DATA] SYMBOLS USED IN COLUMN 16
AVERAGE MONTHLY: 82.6 TOTAL FOR MONTH: 10.16 1 = FOG OR MIST
DPTR FM NORMAL: 1.1 DPTR FM NORMAL: 4.50 2 = FOG REDUCING VISIBILITY
HIGHEST: 97 ON 21 GRTST 24HR 2.29 ON 27-27 TO 1/4 MILE OR LESS
LOWEST: 70 ON 24,22 3 = THUNDER
SNOW, ICE PELLETS, HAIL 4 = ICE PELLETS
TOTAL MONTH: 0.0 INCH 5 = HAIL
GRTST 24HR 0.0 6 = FREEZING RAIN OR DRIZZLE
GRTST DEPTH: 0 7 = DUSTSTORM OR SANDSTORM:
VSBY 1/2 MILE OR LESS
8 = SMOKE OR HAZE
[NO. OF DAYS WITH] [WEATHER - DAYS WITH] 9 = BLOWING SNOW
X = TORNADO
MAX 32 OR BELOW: 0 0.01 INCH OR MORE: 18
MAX 90 OR ABOVE: 25 0.10 INCH OR MORE: 14
MIN 32 OR BELOW: 0 0.50 INCH OR MORE: 9
MIN 0 OR BELOW: 0 1.00 INCH OR MORE: 3
[HDD (BASE 65) ]
TOTAL THIS MO. 0 CLEAR (SCALE 0-3) 28
DPTR FM NORMAL 0 PTCLDY (SCALE 4-7) 3
TOTAL FM JUL 1 0 CLOUDY (SCALE 8-10) 0
DPTR FM NORMAL 0
[CDD (BASE 65) ]
TOTAL THIS MO. 553
DPTR FM NORMAL 45 [PRESSURE DATA]
TOTAL FM JAN 1 1719 HIGHEST SLP 30.20 ON 17
DPTR FM NORMAL 285 LOWEST SLP 29.83 ON 12
[REMARKS]
#FINAL-07-20#