000
CXUS52 KCAE 011400
CF6CUB
PRELIMINARY LOCAL CLIMATOLOGICAL DATA (WS FORM: F-6)
STATION: HAMILTON - OWENS AIRPORT SC
MONTH: AUGUST
YEAR: 2023
LATITUDE: 33 58 N
LONGITUDE: 80 59 W
TEMPERATURE IN F: :PCPN: SNOW: WIND :SUNSHINE: SKY :PK WND
================================================================================
1 2 3 4 5 6A 6B 7 8 9 10 11 12 13 14 15 16 17 18
12Z AVG MX 2MIN
DY MAX MIN AVG DEP HDD CDD WTR SNW DPTH SPD SPD DIR MIN PSBL S-S WX SPD DR
================================================================================
1 91 71 81 -2 0 16 0.36 M M 2.7 10 160 M M 4 1 14 130
2 87 71 79 -4 0 14 0.00 M M 2.8 12 160 M M 3 17 160
3 80 72 76 -7 0 11 0.22 M M 2.5 12 190 M M 5 1 15 160
4 87 72 80 -3 0 15 0.03 M M 2.1 8 340 M M 7 1 13 310
5 94 72 83 0 0 18 0.00 M M 2.3 12 160 M M 1 1 15 160
6 94 72 83 0 0 18 1.01 M M 2.3 16 310 M M 2 1238 26 310
7 95 72 84 1 0 19 0.25 M M 6.3 18 240 M M 2 138 39 200
8 92 73 83 0 0 18 0.00 M M 7.1 17 270 M M 1 23 250
9 92 72 82 -1 0 17 0.00 M M 3.1 10 260 M M 1 18 15 270
10 93 73 83 1 0 18 0.00 M M 7.4 23 250 M M 1 8 32 270
11 86 71 79 -3 0 14 0.47 M M 2.1 18 270 M M 4 13 24 280
12 95 71 83 1 0 18 0.00 M M 2.9 15 320 M M 1 23 300
13 97 72 85 3 0 20 0.00 M M 3.6 13 210 M M 1 18 280
14 97 77 87 5 0 22 T M M 4.6 14 230 M M 1 18 220
15 100 78 89 7 0 24 0.01 M M 6.1 30 250 M M 2 38 45 240
16 87 73 80 -2 0 15 0.03 M M 3.0 9 250 M M 4 1 13 260
17 91 73 82 0 0 17 0.00 M M 3.7 14 210 M M 5 20 210
18 94 68 81 -1 0 16 0.00 M M 2.4 13 300 M M 2 17 300
19 93 72 83 1 0 18 0.00 M M 2.9 12 70 M M 1 19 70
20 95 74 85 3 0 20 0.00 M M 1.9 9 160 M M 3 14 150
21 99 75 87 6 0 22 0.00 M M 2.2 12 210 M M 3 15 200
22 98 75 87 6 0 22 0.00 M M 1.1 8 60 M M 1 14 70
23 92 72 82 1 0 17 0.00 M M 3.3 10 20 M M 2 8 18 70
24 96 67 82 1 0 17 0.00 M M 3.3 13 170 M M 0 16 180
25 97 73 85 4 0 20 0.04 M M 2.3 9 180 M M 1 8 13 20
26 100 76 88 7 0 23 0.05 M M 4.4 14 180 M M 1 13 19 40
27 97 73 85 4 0 20 1.50 M M 2.7 17 260 M M 3 13 24 30
28 91 73 82 2 0 17 0.04 M M 1.2 9 150 M M 3 1 12 150
29 89 75 82 2 0 17 0.21 M M 2.3 13 220 M M 3 138 17 270
30 79 72 76 -4 0 11 1.77 M M 3.7 14 30 M M 8 1 28 40
31 87 71 79 -1 0 14 0.00 M M 4.5 14 310 M M 3 24 320
================================================================================
SM 2865 2251 0 548 5.99 M 102.8 M 79
================================================================================
AV 92.4 72.6 3.3 FASTST M M 3 MAX(MPH)
MISC ----> 30 250 45 240
================================================================================
NOTES:
# LAST OF SEVERAL OCCURRENCES
COLUMN 17 PEAK WIND IN M.P.H.
PRELIMINARY LOCAL CLIMATOLOGICAL DATA (WS FORM: F-6) , PAGE 2
STATION: HAMILTON - OWENS AIRPORT SC
MONTH: AUGUST
YEAR: 2023
LATITUDE: 33 58 N
LONGITUDE: 80 59 W
[TEMPERATURE DATA] [PRECIPITATION DATA] SYMBOLS USED IN COLUMN 16
AVERAGE MONTHLY: 82.5 TOTAL FOR MONTH: 5.99 1 = FOG OR MIST
DPTR FM NORMAL: 0.7 DPTR FM NORMAL: 1.34 2 = FOG REDUCING VISIBILITY
HIGHEST: 100 ON 26,15 GRTST 24HR 1.77 ON 30-30 TO 1/4 MILE OR LESS
LOWEST: 67 ON 24 3 = THUNDER
SNOW, ICE PELLETS, HAIL 4 = ICE PELLETS
TOTAL MONTH: M 5 = HAIL
GRTST 24HR M ON M 6 = FREEZING RAIN OR DRIZZLE
GRTST DEPTH: M ON M 7 = DUSTSTORM OR SANDSTORM:
VSBY 1/2 MILE OR LESS
8 = SMOKE OR HAZE
[NO. OF DAYS WITH] [WEATHER - DAYS WITH] 9 = BLOWING SNOW
X = TORNADO
MAX 32 OR BELOW: 0 0.01 INCH OR MORE: 14
MAX 90 OR ABOVE: 23 0.10 INCH OR MORE: 8
MIN 32 OR BELOW: 0 0.50 INCH OR MORE: 3
MIN 0 OR BELOW: 0 1.00 INCH OR MORE: 3
[HDD (BASE 65) ]
TOTAL THIS MO. 0 CLEAR (SCALE 0-3) 22
DPTR FM NORMAL 0 PTCLDY (SCALE 4-7) 9
TOTAL FM JUL 1 0 CLOUDY (SCALE 8-10) 0
DPTR FM NORMAL 0
[CDD (BASE 65) ]
TOTAL THIS MO. 548
DPTR FM NORMAL 27 [PRESSURE DATA]
TOTAL FM JAN 1 1750 HIGHEST SLP 30.21 ON 2
DPTR FM NORMAL -178 LOWEST SLP 29.52 ON 30
[REMARKS]
#FINAL-08-23#