000
CXUS53 KUNR 011030
CF6CUT
PRELIMINARY LOCAL CLIMATOLOGICAL DATA (WS FORM: F-6)
STATION: CUSTER COUNTY AIRPORT SD
MONTH: FEBRUARY
YEAR: 2021
LATITUDE: 43 43 N
LONGITUDE: 103 37 W
TEMPERATURE IN F: :PCPN: SNOW: WIND :SUNSHINE: SKY :PK WND
================================================================================
1 2 3 4 5 6A 6B 7 8 9 10 11 12 13 14 15 16 17 18
12Z AVG MX 2MIN
DY MAX MIN AVG DEP HDD CDD WTR SNW DPTH SPD SPD DIR MIN PSBL S-S WX SPD DR
================================================================================
1 51 27 39 15 26 0 0.00 M M 6.2 14 260 M M 0 21 260
2 58 28 43 19 22 0 0.00 M M 7.9 18 260 M M 0 24 260
3 48 22 35 11 30 0 0.00 M M 11.7 28 270 M M 2 47 270
4 26 17 22 -2 43 0 0.01 M M 10.8 25 280 M M 5 1 43 280
5 27 8 18 -6 47 0 0.12 M M 7.8 14 50 M M 8 1 22 270
6 8 0 4 -20 61 0 0.07 M M 5.0 12 200 M M 10 18 18 240
7 6 -9 -1 -26 66 0 0.16 M M 4.4 10 90 M M 10 128 14 330
8 16 -9 4 -21 61 0 0.00 M M 4.2 10 240 M M 7 18 15 210
9 9 -9 0 -25 65 0 0.00 M M 4.1 9 230 M M 6 1 12 240
10 7 -6 1 -24 64 0 0.02 M M 3.4 9 170 M M 9 18 14 180
11 -1 -17 -9 -34 74 0 0.12 M M 5.3 12 250 M M 10 18 17 230
12 -2 -17 -9 -34 74 0 0.14 M M 3.6 9 260 M M 10 18 14 270
13 -3 -19 -11 -36 76 0 0.02 M M 3.9 9 180 M M 7 18 18 160
14 1 -21 -10 -35 75 0 0.00 M M 3.2 7 180 M M 3 13 200
15 16 -19 -1 -27 66 0 0.00 M M 3.6 10 230 M M 6 20 230
16 33 5 19 -7 46 0 0.00 M M 4.4 16 260 M M 5 21 220
17 25 1 13 -13 52 0 0.00 M M 3.3 10 170 M M 8 18 18 140
18 22 -3 10 -16 55 0 0.00 M M 6.5 18 280 M M 2 31 320
19 36 3 20 -6 45 0 0.00 M M 7.4 21 270 M M 1 29 280
20 34 11 23 -3 42 0 0.01 M M 3.9 13 360 M M 3 1 19 30
21 31 11 21 -5 44 0 0.00 M M 10.5 25 290 M M 2 42 280
22 46 26 36 9 29 0 0.00 M M 13.1 30 280 M M 0 49 290
23 38 21 30 3 35 0 T M M 11.7 22 290 M M 4 40 330
24 29 8 19 -8 46 0 T M M 7.0 18 290 M M 1 30 290
25 32 7 20 -7 45 0 0.00 M M 10.2 22 270 M M 0 34 260
26 33 17 25 -3 40 0 T M M 6.3 18 280 M M 4 26 260
27 29 12 21 -7 44 0 0.21 M M 5.0 15 350 M M 6 128 24 330
28 27 8 18 -10 47 0 0.00 M M 8.9 23 260 M M 1 34 260
================================================================================
SM 682 103 1420 0 0.88 M 183.3 M 130
================================================================================
AV 24.4 3.7 6.5 FASTST M M 5 MAX(MPH)
MISC ----> 30 280 49 290
================================================================================
NOTES:
# LAST OF SEVERAL OCCURRENCES
COLUMN 17 PEAK WIND IN M.P.H.
PRELIMINARY LOCAL CLIMATOLOGICAL DATA (WS FORM: F-6) , PAGE 2
STATION: CUSTER COUNTY AIRPORT SD
MONTH: FEBRUARY
YEAR: 2021
LATITUDE: 43 43 N
LONGITUDE: 103 37 W
[TEMPERATURE DATA] [PRECIPITATION DATA] SYMBOLS USED IN COLUMN 16
AVERAGE MONTHLY: 14.0 TOTAL FOR MONTH: 0.88 1 = FOG OR MIST
DPTR FM NORMAL: -11.7 DPTR FM NORMAL: 0.35 2 = FOG REDUCING VISIBILITY
HIGHEST: 58 ON 2 GRTST 24HR 0.21 ON 27-27 TO 1/4 MILE OR LESS
LOWEST: -21 ON 14 3 = THUNDER
SNOW, ICE PELLETS, HAIL 4 = ICE PELLETS
TOTAL MONTH: M 5 = HAIL
GRTST 24HR M ON M 6 = FREEZING RAIN OR DRIZZLE
GRTST DEPTH: M ON M 7 = DUSTSTORM OR SANDSTORM:
VSBY 1/2 MILE OR LESS
8 = SMOKE OR HAZE
[NO. OF DAYS WITH] [WEATHER - DAYS WITH] 9 = BLOWING SNOW
X = TORNADO
MAX 32 OR BELOW: 19 0.01 INCH OR MORE: 10
MAX 90 OR ABOVE: 0 0.10 INCH OR MORE: 5
MIN 32 OR BELOW: 28 0.50 INCH OR MORE: 0
MIN 0 OR BELOW: 11 1.00 INCH OR MORE: 0
[HDD (BASE 65) ]
TOTAL THIS MO. 1420 CLEAR (SCALE 0-3) 12
DPTR FM NORMAL 320 PTCLDY (SCALE 4-7) 11
TOTAL FM JUL 1 5621 CLOUDY (SCALE 8-10) 5
DPTR FM NORMAL -214
[CDD (BASE 65) ]
TOTAL THIS MO. 0
DPTR FM NORMAL 0 [PRESSURE DATA]
TOTAL FM JAN 1 0 HIGHEST SLP 30.56 ON 14
DPTR FM NORMAL 0 LOWEST SLP 29.50 ON 3
[REMARKS]
#FINAL-02-21#