000
CXUS52 KCHS 022029
CF6CXM
PRELIMINARY LOCAL CLIMATOLOGICAL DATA (WS FORM: F-6)
STATION: DOWNTOWN CHARLESTON SC
MONTH: APRIL
YEAR: 2020
LATITUDE: 32 46 N
LONGITUDE: 79 56 W
TEMPERATURE IN F: :PCPN: SNOW: WIND :SUNSHINE: SKY :PK WND
================================================================================
1 2 3 4 5 6A 6B 7 8 9 10 11 12 13 14 15 16 17 18
12Z AVG MX 2MIN
DY MAX MIN AVG DEP HDD CDD WTR SNW DPTH SPD SPD DIR MIN PSBL S-S WX SPD DR
================================================================================
1 61 53 57 -5 8 0 0.01 M M 8.8 15 360 M M M 24 360
2 68 51 60 -2 5 0 0.00 M M 5.6 12 360 M M M 17 270
3 76 54 65 3 0 0 0.00 M M 5.6 10 330 M M M 16 320
4 70 60 65 2 0 0 0.00 M M 6.9 13 130 M M M 18 360
5 72 64 68 5 0 3 0.00 M M 8.1 12 110 M M M 14 110
6 76 61 69 6 0 4 0.00 M M 6.0 14 190 M M M 19 210
7 79 67 73 10 0 8 0.00 M M 7.0 13 190 M M M 16 190
8 85 68 77 13 0 12 0.00 M M 5.4 12 270 M M M 19 270
9 88 69 79 15 0 14 0.00 M M 7.7 16 270 M M M 24 270
10 74 60 67 3 0 2 0.00 M M 8.0 18 10 M M M 26 350
11 68 56 62 -2 3 0 0.00 M M 7.3 13 100 M M M 17 80
12 73 64 69 4 0 4 0.00 M M 13.2 22 160 M M M 28 160
13 74 65 70 5 0 5 0.75 M M 13.4 27 190 M M M 38 190
14 78 65 72 7 0 7 0.00 M M 6.2 14 200 M M M 20 220
15 72 54 63 -2 2 0 1.10 M M 9.7 20 10 M M M 25 10
16 68 51 60 -6 5 0 0.00 M M 8.2 14 10 M M M 18 20
17 71 57 64 -2 1 0 0.00 M M 7.1 14 170 M M M 18 170
18 82 68 75 9 0 10 0.00 M M 7.1 15 270 M M M 24 300
19 76 61 69 3 0 4 0.79 M M 7.0 24 140 M M M 29 140
20 73 62 68 1 0 3 0.44 M M 7.6 18 340 M M M 27 320
21 76 60 68 1 0 3 0.00 M M 6.6 19 210 M M M 25 200
22 68 60 64 -3 1 0 0.00 M M 7.6 15 50 M M M 18 50
23 73 65 69 2 0 4 3.34 M M 10.7 27 20 M M M 31 20
24 77 66 72 4 0 7 0.11 M M 7.7 18 210 M M M 22 210
25 78 63 71 3 0 6 0.00 M M 6.7 13 180 M M M 17 180
26 78 63 71 3 0 6 0.00 M M 8.4 17 200 M M M 24 210
27 75 54 65 -3 0 0 0.00 M M 7.1 15 360 M M M 20 290
28 73 60 67 -2 0 2 0.00 M M 6.6 14 170 M M M 19 190
29 75 70 73 4 0 8 0.00 M M 13.5 21 180 M M M 28 170
30 74 60 67 -2 0 2 0.70 M M 10.1 24 170 M M M 3 39 170
================================================================================
SM 2231 1831 25 114 7.24 M 240.9 M M
================================================================================
AV 74.4 61.0 8.0 FASTST M M 5 MAX(MPH)
MISC ----> # 27 190 # 39 170
================================================================================
NOTES:
# LAST OF SEVERAL OCCURRENCES
COLUMN 17 PEAK WIND IN M.P.H.
PRELIMINARY LOCAL CLIMATOLOGICAL DATA (WS FORM: F-6) , PAGE 2
STATION: DOWNTOWN CHARLESTON SC
MONTH: APRIL
YEAR: 2020
LATITUDE: 32 46 N
LONGITUDE: 79 56 W
[TEMPERATURE DATA] [PRECIPITATION DATA] SYMBOLS USED IN COLUMN 16
AVERAGE MONTHLY: 67.7 TOTAL FOR MONTH: 7.24 1 = FOG OR MIST
DPTR FM NORMAL: 2.3 DPTR FM NORMAL: 4.71 2 = FOG REDUCING VISIBILITY
HIGHEST: 88 ON 9 GRTST 24HR 3.34 ON 23-23 TO 1/4 MILE OR LESS
LOWEST: 51 ON 16, 2 3 = THUNDER
SNOW, ICE PELLETS, HAIL 4 = ICE PELLETS
TOTAL MONTH: M 5 = HAIL
GRTST 24HR M ON M 6 = FREEZING RAIN OR DRIZZLE
GRTST DEPTH: M ON M 7 = DUSTSTORM OR SANDSTORM:
VSBY 1/2 MILE OR LESS
8 = SMOKE OR HAZE
[NO. OF DAYS WITH] [WEATHER - DAYS WITH] 9 = BLOWING SNOW
X = TORNADO
MAX 32 OR BELOW: 0 0.01 INCH OR MORE: 8
MAX 90 OR ABOVE: 0 0.10 INCH OR MORE: 7
MIN 32 OR BELOW: 0 0.50 INCH OR MORE: 5
MIN 0 OR BELOW: 0 1.00 INCH OR MORE: 2
[HDD (BASE 65) ]
TOTAL THIS MO. 25 CLEAR (SCALE 0-3) 0
DPTR FM NORMAL -45 PTCLDY (SCALE 4-7) 0
TOTAL FM JUL 1 1233 CLOUDY (SCALE 8-10) 0
DPTR FM NORMAL -493
[CDD (BASE 65) ]
TOTAL THIS MO. 114
DPTR FM NORMAL 32 [PRESSURE DATA]
TOTAL FM JAN 1 209 HIGHEST SLP M ON M
DPTR FM NORMAL 104 LOWEST SLP 29.40 ON 20
[REMARKS]
FINAL 04-20P
#FINAL-04-20#