000
CXUS53 KUNR 011030
CF6D07
PRELIMINARY LOCAL CLIMATOLOGICAL DATA (WS FORM: F-6)
STATION: FAITH SD
MONTH: FEBRUARY
YEAR: 2024
LATITUDE: 45 1 N
LONGITUDE: 102 1 W
TEMPERATURE IN F: :PCPN: SNOW: WIND :SUNSHINE: SKY :PK WND
================================================================================
1 2 3 4 5 6A 6B 7 8 9 10 11 12 13 14 15 16 17 18
12Z AVG MX 2MIN
DY MAX MIN AVG DEP HDD CDD WTR SNW DPTH SPD SPD DIR MIN PSBL S-S WX SPD DR
================================================================================
1 M M M M M M M M M M M M M M M M M
2 M M M M M M M M M M M M M M M M M
3 M M M M M M M M M M M M M M M M M
4 M M M M M M M M M M M M M M M M M
5 M M M M M M M M M M M M M M M M M
6 M M M M M M M M M M M M M M M M M
7 35 31 33 12 32 0 0.00 M M 8.6 17 60 M M M 21 60
8 35 26 31 10 34 0 0.00 M M 21.6 33 310 M M M 49 320
9 31 24 28 7 37 0 0.00 M M 13.8 22 310 M M M 29 310
10 32 21 27 6 38 0 0.00 M M 8.3 15 320 M M M 18 330
11 48 20 34 13 31 0 0.00 M M 12.3 23 320 M M M 30 310
12 39 28 34 12 31 0 0.00 M M 5.6 12 330 M M M 15 330
13 M M M M M M M M M M M M M M M M M
14 M M M M M M M M M M M M M M M M M
15 24 17 21 -1 44 0 0.02 M M 8.9 12 20 M M M M M
16 24 -1 12 -11 53 0 0.03 M M 13.8 22 320 M M M 29 320
17 35 8 22 -1 43 0 0.00 M M 18.3 26 280 M M M 37 280
18 34 17 26 3 39 0 0.00 M M 10.2 17 130 M M M 24 130
19 50 18 34 10 31 0 0.00 M M 10.0 22 310 M M M 28 310
20 58 26 42 18 23 0 0.00 M M 7.6 20 290 M M M 25 280
21 58 31 45 21 20 0 0.00 M M 6.4 14 320 M M M 16 330
22 55 28 42 18 23 0 0.00 M M 12.2 28 310 M M M 36 310
23 54 28 41 16 24 0 0.00 M M 16.1 30 330 M M M 40 310
24 59 28 44 19 21 0 0.00 M M 14.6 28 310 M M M 44 290
25 56 33 45 19 20 0 0.02 M M 8.8 21 160 M M M 26 160
26 67 22 45 19 20 0 0.00 M M 13.1 44 340 M M M 56 340
27 21 -1 10 -16 55 0 0.00 M M 18.3 37 350 M M M 46 340
28 43 -3 20 -7 45 0 0.00 M M 11.1 17 180 M M M M M
29 60 25 43 16 22 0 0.00 M M 9.8 17 160 M M M 22 140
================================================================================
SM 918 426 686 0 0.07 M 249.5 M M
================================================================================
AV 43.7 20.3 11.9 FASTST M M M MAX(MPH)
MISC ----> 44 340 56 340
================================================================================
NOTES:
# LAST OF SEVERAL OCCURRENCES
COLUMN 17 PEAK WIND IN M.P.H.
PRELIMINARY LOCAL CLIMATOLOGICAL DATA (WS FORM: F-6) , PAGE 2
STATION: FAITH SD
MONTH: FEBRUARY
YEAR: 2024
LATITUDE: 45 1 N
LONGITUDE: 102 1 W
[TEMPERATURE DATA] [PRECIPITATION DATA] SYMBOLS USED IN COLUMN 16
AVERAGE MONTHLY: 32.0 TOTAL FOR MONTH: 0.07 1 = FOG OR MIST
DPTR FM NORMAL: 9.4 DPTR FM NORMAL: -0.43 2 = FOG REDUCING VISIBILITY
HIGHEST: 67 ON 26 GRTST 24HR 0.23 ON 14-15 TO 1/4 MILE OR LESS
LOWEST: -3 ON 28 3 = THUNDER
SNOW, ICE PELLETS, HAIL 4 = ICE PELLETS
TOTAL MONTH: M 5 = HAIL
GRTST 24HR M ON M 6 = FREEZING RAIN OR DRIZZLE
GRTST DEPTH: M ON M 7 = DUSTSTORM OR SANDSTORM:
VSBY 1/2 MILE OR LESS
8 = SMOKE OR HAZE
[NO. OF DAYS WITH] [WEATHER - DAYS WITH] 9 = BLOWING SNOW
X = TORNADO
MAX 32 OR BELOW: 5 0.01 INCH OR MORE: 3
MAX 90 OR ABOVE: 0 0.10 INCH OR MORE: 0
MIN 32 OR BELOW: 20 0.50 INCH OR MORE: 0
MIN 0 OR BELOW: 3 1.00 INCH OR MORE: 0
[HDD (BASE 65) ]
TOTAL THIS MO. 686 CLEAR (SCALE 0-3) 0
DPTR FM NORMAL -501 PTCLDY (SCALE 4-7) 0
TOTAL FM JUL 1 3963 CLOUDY (SCALE 8-10) 29
DPTR FM NORMAL -1731
[CDD (BASE 65) ]
TOTAL THIS MO. 0
DPTR FM NORMAL 0 [PRESSURE DATA]
TOTAL FM JAN 1 0 HIGHEST SLP 30.59 ON 16
DPTR FM NORMAL 0 LOWEST SLP 29.30 ON 26
[REMARKS]
#FINAL-02-24#