000
CXUS53 KUNR 011030
CF6D07
PRELIMINARY LOCAL CLIMATOLOGICAL DATA (WS FORM: F-6)
STATION: FAITH SD
MONTH: NOVEMBER
YEAR: 2021
LATITUDE: 45 1 N
LONGITUDE: 102 1 W
TEMPERATURE IN F: :PCPN: SNOW: WIND :SUNSHINE: SKY :PK WND
================================================================================
1 2 3 4 5 6A 6B 7 8 9 10 11 12 13 14 15 16 17 18
12Z AVG MX 2MIN
DY MAX MIN AVG DEP HDD CDD WTR SNW DPTH SPD SPD DIR MIN PSBL S-S WX SPD DR
================================================================================
1 42 19 31 -8 34 0 0.00 M M 8.0 17 310 M M M 27 280
2 45 19 32 -7 33 0 0.00 M M 10.2 15 130 M M M 18 120
3 58 21 40 1 25 0 0.00 M M 6.4 15 190 M M M 17 180
4 63 30 47 9 18 0 0.00 M M 9.8 17 160 M M M 22 160
5 66 39 53 15 12 0 0.00 M M 16.0 32 290 M M M 42 280
6 67 34 51 14 14 0 0.00 M M 11.6 21 200 M M 0 25 190
7 61 38 50 13 15 0 0.00 M M 10.2 24 330 M M M 30 330
8 47 32 40 4 25 0 0.00 M M 8.7 17 210 M M M 24 330
9 55 30 43 7 22 0 0.00 M M 15.0 30 150 M M M 39 150
10 51 34 43 7 22 0 0.00 M M 20.3 36 330 M M 0 48 320
11 39 25 32 -3 33 0 0.00 M M 34.1 51 310 M M M 66 310
12 37 22 30 -5 35 0 0.00 M M 20.0 41 320 M M M 55 320
13 61 24 43 9 22 0 0.00 M M 23.2 52 310 M M M 65 300
14 48 31 40 6 25 0 0.00 M M 11.8 17 180 M M M 22 290
15 63 34 49 16 16 0 0.00 M M 11.2 18 160 M M M 22 160
16 61 30 46 13 19 0 0.00 M M 19.5 40 330 M M M 52 330
17 37 20 29 -4 36 0 0.00 M M 26.7 47 300 M M M 59 300
18 M M M M M M 0.00 M M M M M M M M M M
19 52 21 37 5 28 0 0.00 M M 7.9 18 160 M M M 23 170
20 41 30 36 5 29 0 0.00 M M 7.8 16 260 M M M 21 290
21 34 21 28 -3 37 0 0.00 M M 11.6 20 180 M M M 26 330
22 54 25 40 10 25 0 0.00 M M 11.3 20 170 M M M 23 170
23 58 27 43 13 22 0 0.00 M M 9.1 22 170 M M M 25 180
24 31 9 20 -10 45 0 0.00 M M 16.0 30 10 M M M 42 10
25 36 4 20 -9 45 0 0.00 M M 14.4 26 170 M M M 31 160
26 62 34 48 19 17 0 0.00 M M 12.7 22 300 M M M 30 300
27 47 24 36 8 29 0 0.00 M M 10.8 21 320 M M M 27 320
28 57 24 41 13 24 0 0.00 M M 12.5 18 170 M M M 21 280
29 62 39 51 23 14 0 0.00 M M 13.0 31 320 M M M 39 320
30 51 28 40 13 25 0 0.00 M M 10.8 20 190 M M M 24 290
================================================================================
SM 1486 768 746 0 0.00 M 400.6 M 0
================================================================================
AV 51.2 26.5 13.8 FASTST M M 0 MAX(MPH)
MISC ----> 52 310 66 310
================================================================================
NOTES:
# LAST OF SEVERAL OCCURRENCES
COLUMN 17 PEAK WIND IN M.P.H.
PRELIMINARY LOCAL CLIMATOLOGICAL DATA (WS FORM: F-6) , PAGE 2
STATION: FAITH SD
MONTH: NOVEMBER
YEAR: 2021
LATITUDE: 45 1 N
LONGITUDE: 102 1 W
[TEMPERATURE DATA] [PRECIPITATION DATA] SYMBOLS USED IN COLUMN 16
AVERAGE MONTHLY: 38.9 TOTAL FOR MONTH: 0.00 1 = FOG OR MIST
DPTR FM NORMAL: 5.6 DPTR FM NORMAL: -0.36 2 = FOG REDUCING VISIBILITY
HIGHEST: 67 ON 6 GRTST 24HR 0.00 ON 1- 1 TO 1/4 MILE OR LESS
LOWEST: 4 ON 25 3 = THUNDER
SNOW, ICE PELLETS, HAIL 4 = ICE PELLETS
TOTAL MONTH: M 5 = HAIL
GRTST 24HR M ON M 6 = FREEZING RAIN OR DRIZZLE
GRTST DEPTH: M ON M 7 = DUSTSTORM OR SANDSTORM:
VSBY 1/2 MILE OR LESS
8 = SMOKE OR HAZE
[NO. OF DAYS WITH] [WEATHER - DAYS WITH] 9 = BLOWING SNOW
X = TORNADO
MAX 32 OR BELOW: 1 0.01 INCH OR MORE: 0
MAX 90 OR ABOVE: 0 0.10 INCH OR MORE: 0
MIN 32 OR BELOW: 22 0.50 INCH OR MORE: 0
MIN 0 OR BELOW: 0 1.00 INCH OR MORE: 0
[HDD (BASE 65) ]
TOTAL THIS MO. 746 CLEAR (SCALE 0-3) 2
DPTR FM NORMAL -206 PTCLDY (SCALE 4-7) 0
TOTAL FM JUL 1 1265 CLOUDY (SCALE 8-10) 28
DPTR FM NORMAL -450
[CDD (BASE 65) ]
TOTAL THIS MO. 0
DPTR FM NORMAL 0 [PRESSURE DATA]
TOTAL FM JAN 1 907 HIGHEST SLP 30.59 ON 24
DPTR FM NORMAL 251 LOWEST SLP 29.39 ON 16
[REMARKS]
#FINAL-11-21#