000
CXUS52 KMLB 012203
CF6DAB
PRELIMINARY LOCAL CLIMATOLOGICAL DATA (WS FORM: F-6)
STATION: DAYTONA BEACH
MONTH: SEPTEMBER
YEAR: 2022
LATITUDE: 29 10 N
LONGITUDE: 81 3 W
TEMPERATURE IN F: :PCPN: SNOW: WIND :SUNSHINE: SKY :PK WND
================================================================================
1 2 3 4 5 6A 6B 7 8 9 10 11 12 13 14 15 16 17 18
12Z AVG MX 2MIN
DY MAX MIN AVG DEP HDD CDD WTR SNW DPTH SPD SPD DIR MIN PSBL S-S WX SPD DR
================================================================================
1 90 74 82 1 0 17 0.02 0.0 0 4.1 23 230 M M 6 3 32 230
2 86 75 81 0 0 16 0.03 0.0 0 4.4 21 40 M M 7 13 24 40
3 89 76 83 2 0 18 0.00 0.0 0 4.9 15 70 M M 6 20 80
4 90 77 84 3 0 19 T 0.0 0 4.0 14 70 M M 6 1 21 80
5 91 76 84 3 0 19 0.00 0.0 0 2.6 13 70 M M 5 13 17 70
6 94 76 85 4 0 20 0.00 0.0 0 3.4 14 70 M M 5 13 17 70
7 93 76 85 4 0 20 0.04 0.0 0 5.3 15 60 M M 5 8 18 50
8 88 74 81 0 0 16 0.39 0.0 0 2.6 13 200 M M 8 13 19 190
9 89 72 81 0 0 16 0.51 0.0 0 3.0 25 190 M M 7 13 36 190
10 93 75 84 3 0 19 T 0.0 0 3.8 15 230 M M 8 13 19 230
11 93 73 83 2 0 18 0.35 0.0 0 2.8 21 280 M M 6 13 27 280
12 93 74 84 3 0 19 0.04 0.0 0 3.7 23 300 M M 7 1 31 310
13 91 74 83 3 0 18 0.70 0.0 0 2.8 20 270 M M 7 13 24 280
14 88 74 81 1 0 16 0.94 0.0 0 6.3 22 60 M M 8 13 29 60
15 88 72 80 0 0 15 0.02 0.0 0 4.8 14 60 M M 7 16 50
16 87 76 82 2 0 17 0.56 0.0 0 4.0 20 100 M M 6 138 27 110
17 83 73 78 -2 0 13 0.14 0.0 0 5.1 23 50 M M 8 1 28 40
18 86 72 79 -1 0 14 0.01 0.0 0 2.1 12 60 M M 6 12 14 80
19 88 73 81 1 0 16 0.52 0.0 0 2.2 17 60 M M 6 13 22 60
20 87 74 81 1 0 16 0.40 0.0 0 3.2 18 330 M M 6 138 24 320
21 88 75 82 2 0 17 0.47 0.0 0 7.0 21 60 M M 6 18 23 60
22 89 74 82 2 0 17 0.04 0.0 0 6.2 16 30 M M 3 1 22 30
23 86 74 80 1 0 15 0.02 0.0 0 12.0 22 30 M M 6 28 30
24 86 75 81 2 0 16 0.00 0.0 0 9.5 16 60 M M 5 20 60
25 87 73 80 1 0 15 0.00 0.0 0 4.9 15 60 M M 5 21 60
26 89 73 81 2 0 16 0.00 0.0 0 3.7 14 60 M M 4 1 18 50
27 84 74 79 0 0 14 0.79 0.0 0 3.1 18 60 M M 8 13 21 60
28 79 73 76 -3 0 11 5.22 0.0 0 24.3 49 40 M M 10 1 66 40
29 76 63 70 -8 0 5 7.91 0.0 0 33.2 62 20 M M 10 1 81 20
30 79 64 72 -6 0 7 0.00 0.0 0 9.7 21 280 M M 6 29 280
================================================================================
SM 2630 2204 0 475 19.12 0.0 188.7 M 193
================================================================================
AV 87.7 73.5 6.3 FASTST M M 6 MAX(MPH)
MISC ----> 62 20 81 20
================================================================================
NOTES:
# LAST OF SEVERAL OCCURRENCES
COLUMN 17 PEAK WIND IN M.P.H.
PRELIMINARY LOCAL CLIMATOLOGICAL DATA (WS FORM: F-6) , PAGE 2
STATION: DAYTONA BEACH
MONTH: SEPTEMBER
YEAR: 2022
LATITUDE: 29 10 N
LONGITUDE: 81 3 W
[TEMPERATURE DATA] [PRECIPITATION DATA] SYMBOLS USED IN COLUMN 16
AVERAGE MONTHLY: 80.6 TOTAL FOR MONTH: 19.12 1 = FOG OR MIST
DPTR FM NORMAL: 0.5 DPTR FM NORMAL: 11.97 2 = FOG REDUCING VISIBILITY
HIGHEST: 94 ON 6 GRTST 24HR 11.09 ON 28-29 TO 1/4 MILE OR LESS
LOWEST: 63 ON 29 3 = THUNDER
SNOW, ICE PELLETS, HAIL 4 = ICE PELLETS
TOTAL MONTH: 0.0 INCH 5 = HAIL
GRTST 24HR 0.0 6 = FREEZING RAIN OR DRIZZLE
GRTST DEPTH: 0 7 = DUSTSTORM OR SANDSTORM:
VSBY 1/2 MILE OR LESS
8 = SMOKE OR HAZE
[NO. OF DAYS WITH] [WEATHER - DAYS WITH] 9 = BLOWING SNOW
X = TORNADO
MAX 32 OR BELOW: 0 0.01 INCH OR MORE: 21
MAX 90 OR ABOVE: 9 0.10 INCH OR MORE: 13
MIN 32 OR BELOW: 0 0.50 INCH OR MORE: 8
MIN 0 OR BELOW: 0 1.00 INCH OR MORE: 2
[HDD (BASE 65) ]
TOTAL THIS MO. 0 CLEAR (SCALE 0-3) 1
DPTR FM NORMAL 0 PTCLDY (SCALE 4-7) 27
TOTAL FM JUL 1 0 CLOUDY (SCALE 8-10) 2
DPTR FM NORMAL 0
[CDD (BASE 65) ]
TOTAL THIS MO. 475
DPTR FM NORMAL 22 [PRESSURE DATA]
TOTAL FM JAN 1 3051 HIGHEST SLP 30.11 ON 3
DPTR FM NORMAL 424 LOWEST SLP 29.44 ON 29
[REMARKS]
#FINAL-09-22#