000
CXUS55 KVEF 010910
CF6DAG
PRELIMINARY LOCAL CLIMATOLOGICAL DATA (WS FORM: F-6)
STATION: BARSTOW-DAGGETT CA
MONTH: DECEMBER
YEAR: 2023
LATITUDE: 34 51 N
LONGITUDE: 116 47 W
TEMPERATURE IN F: :PCPN: SNOW: WIND :SUNSHINE: SKY :PK WND
================================================================================
1 2 3 4 5 6A 6B 7 8 9 10 11 12 13 14 15 16 17 18
12Z AVG MX 2MIN
DY MAX MIN AVG DEP HDD CDD WTR SNW DPTH SPD SPD DIR MIN PSBL S-S WX SPD DR
================================================================================
1 62 42 52 2 13 0 0.00 0.0 0 13.2 20 250 M M 0 29 270
2 62 37 50 0 15 0 0.00 0.0 0 8.5 16 270 M M 0 20 320
3 65 37 51 2 14 0 0.00 0.0 0 4.7 14 270 M M 0 14 280
4 69 37 53 4 12 0 0.00 0.0 0 4.1 10 280 M M 0 12 290
5 71 39 55 6 10 0 0.00 0.0 0 4.2 10 280 M M 0 13 90
6 71 42 57 9 8 0 0.00 0.0 0 6.3 20 270 M M 0 25 260
7 65 48 57 9 8 0 0.00 0.0 0 20.7 35 280 M M 0 8 43 280
8 61 37 49 1 16 0 0.00 0.0 0 6.9 20 260 M M 0 23 260
9 57 31 44 -4 21 0 0.00 0.0 0 5.6 16 80 M M 0 23 120
10 60 31 46 -2 19 0 0.00 0.0 0 4.6 13 280 M M 0 15 260
11 61 36 49 1 16 0 0.00 0.0 0 6.1 14 270 M M 0 17 280
12 66 32 49 2 16 0 0.00 0.0 0 5.6 13 280 M M 0 22 280
13 64 39 52 5 13 0 0.00 0.0 0 7.5 15 20 M M 0 8 22 290
14 63 35 49 2 16 0 0.00 0.0 0 6.3 14 280 M M 0 17 290
15 64 34 49 2 16 0 0.00 0.0 0 3.5 13 90 M M 0 15 90
16 66 36 51 4 14 0 0.00 0.0 0 5.1 14 280 M M 0 17 270
17 64 38 51 4 14 0 0.00 0.0 0 4.7 14 280 M M 0 18 280
18 68 43 56 9 9 0 T 0.0 0 3.5 10 270 M M 2 12 260
19 66 45 56 9 9 0 T 0.0 0 3.6 13 280 M M 3 16 290
20 66 40 53 6 12 0 0.00 0.0 0 6.4 15 80 M M 1 21 80
21 69 43 56 9 9 0 0.00 0.0 0 8.4 22 100 M M 2 29 90
22 57 46 52 5 13 0 0.68 0.0 0 4.6 16 340 M M 5 1 20 320
23 61 42 52 5 13 0 0.00 0.0 0 9.9 17 320 M M 0 21 280
24 60 40 50 3 15 0 0.00 0.0 0 4.3 12 270 M M 0 14 250
25 60 39 50 3 15 0 0.00 0.0 0 8.0 14 300 M M 0 18 290
26 64 40 52 5 13 0 0.00 0.0 0 1.9 9 300 M M 0 11 300
27 61 42 52 5 13 0 0.00 0.0 0 4.4 12 290 M M 0 14 290
28 64 38 51 4 14 0 0.00 0.0 0 4.3 13 280 M M 0 15 280
29 58 38 48 1 17 0 0.00 0.0 0 3.0 10 60 M M 0 14 60
30 58 39 49 2 16 0 T 0.0 0 12.3 30 280 M M 4 38 280
31 56 39 48 1 17 0 0.00 0.0 0 5.7 13 280 M M 0 14 280
================================================================================
SM 1959 1205 426 0 0.68 0.0 197.9 M 17
================================================================================
AV 63.2 38.9 6.4 FASTST M M 1 MAX(MPH)
MISC ----> 35 280 43 280
================================================================================
NOTES:
# LAST OF SEVERAL OCCURRENCES
COLUMN 17 PEAK WIND IN M.P.H.
PRELIMINARY LOCAL CLIMATOLOGICAL DATA (WS FORM: F-6) , PAGE 2
STATION: BARSTOW-DAGGETT CA
MONTH: DECEMBER
YEAR: 2023
LATITUDE: 34 51 N
LONGITUDE: 116 47 W
[TEMPERATURE DATA] [PRECIPITATION DATA] SYMBOLS USED IN COLUMN 16
AVERAGE MONTHLY: 51.0 TOTAL FOR MONTH: 0.68 1 = FOG OR MIST
DPTR FM NORMAL: 3.6 DPTR FM NORMAL: 0.12 2 = FOG REDUCING VISIBILITY
HIGHEST: 71 ON 6, 5 GRTST 24HR 0.68 ON 22-22 TO 1/4 MILE OR LESS
LOWEST: 31 ON 10, 9 3 = THUNDER
SNOW, ICE PELLETS, HAIL 4 = ICE PELLETS
TOTAL MONTH: 0.0 INCH 5 = HAIL
GRTST 24HR 0.0 6 = FREEZING RAIN OR DRIZZLE
GRTST DEPTH: 0 7 = DUSTSTORM OR SANDSTORM:
VSBY 1/2 MILE OR LESS
8 = SMOKE OR HAZE
[NO. OF DAYS WITH] [WEATHER - DAYS WITH] 9 = BLOWING SNOW
X = TORNADO
MAX 32 OR BELOW: 0 0.01 INCH OR MORE: 1
MAX 90 OR ABOVE: 0 0.10 INCH OR MORE: 1
MIN 32 OR BELOW: 3 0.50 INCH OR MORE: 1
MIN 0 OR BELOW: 0 1.00 INCH OR MORE: 0
[HDD (BASE 65) ]
TOTAL THIS MO. 426 CLEAR (SCALE 0-3) 29
DPTR FM NORMAL -118 PTCLDY (SCALE 4-7) 2
TOTAL FM JUL 1 770 CLOUDY (SCALE 8-10) 0
DPTR FM NORMAL -94
[CDD (BASE 65) ]
TOTAL THIS MO. 0
DPTR FM NORMAL 0 [PRESSURE DATA]
TOTAL FM JAN 1 3045 HIGHEST SLP M ON M
DPTR FM NORMAL -83 LOWEST SLP 29.80 ON 19
[REMARKS]
#FINAL-12-23#