000
CXUS55 KVEF 032219
CF6DAG
PRELIMINARY LOCAL CLIMATOLOGICAL DATA (WS FORM: F-6)
STATION: BARSTOW-DAGGETT CA
MONTH: FEBRUARY
YEAR: 2020
LATITUDE: 34 51 N
LONGITUDE: 116 47 W
TEMPERATURE IN F: :PCPN: SNOW: WIND :SUNSHINE: SKY :PK WND
================================================================================
1 2 3 4 5 6A 6B 7 8 9 10 11 12 13 14 15 16 17 18
12Z AVG MX 2MIN
DY MAX MIN AVG DEP HDD CDD WTR SNW DPTH SPD SPD DIR MIN PSBL S-S WX SPD DR
================================================================================
1 74 43 59 9 6 0 0.00 0.0 0 6.8 16 280 M M 0 19 280
2 79 40 60 10 5 0 0.00 0.0 0 16.7 45 270 M M 1 55 270
3 52 36 44 -6 21 0 0.00 0.0 0 12.0 41 260 M M 0 8 50 260
4 51 34 43 -7 22 0 0.00 0.0 0 10.2 25 40 M M 0 33 30
5 58 30 44 -6 21 0 0.00 0.0 0 10.0 16 280 M M 0 22 320
6 72 40 56 5 9 0 0.00 0.0 0 11.0 20 280 M M 0 21 270
7 76 43 60 9 5 0 0.00 0.0 0 8.8 16 280 M M 0 19 270
8 80 44 62 11 3 0 0.00 0.0 0 16.8 37 220 M M 0 44 220
9 62 45 54 3 11 0 0.00 0.0 0 12.7 33 20 M M 5 40 10
10 66 46 56 5 9 0 T 0.0 0 7.5 21 20 M M 6 25 20
11 62 43 53 2 12 0 0.00 0.0 0 10.4 25 30 M M 2 8 31 40
12 70 38 54 2 11 0 0.00 0.0 0 7.6 20 270 M M 0 20 270
13 69 35 52 0 13 0 0.00 0.0 0 5.9 13 70 M M 0 16 90
14 70 34 52 0 13 0 0.00 0.0 0 4.6 12 310 M M 0 13 310
15 72 42 57 5 8 0 0.00 0.0 0 9.6 16 280 M M 0 19 290
16 79 46 63 11 2 0 0.00 0.0 0 9.9 28 260 M M 0 8 34 250
17 73 45 59 6 6 0 0.00 0.0 0 7.7 15 290 M M 0 19 70
18 68 37 53 0 12 0 0.00 0.0 0 6.0 15 70 M M 0 18 90
19 71 41 56 3 9 0 0.00 0.0 0 5.8 13 300 M M 0 8 15 290
20 70 35 53 0 12 0 0.00 0.0 0 5.6 15 60 M M 0 8 19 90
21 76 39 58 4 7 0 0.00 0.0 0 7.2 21 90 M M 1 26 100
22 65 50 58 4 7 0 T 0.0 0 14.8 30 280 M M 6 36 270
23 73 48 61 7 4 0 0.00 0.0 0 12.4 22 290 M M 1 26 270
24 77 44 61 7 4 0 0.00 0.0 0 9.2 17 300 M M 0 22 290
25 74 42 58 4 7 0 0.00 0.0 0 8.8 20 30 M M 0 24 20
26 69 38 54 -1 11 0 0.00 0.0 0 5.2 15 90 M M 0 21 90
27 72 38 55 0 10 0 0.00 0.0 0 3.9 12 270 M M 0 13 270
28 77 46 62 7 3 0 0.00 0.0 0 5.2 10 270 M M 0 14 70
29 78 50 64 9 1 0 0.00 0.0 0 13.8 28 240 M M 0 34 240
================================================================================
SM 2035 1192 264 0 T 0.0 266.1 M 22
================================================================================
AV 70.2 41.1 9.2 FASTST M M 1 MAX(MPH)
MISC ----> 45 270 55 270
================================================================================
NOTES:
# LAST OF SEVERAL OCCURRENCES
COLUMN 17 PEAK WIND IN M.P.H.
PRELIMINARY LOCAL CLIMATOLOGICAL DATA (WS FORM: F-6) , PAGE 2
STATION: BARSTOW-DAGGETT CA
MONTH: FEBRUARY
YEAR: 2020
LATITUDE: 34 51 N
LONGITUDE: 116 47 W
[TEMPERATURE DATA] [PRECIPITATION DATA] SYMBOLS USED IN COLUMN 16
AVERAGE MONTHLY: 55.6 TOTAL FOR MONTH: T 1 = FOG OR MIST
DPTR FM NORMAL: 3.3 DPTR FM NORMAL: -0.66 2 = FOG REDUCING VISIBILITY
HIGHEST: 80 ON 8 GRTST 24HR T ON 10-10 TO 1/4 MILE OR LESS
LOWEST: 30 ON 5 3 = THUNDER
SNOW, ICE PELLETS, HAIL 4 = ICE PELLETS
TOTAL MONTH: 0.0 INCH 5 = HAIL
GRTST 24HR 0.0 6 = FREEZING RAIN OR DRIZZLE
GRTST DEPTH: 0 7 = DUSTSTORM OR SANDSTORM:
VSBY 1/2 MILE OR LESS
8 = SMOKE OR HAZE
[NO. OF DAYS WITH] [WEATHER - DAYS WITH] 9 = BLOWING SNOW
X = TORNADO
MAX 32 OR BELOW: 0 0.01 INCH OR MORE: 0
MAX 90 OR ABOVE: 0 0.10 INCH OR MORE: 0
MIN 32 OR BELOW: 1 0.50 INCH OR MORE: 0
MIN 0 OR BELOW: 0 1.00 INCH OR MORE: 0
[HDD (BASE 65) ]
TOTAL THIS MO. 264 CLEAR (SCALE 0-3) 26
DPTR FM NORMAL -94 PTCLDY (SCALE 4-7) 3
TOTAL FM JUL 1 1520 CLOUDY (SCALE 8-10) 0
DPTR FM NORMAL -264
[CDD (BASE 65) ]
TOTAL THIS MO. 0
DPTR FM NORMAL -1 [PRESSURE DATA]
TOTAL FM JAN 1 0 HIGHEST SLP M ON M
DPTR FM NORMAL -1 LOWEST SLP 29.64 ON 2
[REMARKS]
#FINAL-02-20#