000
CXUS55 KDVN 181004
CF6DBQ
PRELIMINARY LOCAL CLIMATOLOGICAL DATA (WS FORM: F-6)
STATION: DUBUQUE IA
MONTH: APRIL
YEAR: 2024
LATITUDE: 42 24 N
LONGITUDE: 90 42 W
TEMPERATURE IN F: :PCPN: SNOW: WIND :SUNSHINE: SKY :PK WND
================================================================================
1 2 3 4 5 6A 6B 7 8 9 10 11 12 13 14 15 16 17 18
12Z AVG MX 2MIN
DY MAX MIN AVG DEP HDD CDD WTR SNW DPTH SPD SPD DIR MIN PSBL S-S WX SPD DR
================================================================================
1 44 37 41 -1 24 0 0.14 0.0 0 15.1 25 70 M M 9 1 34 60
2 40 33 37 -5 28 0 1.94 3.1 0 18.8 26 330 M M 10 12 38 330
3 35 33 34 -9 31 0 0.27 3.4 6 23.7 33 340 M M 10 1 43 320
4 42 33 38 -5 27 0 T T 2 14.1 24 340 M M 10 33 340
5 50 32 41 -3 24 0 0.00 0.0 0 8.6 20 40 M M 4 29 60
6 54 29 42 -2 23 0 0.00 0.0 0 10.6 21 100 M M 0 28 100
7 51 40 46 2 19 0 0.25 0.0 0 20.9 30 130 M M 7 1 50 130
8 63 41 52 7 13 0 0.00 0.0 0 12.7 25 250 M M 1 31 250
9 61 38 50 5 15 0 0.00 0.0 0 9.2 20 300 M M 2 27 270
10 70 39 55 10 10 0 0.00 0.0 0 6.2 14 250 M M 2 19 240
11 64 45 55 9 10 0 0.01 0.0 0 11.6 33 310 M M 6 3 47 320
12 61 44 53 7 12 0 0.01 0.0 0 17.4 32 320 M M 2 42 320
13 74 36 55 9 10 0 0.00 0.0 0 11.6 25 200 M M 0 33 200
14 82 54 68 21 0 3 0.00 0.0 0 10.7 17 300 M M 0 23 300
15 75 48 62 15 3 0 0.00 0.0 0 7.5 15 50 M M 0 21 30
16 73 56 65 17 0 0 1.09 0.0 0 20.1 35 120 M M 4 13 51 190
17 63 44 54 6 11 0 0.30 0.0 0 16.8 30 300 M M 8 13 39 280
================================================================================
SM 1002 682 260 3 4.01 6.5 235.6 M 75
================================================================================
AV 58.9 40.1 13.9 FASTST M M 4 MAX(MPH)
MISC ----> 35 120 51 190
================================================================================
NOTES:
# LAST OF SEVERAL OCCURRENCES
COLUMN 17 PEAK WIND IN M.P.H.
PRELIMINARY LOCAL CLIMATOLOGICAL DATA (WS FORM: F-6) , PAGE 2
STATION: DUBUQUE IA
MONTH: APRIL
YEAR: 2024
LATITUDE: 42 24 N
LONGITUDE: 90 42 W
[TEMPERATURE DATA] [PRECIPITATION DATA] SYMBOLS USED IN COLUMN 16
AVERAGE MONTHLY: 49.5 TOTAL FOR MONTH: 4.01 1 = FOG OR MIST
DPTR FM NORMAL: 4.5 DPTR FM NORMAL: 1.85 2 = FOG REDUCING VISIBILITY
HIGHEST: 82 ON 14 GRTST 24HR 1.96 ON 1- 2 TO 1/4 MILE OR LESS
LOWEST: 29 ON 6 3 = THUNDER
SNOW, ICE PELLETS, HAIL 4 = ICE PELLETS
TOTAL MONTH: 6.5 INCHES 5 = HAIL
GRTST 24HR 3.4 ON 3- 3 6 = FREEZING RAIN OR DRIZZLE
GRTST DEPTH: 6 ON 3 7 = DUSTSTORM OR SANDSTORM:
VSBY 1/2 MILE OR LESS
8 = SMOKE OR HAZE
[NO. OF DAYS WITH] [WEATHER - DAYS WITH] 9 = BLOWING SNOW
X = TORNADO
MAX 32 OR BELOW: 0 0.01 INCH OR MORE: 8
MAX 90 OR ABOVE: 0 0.10 INCH OR MORE: 6
MIN 32 OR BELOW: 2 0.50 INCH OR MORE: 2
MIN 0 OR BELOW: 0 1.00 INCH OR MORE: 2
[HDD (BASE 65) ]
TOTAL THIS MO. 260 CLEAR (SCALE 0-3) 8
DPTR FM NORMAL -80 PTCLDY (SCALE 4-7) 5
TOTAL FM JUL 1 5363 CLOUDY (SCALE 8-10) 4
DPTR FM NORMAL -1265
[CDD (BASE 65) ]
TOTAL THIS MO. 3
DPTR FM NORMAL 3 [PRESSURE DATA]
TOTAL FM JAN 1 3 HIGHEST SLP M ON M
DPTR FM NORMAL 3 LOWEST SLP 29.38 ON 3
[REMARKS]