000
CXUS55 KDVN 011100
CF6DBQ
PRELIMINARY LOCAL CLIMATOLOGICAL DATA (WS FORM: F-6)
STATION: DUBUQUE IA
MONTH: FEBRUARY
YEAR: 2022
LATITUDE: 42 24 N
LONGITUDE: 90 42 W
TEMPERATURE IN F: :PCPN: SNOW: WIND :SUNSHINE: SKY :PK WND
================================================================================
1 2 3 4 5 6A 6B 7 8 9 10 11 12 13 14 15 16 17 18
12Z AVG MX 2MIN
DY MAX MIN AVG DEP HDD CDD WTR SNW DPTH SPD SPD DIR MIN PSBL S-S WX SPD DR
================================================================================
1 37 14 26 7 39 0 0.00 0.0 4 13.9 22 170 M M 2 30 200
2 14 8 11 -8 54 0 0.00 0.0 3 16.4 22 350 M M 7 8 30 350
3 12 1 7 -13 58 0 0.00 0.0 3 13.7 24 30 M M 0 8 28 20
4 15 -6 5 -15 60 0 T T 3 10.2 22 290 M M 3 18 29 280
5 22 -6 8 -12 57 0 0.00 0.0 3 16.4 31 170 M M 3 39 170
6 35 11 23 3 42 0 0.00 0.0 3 14.2 25 280 M M 6 1 32 290
7 20 2 11 -9 54 0 0.00 0.0 3 5.8 17 300 M M 5 8 23 290
8 39 15 27 6 38 0 0.00 0.0 3 10.3 18 290 M M 1 24 290
9 37 24 31 10 34 0 T T 2 16.1 31 290 M M 8 42 280
10 34 19 27 6 38 0 0.03 0.2 2 16.4 30 210 M M 9 1 39 220
11 39 14 27 6 38 0 T 0.0 1 19.6 32 290 M M 8 43 290
12 14 4 9 -13 56 0 0.00 0.0 1 11.0 22 350 M M 4 8 29 340
13 12 3 8 -14 57 0 0.03 0.4 1 7.7 16 340 M M 6 18 20 350
14 25 8 17 -5 48 0 T T 1 6.4 17 160 M M 5 8 22 160
15 37 15 26 3 39 0 0.00 0.0 1 14.6 26 160 M M 1 18 37 130
16 43 30 37 14 28 0 0.01 0.1 T 12.7 23 360 M M 6 18 30 350
17 30 6 18 -6 47 0 0.00 0.0 T 16.1 25 360 M M 6 35 360
18 38 3 21 -3 44 0 0.06 0.3 T 19.4 37 320 M M 3 18 55 310
19 19 4 12 -12 53 0 0.00 0.0 T 15.1 30 180 M M 0 8 41 180
20 52 17 35 10 30 0 0.00 0.0 T 16.2 31 230 M M 0 8 39 230
21 39 31 35 10 30 0 0.00 0.0 0 15.4 23 40 M M 6 1 30 40
22 31 9 20 -6 45 0 0.01 T 0 18.4 32 40 M M 10 13 41 40
23 19 5 12 -14 53 0 T T T 9.7 21 320 M M 4 8 28 330
24 22 10 16 -10 49 0 0.23 5.2 0 11.3 20 70 M M 8 1 25 50
25 23 5 14 -13 51 0 0.01 0.3 5 8.5 20 10 M M 5 1 25 10
26 31 0 16 -11 49 0 0.00 0.0 3 11.6 22 230 M M 0 1 27 220
27 36 14 25 -3 40 0 0.00 0.0 3 7.0 14 260 M M 0 17 250
28 48 25 37 9 28 0 0.00 0.0 T 8.2 18 160 M M 0 22 160
================================================================================
SM 823 285 1259 0 0.38 6.5 362.3 M 116
================================================================================
AV 29.4 10.2 12.9 FASTST M M 4 MAX(MPH)
MISC ----> 37 320 55 310
================================================================================
NOTES:
# LAST OF SEVERAL OCCURRENCES
COLUMN 17 PEAK WIND IN M.P.H.
PRELIMINARY LOCAL CLIMATOLOGICAL DATA (WS FORM: F-6) , PAGE 2
STATION: DUBUQUE IA
MONTH: FEBRUARY
YEAR: 2022
LATITUDE: 42 24 N
LONGITUDE: 90 42 W
[TEMPERATURE DATA] [PRECIPITATION DATA] SYMBOLS USED IN COLUMN 16
AVERAGE MONTHLY: 19.8 TOTAL FOR MONTH: 0.38 1 = FOG OR MIST
DPTR FM NORMAL: -3.1 DPTR FM NORMAL: -1.19 2 = FOG REDUCING VISIBILITY
HIGHEST: 52 ON 20 GRTST 24HR 0.23 ON 24-24 TO 1/4 MILE OR LESS
LOWEST: -6 ON 5, 4 3 = THUNDER
SNOW, ICE PELLETS, HAIL 4 = ICE PELLETS
TOTAL MONTH: 6.5 INCHES 5 = HAIL
GRTST 24HR 5.2 ON 24-24 6 = FREEZING RAIN OR DRIZZLE
GRTST DEPTH: 5 ON 25 7 = DUSTSTORM OR SANDSTORM:
VSBY 1/2 MILE OR LESS
8 = SMOKE OR HAZE
[NO. OF DAYS WITH] [WEATHER - DAYS WITH] 9 = BLOWING SNOW
X = TORNADO
MAX 32 OR BELOW: 15 0.01 INCH OR MORE: 7
MAX 90 OR ABOVE: 0 0.10 INCH OR MORE: 1
MIN 32 OR BELOW: 28 0.50 INCH OR MORE: 0
MIN 0 OR BELOW: 3 1.00 INCH OR MORE: 0
[HDD (BASE 65) ]
TOTAL THIS MO. 1259 CLEAR (SCALE 0-3) 12
DPTR FM NORMAL 82 PTCLDY (SCALE 4-7) 12
TOTAL FM JUL 1 5056 CLOUDY (SCALE 8-10) 4
DPTR FM NORMAL -310
[CDD (BASE 65) ]
TOTAL THIS MO. 0
DPTR FM NORMAL 0 [PRESSURE DATA]
TOTAL FM JAN 1 0 HIGHEST SLP 30.61 ON 23
DPTR FM NORMAL 0 LOWEST SLP 29.44 ON 11
[REMARKS]
#FINAL-02-22#