000
CXUS55 KDVN 011000
CF6DBQ
PRELIMINARY LOCAL CLIMATOLOGICAL DATA (WS FORM: F-6)
STATION: DUBUQUE IA
MONTH: MAY
YEAR: 2021
LATITUDE: 42 24 N
LONGITUDE: 90 42 W
TEMPERATURE IN F: :PCPN: SNOW: WIND :SUNSHINE: SKY :PK WND
================================================================================
1 2 3 4 5 6A 6B 7 8 9 10 11 12 13 14 15 16 17 18
12Z AVG MX 2MIN
DY MAX MIN AVG DEP HDD CDD WTR SNW DPTH SPD SPD DIR MIN PSBL S-S WX SPD DR
================================================================================
1 86 48 67 14 0 2 0.00 0.0 0 22.6 39 240 M M 0 53 250
2 83 57 70 16 0 5 0.00 0.0 0 16.0 26 220 M M 2 36 230
3 69 53 61 7 4 0 0.33 0.0 0 10.8 25 330 M M 9 138 31 330
4 62 43 53 -1 12 0 0.00 0.0 0 11.9 20 350 M M 5 27 10
5 64 38 51 -4 14 0 0.00 0.0 0 5.9 14 20 M M 3 18 350
6 59 39 49 -6 16 0 0.08 0.0 0 11.4 22 300 M M 7 1 31 320
7 58 38 48 -8 17 0 0.00 0.0 0 9.9 22 330 M M 2 31 340
8 53 34 44 -12 21 0 1.08 0.0 0 8.1 18 120 M M 4 1 24 120
9 61 37 49 -7 16 0 0.01 0.0 0 8.8 20 40 M M 5 18 27 40
10 59 42 51 -6 14 0 0.00 0.0 0 7.0 16 10 M M 8 8 21 10
11 59 34 47 -10 18 0 0.00 0.0 0 6.5 17 20 M M 0 27 30
12 64 33 49 -8 16 0 0.00 0.0 0 3.7 10 70 M M 1 17 250
13 66 40 53 -5 12 0 0.00 0.0 0 4.4 15 220 M M 3 20 210
14 67 40 54 -4 11 0 0.00 0.0 0 7.4 21 190 M M 3 28 190
15 57 50 54 -4 11 0 0.08 0.0 0 11.8 20 170 M M 10 18 26 170
16 67 53 60 1 5 0 0.00 0.0 0 5.9 12 170 M M 6 1 17 160
17 70 54 62 3 3 0 0.00 0.0 0 11.3 23 130 M M 5 1 31 110
18 63 59 61 1 4 0 0.35 0.0 0 15.0 23 130 M M 10 18 33 140
19 76 63 70 10 0 5 0.11 0.0 0 13.6 22 190 M M 8 18 29 150
20 78 66 72 12 0 7 0.13 0.0 0 13.6 24 190 M M 9 1 32 170
21 73 63 68 7 0 3 0.14 0.0 0 12.5 21 180 M M 7 1 26 170
22 79 63 71 10 0 6 0.00 0.0 0 9.6 22 210 M M 8 1 27 210
23 79 66 73 11 0 8 0.04 0.0 0 8.1 21 190 M M 7 1 28 180
24 82 65 74 12 0 9 0.01 0.0 0 9.7 21 240 M M 5 1 26 210
25 77 67 72 10 0 7 0.00 0.0 0 15.6 24 220 M M 4 34 220
26 76 58 67 5 0 2 0.04 0.0 0 10.6 20 330 M M 1 1 28 280
27 59 41 50 -13 15 0 0.19 0.0 0 16.1 24 70 M M 7 1 35 60
28 47 40 44 -19 21 0 0.13 0.0 0 11.9 21 40 M M 10 18 32 50
29 63 34 49 -15 16 0 0.00 0.0 0 7.5 15 20 M M 0 24 110
30 66 41 54 -10 11 0 0.00 0.0 0 4.4 14 200 M M 0 17 210
31 71 50 61 -3 4 0 0.00 0.0 0 7.0 17 210 M M 1 24 230
================================================================================
SM 2093 1509 261 54 2.72 0.0 318.6 M 150
================================================================================
AV 67.5 48.7 10.3 FASTST M M 5 MAX(MPH)
MISC ----> 39 240 53 250
================================================================================
NOTES:
# LAST OF SEVERAL OCCURRENCES
COLUMN 17 PEAK WIND IN M.P.H.
PRELIMINARY LOCAL CLIMATOLOGICAL DATA (WS FORM: F-6) , PAGE 2
STATION: DUBUQUE IA
MONTH: MAY
YEAR: 2021
LATITUDE: 42 24 N
LONGITUDE: 90 42 W
[TEMPERATURE DATA] [PRECIPITATION DATA] SYMBOLS USED IN COLUMN 16
AVERAGE MONTHLY: 58.1 TOTAL FOR MONTH: 2.72 1 = FOG OR MIST
DPTR FM NORMAL: -0.7 DPTR FM NORMAL: -1.58 2 = FOG REDUCING VISIBILITY
HIGHEST: 86 ON 1 GRTST 24HR 1.09 ON 8- 9 TO 1/4 MILE OR LESS
LOWEST: 33 ON 12 3 = THUNDER
SNOW, ICE PELLETS, HAIL 4 = ICE PELLETS
TOTAL MONTH: 0.0 INCH 5 = HAIL
GRTST 24HR 0.0 6 = FREEZING RAIN OR DRIZZLE
GRTST DEPTH: 0 7 = DUSTSTORM OR SANDSTORM:
VSBY 1/2 MILE OR LESS
8 = SMOKE OR HAZE
[NO. OF DAYS WITH] [WEATHER - DAYS WITH] 9 = BLOWING SNOW
X = TORNADO
MAX 32 OR BELOW: 0 0.01 INCH OR MORE: 14
MAX 90 OR ABOVE: 0 0.10 INCH OR MORE: 8
MIN 32 OR BELOW: 0 0.50 INCH OR MORE: 1
MIN 0 OR BELOW: 0 1.00 INCH OR MORE: 1
[HDD (BASE 65) ]
TOTAL THIS MO. 261 CLEAR (SCALE 0-3) 12
DPTR FM NORMAL 32 PTCLDY (SCALE 4-7) 13
TOTAL FM JUL 1 6964 CLOUDY (SCALE 8-10) 6
DPTR FM NORMAL -82
[CDD (BASE 65) ]
TOTAL THIS MO. 54
DPTR FM NORMAL 16 [PRESSURE DATA]
TOTAL FM JAN 1 60 HIGHEST SLP 30.51 ON 12
DPTR FM NORMAL 19 LOWEST SLP 29.46 ON 2
[REMARKS]
#FINAL-05-21#