000
CXUS51 KLWX 012059
CF6DCA
PRELIMINARY LOCAL CLIMATOLOGICAL DATA (WS FORM: F-6)
STATION: WASHINGTON NATIONAL DC
MONTH: MARCH
YEAR: 2022
LATITUDE: 38 50 N
LONGITUDE: 77 2 W
TEMPERATURE IN F: :PCPN: SNOW: WIND :SUNSHINE: SKY :PK WND
================================================================================
1 2 3 4 5 6A 6B 7 8 9 10 11 12 13 14 15 16 17 18
12Z AVG MX 2MIN
DY MAX MIN AVG DEP HDD CDD WTR SNW DPTH SPD SPD DIR MIN PSBL S-S WX SPD DR
================================================================================
1 55 32 44 1 21 0 0.00 0.0 0 7.9 18 200 M M 8 25 240
2 63 40 52 9 13 0 0.00 0.0 0 5.2 13 280 M M 5 17 250
3 57 35 46 2 19 0 0.00 0.0 0 14.2 26 350 M M 7 35 330
4 48 28 38 -6 27 0 0.00 0.0 0 8.1 20 360 M M 3 25 10
5 61 36 49 5 16 0 0.00 0.0 0 6.9 18 160 M M 8 23 170
6 78 50 64 20 1 0 T 0.0 0 13.7 24 200 M M 8 35 210
7 80 54 67 22 0 2 0.03 0.0 0 18.2 33 210 M M 9 49 200
8 54 44 49 4 16 0 0.00 0.0 0 11.8 32 310 M M 8 46 330
9 47 40 44 -1 21 0 0.77 0.0 0 8.6 21 340 M M 10 1 25 350
10 53 36 45 -1 20 0 0.00 0.0 0 5.8 13 30 M M 9 17 40
11 63 38 51 5 14 0 0.00 0.0 0 8.5 20 180 M M 4 1 26 170
12 50 24 37 -9 28 0 0.58 0.9 0 16.1 35 320 M M 8 148 52 330
13 44 21 33 -13 32 0 0.00 0.0 T 11.0 23 210 M M 4 35 280
14 61 32 47 0 18 0 0.00 0.0 0 8.0 15 170 M M 5 19 170
15 71 42 57 10 8 0 0.00 0.0 0 7.1 16 170 M M 5 19 220
16 73 45 59 12 6 0 0.00 0.0 0 4.9 17 140 M M 6 22 160
17 61 50 56 8 9 0 0.86 0.0 0 7.6 16 350 M M 10 18 20 340
18 74 47 61 13 4 0 0.00 0.0 0 8.3 22 140 M M 6 12 32 140
19 76 57 67 19 0 2 T 0.0 0 13.8 28 200 M M 6 43 200
20 62 50 56 7 9 0 T 0.0 0 15.0 28 310 M M 6 41 290
21 71 44 58 9 7 0 0.00 0.0 0 8.2 22 290 M M 2 30 300
22 71 47 59 10 6 0 0.00 0.0 0 5.5 15 110 M M 6 18 120
23 55 49 52 2 13 0 0.49 0.0 0 9.3 18 100 M M 10 13 23 100
24 57 51 54 4 11 0 0.02 0.0 0 7.8 15 350 M M 10 18 18 350
25 64 49 57 7 8 0 0.00 0.0 0 7.8 18 330 M M 8 18 26 330
26 54 41 48 -3 17 0 T 0.0 0 11.7 32 270 M M 7 42 270
27 46 32 39 -12 26 0 0.00 0.0 0 16.5 28 310 M M 7 41 280
28 42 28 35 -17 30 0 0.00 0.0 0 15.6 31 320 M M 6 46 330
29 48 25 37 -15 28 0 0.00 0.0 0 9.9 22 330 M M 3 33 320
30 60 35 48 -4 17 0 0.02 T 0 6.8 17 160 M M 9 4 23 160
31 75 51 63 10 2 0 T 0.0 0 17.1 37 200 M M 10 55 210
================================================================================
SM 1874 1253 447 4 2.77 0.9 316.9 M 213
================================================================================
AV 60.5 40.4 10.2 FASTST M M 7 MAX(MPH)
MISC ----> 37 200 55 210
================================================================================
NOTES:
# LAST OF SEVERAL OCCURRENCES
COLUMN 17 PEAK WIND IN M.P.H.
PRELIMINARY LOCAL CLIMATOLOGICAL DATA (WS FORM: F-6) , PAGE 2
STATION: WASHINGTON NATIONAL DC
MONTH: MARCH
YEAR: 2022
LATITUDE: 38 50 N
LONGITUDE: 77 2 W
[TEMPERATURE DATA] [PRECIPITATION DATA] SYMBOLS USED IN COLUMN 16
AVERAGE MONTHLY: 50.4 TOTAL FOR MONTH: 2.77 1 = FOG OR MIST
DPTR FM NORMAL: 2.8 DPTR FM NORMAL: -0.73 2 = FOG REDUCING VISIBILITY
HIGHEST: 80 ON 7 GRTST 24HR 0.86 ON 17-17 TO 1/4 MILE OR LESS
LOWEST: 21 ON 13 3 = THUNDER
SNOW, ICE PELLETS, HAIL 4 = ICE PELLETS
TOTAL MONTH: 0.9 INCH 5 = HAIL
GRTST 24HR 0.9 ON 12-12 6 = FREEZING RAIN OR DRIZZLE
GRTST DEPTH: T 7 = DUSTSTORM OR SANDSTORM:
VSBY 1/2 MILE OR LESS
8 = SMOKE OR HAZE
[NO. OF DAYS WITH] [WEATHER - DAYS WITH] 9 = BLOWING SNOW
X = TORNADO
MAX 32 OR BELOW: 0 0.01 INCH OR MORE: 7
MAX 90 OR ABOVE: 0 0.10 INCH OR MORE: 4
MIN 32 OR BELOW: 8 0.50 INCH OR MORE: 3
MIN 0 OR BELOW: 0 1.00 INCH OR MORE: 0
[HDD (BASE 65) ]
TOTAL THIS MO. 447 CLEAR (SCALE 0-3) 2
DPTR FM NORMAL -97 PTCLDY (SCALE 4-7) 18
TOTAL FM JUL 1 3092 CLOUDY (SCALE 8-10) 11
DPTR FM NORMAL -376
[CDD (BASE 65) ]
TOTAL THIS MO. 4
DPTR FM NORMAL 1 [PRESSURE DATA]
TOTAL FM JAN 1 4 HIGHEST SLP 30.61 ON 4
DPTR FM NORMAL 1 LOWEST SLP 29.42 ON 31
[REMARKS]
#FINAL-03-22#