000
CXUS53 KDDC 011540
CF6DDC
PRELIMINARY LOCAL CLIMATOLOGICAL DATA (WS FORM: F-6)
STATION: DODGE CITY KS
MONTH: MAY
YEAR: 2020
LATITUDE: 37 46 N
LONGITUDE: 99 58 W
TEMPERATURE IN F: :PCPN: SNOW: WIND :SUNSHINE: SKY :PK WND
================================================================================
1 2 3 4 5 6A 6B 7 8 9 10 11 12 13 14 15 16 17 18
12Z AVG MX 2MIN
DY MAX MIN AVG DEP HDD CDD WTR SNW DPTH SPD SPD DIR MIN PSBL S-S WX SPD DR
================================================================================
1 92 55 74 15 0 9 0.00 0.0 0 12.4 26 20 M M 0 36 10
2 81 54 68 8 0 3 0.00 0.0 0 19.5 33 40 M M 1 8 43 40
3 80 50 65 5 0 0 0.00 0.0 0 14.0 23 20 M M 1 29 120
4 79 54 67 7 0 2 0.01 0.0 0 17.0 32 360 M M 5 128 42 360
5 77 45 61 0 4 0 0.00 0.0 0 9.0 25 360 M M 1 8 33 10
6 73 42 58 -3 7 0 0.00 0.0 0 9.5 20 40 M M 1 8 26 20
7 79 47 63 2 2 0 T 0.0 0 18.0 35 170 M M 2 38 44 160
8 64 41 53 -9 12 0 0.00 0.0 0 18.2 38 360 M M 2 8 51 360
9 73 40 57 -5 8 0 0.00 0.0 0 12.2 22 210 M M 2 35 180
10 65 40 53 -9 12 0 0.00 0.0 0 13.5 23 30 M M 2 30 30
11 47 38 43 -20 22 0 0.63 0.0 0 15.7 23 110 M M 9 13 30 110
12 47 38 43 -20 22 0 0.06 0.0 0 11.2 16 130 M M 10 12 22 140
13 73 45 59 -4 6 0 0.00 0.0 0 16.8 28 150 M M 7 18 40 170
14 77 58 68 4 0 3 0.00 0.0 0 13.7 26 180 M M 2 37 180
15 78 57 68 4 0 3 0.15 0.0 0 14.4 32 30 M M 4 138 40 20
16 79 57 68 4 0 3 T 0.0 0 11.0 22 360 M M 3 1 30 10
17 79 49 64 -1 1 0 0.00 0.0 0 10.5 21 360 M M 1 29 10
18 79 46 63 -2 2 0 0.00 0.0 0 7.8 13 90 M M 0 1 19 60
19 81 52 67 2 0 2 0.00 0.0 0 9.9 21 90 M M 2 18 27 90
20 81 51 66 0 0 1 T 0.0 0 16.5 26 140 M M 1 1 34 140
21 82 56 69 3 0 4 0.62 0.0 0 17.1 29 140 M M 7 138 37 10
22 76 54 65 -1 0 0 0.17 0.0 0 10.9 22 20 M M 1 13 32 50
23 88 54 71 5 0 6 0.00 0.0 0 17.2 33 170 M M 3 43 170
24 83 59 71 4 0 6 0.02 0.0 0 12.0 32 280 M M 3 13 54 310
25 62 51 57 -10 8 0 0.18 0.0 0 16.0 26 320 M M 7 13 37 340
26 78 49 64 -3 1 0 0.00 0.0 0 10.7 23 360 M M 0 32 350
27 80 53 67 -1 0 2 0.00 0.0 0 8.9 22 360 M M 0 29 20
28 81 52 67 -1 0 2 0.00 0.0 0 12.2 26 30 M M 1 35 20
29 84 51 68 0 0 3 0.00 0.0 0 10.7 21 140 M M 0 28 130
30 92 60 76 7 0 11 0.00 0.0 0 20.8 32 190 M M 0 43 180
31 91 59 75 6 0 10 0.00 0.0 0 20.7 30 160 M M 0 47 160
================================================================================
SM 2381 1557 107 70 1.84 0.0 428.0 M 78
================================================================================
AV 76.8 50.2 13.8 FASTST M M 3 MAX(MPH)
MISC ----> 38 360 54 10
================================================================================
NOTES:
# LAST OF SEVERAL OCCURRENCES
COLUMN 17 PEAK WIND IN M.P.H.
PRELIMINARY LOCAL CLIMATOLOGICAL DATA (WS FORM: F-6) , PAGE 2
STATION: DODGE CITY KS
MONTH: MAY
YEAR: 2020
LATITUDE: 37 46 N
LONGITUDE: 99 58 W
[TEMPERATURE DATA] [PRECIPITATION DATA] SYMBOLS USED IN COLUMN 16
AVERAGE MONTHLY: 63.5 TOTAL FOR MONTH: 1.84 1 = FOG OR MIST
DPTR FM NORMAL: -0.7 DPTR FM NORMAL: -1.01 2 = FOG REDUCING VISIBILITY
HIGHEST: 92 ON 30, 1 GRTST 24HR 0.79 ON 21-22 TO 1/4 MILE OR LESS
LOWEST: 38 ON 12,11 3 = THUNDER
SNOW, ICE PELLETS, HAIL 4 = ICE PELLETS
TOTAL MONTH: 0.0 INCH 5 = HAIL
GRTST 24HR 0.0 6 = FREEZING RAIN OR DRIZZLE
GRTST DEPTH: 0 7 = DUSTSTORM OR SANDSTORM:
VSBY 1/2 MILE OR LESS
8 = SMOKE OR HAZE
[NO. OF DAYS WITH] [WEATHER - DAYS WITH] 9 = BLOWING SNOW
X = TORNADO
MAX 32 OR BELOW: 0 0.01 INCH OR MORE: 8
MAX 90 OR ABOVE: 3 0.10 INCH OR MORE: 5
MIN 32 OR BELOW: 0 0.50 INCH OR MORE: 2
MIN 0 OR BELOW: 0 1.00 INCH OR MORE: 0
[HDD (BASE 65) ]
TOTAL THIS MO. 107 CLEAR (SCALE 0-3) 22
DPTR FM NORMAL -8 PTCLDY (SCALE 4-7) 7
TOTAL FM JUL 1 4654 CLOUDY (SCALE 8-10) 2
DPTR FM NORMAL -300
[CDD (BASE 65) ]
TOTAL THIS MO. 70
DPTR FM NORMAL -20 [PRESSURE DATA]
TOTAL FM JAN 1 82 HIGHEST SLP 30.38 ON 10
DPTR FM NORMAL -27 LOWEST SLP 29.55 ON 23
[REMARKS]
#FINAL-05-20#