000
CXUS51 KALY 021931
CLMDDH
CLIMATE REPORT
NATIONAL WEATHER SERVICE ALBANY NY
0230 PM EST SAT MAR 02 2024
...................................
...THE BENNINGTON VT CLIMATE SUMMARY FOR THE MONTH OF FEBRUARY 2024...
CLIMATE NORMAL PERIOD: 1991 TO 2020
CLIMATE RECORD PERIOD: 9999 TO 9999
WEATHER OBSERVED NORMAL DEPART LAST YEAR`S
VALUE DATE(S) VALUE FROM VALUE DATE(S)
NORMAL
................................................................
TEMPERATURE (F)
HIGHEST 66 02/27 62 02/15
LOWEST 5 02/20 -19 02/04
AVG. MAXIMUM 40.7 35.2 5.5 40.9
AVG. MINIMUM 20.9 14.4 6.5 18.5
MEAN 30.8 24.8 6.0 29.7
DAYS MAX >= 90 0 0.0 0.0 0
DAYS MAX <= 32 5 12.3 -7.3 3
DAYS MIN <= 32 28 26.4 1.6 26
DAYS MIN <= 0 0 3.3 -3.3 2
PRECIPITATION (INCHES)
TOTALS 0.86 1.94 -1.08 MM
DAILY AVG. 0.03 MM
DAYS >= .01 6 MM
DAYS >= .10 2 MM
DAYS >= .50 0 MM
DAYS >= 1.00 0 MM
GREATEST
24 HR. TOTAL 0.46 02/28 TO 02/28
DEGREE DAYS
HEATING TOTAL 984 1126 -142 983
SINCE 7/1 4392 5153 -761 4385
COOLING TOTAL 0 0 0 0
SINCE 1/1 0 0 0 0
................................................................
WIND (MPH)
AVERAGE WIND SPEED 5.3
HIGHEST WIND SPEED/DIRECTION 29/270 DATE 02/28
HIGHEST GUST SPEED/DIRECTION 51/270 DATE 02/29
SKY COVER
AVERAGE SKY COVER 0.46
AVERAGE RH (PERCENT) 65
WEATHER CONDITIONS. NUMBER OF DAYS WITH
THUNDERSTORM 0 MIXED PRECIP 0
HEAVY RAIN 2 RAIN 2
LIGHT RAIN 6 FREEZING RAIN 0
LT FREEZING RAIN 0 HAIL 0
HEAVY SNOW 0 SNOW 1
LIGHT SNOW 8 SLEET 0
FOG 8 FOG W/VIS <= 1/4 MILE 2
HAZE 5
- INDICATES NEGATIVE NUMBERS.
R INDICATES RECORD WAS SET OR TIED.
MM INDICATES DATA IS MISSING.
T INDICATES TRACE AMOUNT.
$$