000
CXUS53 KARX 010930
CF6DEH
PRELIMINARY LOCAL CLIMATOLOGICAL DATA (WS FORM: F-6)
STATION: DECORAH IA
MONTH: JUNE
YEAR: 2020
LATITUDE: 43 16 N
LONGITUDE: 91 44 W
TEMPERATURE IN F: :PCPN: SNOW: WIND :SUNSHINE: SKY :PK WND
================================================================================
1 2 3 4 5 6A 6B 7 8 9 10 11 12 13 14 15 16 17 18
12Z AVG MX 2MIN
DY MAX MIN AVG DEP HDD CDD WTR SNW DPTH SPD SPD DIR MIN PSBL S-S WX SPD DR
================================================================================
1 84 55 70 M 0 5 0.52 0.0 0 11.1 20 210 M M 3 31 180
2 93 64 79 M 0 14 M 0.0 0 7.5 15 330 M M 2 28 40
3 82 63 73 M 0 8 0.30 0.0 0 2.5 7 180 M M 2 1 12 320
4 86 59 73 M 0 8 0.18 0.0 0 2.2 10 190 M M 1 8 16 150
5 81 66 74 M 0 9 0.00 0.0 0 7.7 16 360 M M 2 18 10
6 77 63 70 M 0 5 0.00 0.0 0 5.2 10 80 M M 5 14 80
7 82 61 72 M 0 7 0.00 0.0 0 10.6 15 160 M M 3 28 140
8 88 68 78 M 0 13 0.00 0.0 0 9.3 15 160 M M 0 22 130
9 75 66 71 M 0 6 2.29 0.0 0 8.1 16 350 M M 4 29 99
10 68 59 64 M 1 0 0.08 0.0 0 9.1 22 330 M M 5 1 32 320
11 79 54 67 M 0 2 0.00 0.0 0 6.4 13 320 M M 0 31 290
12 82 54 68 M 0 3 0.00 0.0 0 5.3 14 320 M M 1 16 280
13 64 54 59 M 6 0 M 0.0 0 7.7 15 100 M M 6 22 130
14 73 50 62 M 3 0 0.00 0.0 0 10.3 15 130 M M 2 25 130
15 77 57 67 M 0 2 0.00 0.0 0 9.9 16 160 M M 2 23 150
16 81 59 70 M 0 5 0.00 0.0 0 7.7 13 170 M M 0 21 170
17 82 61 72 M 0 7 0.00 0.0 0 8.0 15 160 M M 0 23 160
18 82 63 73 M 0 8 0.00 0.0 0 7.9 15 180 M M 1 21 160
19 72 66 69 M 0 4 1.28 0.0 0 4.4 9 210 M M 8 1 21 210
20 73 61 67 M 0 2 1.64 0.0 0 4.4 13 340 M M 6 18 360
21 81 59 70 M 0 5 0.74 0.0 0 4.9 12 150 M M 2 28 290
22 66 59 63 M 2 0 1.26 0.0 0 2.7 8 20 M M 6 15 20
23 72 55 64 M 1 0 0.00 0.0 0 5.4 13 330 M M 5 20 320
24 75 54 65 M 0 0 0.14 0.0 0 4.2 12 320 M M 1 15 99
25 81 54 68 M 0 3 0.00 0.0 0 2.1 6 170 M M 0 12 190
26 79 66 73 M 0 8 0.85 0.0 0 4.3 10 330 M M 3 16 330
27 82 63 73 M 0 8 0.00 0.0 0 1.7 6 340 M M 0 1 M M
28 84 63 74 M 0 9 0.00 0.0 0 7.0 14 160 M M 2 25 160
29 84 72 78 M 0 13 M 0.0 0 7.8 14 90 M M 4 18 140
30 84 70 77 M 0 12 0.00 0.0 0 6.6 14 160 M M 1 28 150
================================================================================
SM 2369 1818 13 166 9.28 0.0 192.0 M 77
================================================================================
AV 79.0 60.6 6.4 FASTST M M 3 MAX(MPH)
MISC ----> # 22 330 # 32 320
================================================================================
NOTES:
# LAST OF SEVERAL OCCURRENCES
COLUMN 17 PEAK WIND IN M.P.H.
PRELIMINARY LOCAL CLIMATOLOGICAL DATA (WS FORM: F-6) , PAGE 2
STATION: DECORAH IA
MONTH: JUNE
YEAR: 2020
LATITUDE: 43 16 N
LONGITUDE: 91 44 W
[TEMPERATURE DATA] [PRECIPITATION DATA] SYMBOLS USED IN COLUMN 16
AVERAGE MONTHLY: 69.8 TOTAL FOR MONTH: 9.28 1 = FOG OR MIST
DPTR FM NORMAL: M DPTR FM NORMAL: M 2 = FOG REDUCING VISIBILITY
HIGHEST: 93 ON 2 GRTST 24HR 2.29 ON 9- 9 TO 1/4 MILE OR LESS
LOWEST: 50 ON 14 3 = THUNDER
SNOW, ICE PELLETS, HAIL 4 = ICE PELLETS
TOTAL MONTH: 0.0 INCH 5 = HAIL
GRTST 24HR 0.0 6 = FREEZING RAIN OR DRIZZLE
GRTST DEPTH: 0 7 = DUSTSTORM OR SANDSTORM:
VSBY 1/2 MILE OR LESS
8 = SMOKE OR HAZE
[NO. OF DAYS WITH] [WEATHER - DAYS WITH] 9 = BLOWING SNOW
X = TORNADO
MAX 32 OR BELOW: 0 0.01 INCH OR MORE: 11
MAX 90 OR ABOVE: 1 0.10 INCH OR MORE: 10
MIN 32 OR BELOW: 0 0.50 INCH OR MORE: 7
MIN 0 OR BELOW: 0 1.00 INCH OR MORE: 4
[HDD (BASE 65) ]
TOTAL THIS MO. 13 CLEAR (SCALE 0-3) 21
DPTR FM NORMAL M PTCLDY (SCALE 4-7) 9
TOTAL FM JUL 1 7211 CLOUDY (SCALE 8-10) 0
DPTR FM NORMAL M
[CDD (BASE 65) ]
TOTAL THIS MO. 166
DPTR FM NORMAL M [PRESSURE DATA]
TOTAL FM JAN 1 195 HIGHEST SLP M ON M
DPTR FM NORMAL M LOWEST SLP M ON M
[REMARKS]
#FINAL-06-20#