000
CXUS54 KFWD 251720
CF6DFW
PRELIMINARY LOCAL CLIMATOLOGICAL DATA (WS FORM: F-6)
STATION: DALLAS/FORT WORTH
MONTH: MARCH
YEAR: 2021
LATITUDE: 32 54 N
LONGITUDE: 97 2 W
TEMPERATURE IN F: :PCPN: SNOW: WIND :SUNSHINE: SKY :PK WND
================================================================================
1 2 3 4 5 6A 6B 7 8 9 10 11 12 13 14 15 16 17 18
12Z AVG MX 2MIN
DY MAX MIN AVG DEP HDD CDD WTR SNW DPTH SPD SPD DIR MIN PSBL S-S WX SPD DR
================================================================================
1 59 43 51 -3 14 0 0.19 0.0 0 11.0 24 10 M M 8 3 34 20
2 63 39 51 -3 14 0 0.00 0.0 0 3.8 12 340 M M 2 19 10
3 70 36 53 -1 12 0 0.00 0.0 0 7.5 16 200 M M 1 23 210
4 74 46 60 5 5 0 0.00 0.0 0 11.6 23 150 M M 2 30 170
5 71 50 61 6 4 0 0.00 0.0 0 12.6 23 10 M M 7 31 30
6 65 42 54 -1 11 0 0.00 0.0 0 7.9 14 70 M M 1 30 70
7 68 44 56 0 9 0 0.00 0.0 0 7.9 20 130 M M 3 33 150
8 71 43 57 1 8 0 0.00 0.0 0 10.9 22 190 M M 4 30 180
9 71 56 64 8 1 0 T 0.0 0 18.0 29 190 M M 9 38 180
10 76 62 69 13 0 4 0.00 0.0 0 20.5 30 190 M M 9 38 170
11 77 68 73 16 0 8 0.00 0.0 0 17.2 31 190 M M 9 42 180
12 79 67 73 16 0 8 T 0.0 0 14.5 25 180 M M 10 35 160
13 79 66 73 16 0 8 T 0.0 0 16.1 28 160 M M 9 37 150
14 75 53 64 6 1 0 0.07 0.0 0 11.4 36 210 M M 7 1 56 250
15 80 48 64 6 1 0 0.00 0.0 0 9.6 24 270 M M 2 32 260
16 83 57 70 12 0 5 0.00 0.0 0 11.8 24 150 M M 9 31 170
17 71 46 59 0 6 0 1.04 0.0 0 18.6 40 260 M M 7 138 53 260
18 61 43 52 -7 13 0 0.00 0.0 0 18.2 26 340 M M 3 36 320
19 65 41 53 -6 12 0 0.00 0.0 0 11.3 20 30 M M 1 27 30
20 68 42 55 -4 10 0 0.00 0.0 0 8.0 17 130 M M 1 24 120
21 70 43 57 -3 8 0 0.00 0.0 0 13.4 22 160 M M 4 33 150
22 63 55 59 -1 6 0 1.13 0.0 0 14.0 29 130 M M 10 13 38 130
23 75 48 62 2 3 0 0.00 0.0 0 9.7 22 260 M M 1 8 31 260
24 77 51 64 4 1 0 0.17 0.0 0 10.3 28 330 M M 5 13 34 330
25 68 52 60 -1 5 0 0.43 0.0 0 10.0 25 350 M M 6 13 32 360
26 79 52 66 5 0 1 0.00 0.0 0 10.4 23 150 M M 1 28 160
27 81 62 72 11 0 7 T 0.0 0 12.6 29 350 M M 6 18 40 350
28 71 54 63 1 2 0 0.00 0.0 0 12.4 25 360 M M 1 35 360
29 79 52 66 4 0 1 0.00 0.0 0 12.6 20 190 M M 1 33 200
30 79 59 69 7 0 4 T 0.0 0 14.4 25 200 M M 7 35 210
31 69 50 60 -2 5 0 T 0.0 0 18.2 30 30 M M 6 39 30
================================================================================
SM 2237 1570 151 46 3.03 0.0 386.4 M 152
================================================================================
AV 72.2 50.6 12.5 FASTST M M 5 MAX(MPH)
MISC ----> 40 260 56 250
================================================================================
NOTES:
# LAST OF SEVERAL OCCURRENCES
COLUMN 17 PEAK WIND IN M.P.H.
PRELIMINARY LOCAL CLIMATOLOGICAL DATA (WS FORM: F-6) , PAGE 2
STATION: DALLAS/FORT WORTH
MONTH: MARCH
YEAR: 2021
LATITUDE: 32 54 N
LONGITUDE: 97 2 W
[TEMPERATURE DATA] [PRECIPITATION DATA] SYMBOLS USED IN COLUMN 16
AVERAGE MONTHLY: 61.4 TOTAL FOR MONTH: 3.03 1 = FOG OR MIST
DPTR FM NORMAL: 3.2 DPTR FM NORMAL: -0.27 2 = FOG REDUCING VISIBILITY
HIGHEST: 83 ON 16 GRTST 24HR 1.13 ON 22-22 TO 1/4 MILE OR LESS
LOWEST: 36 ON 3 3 = THUNDER
SNOW, ICE PELLETS, HAIL 4 = ICE PELLETS
TOTAL MONTH: 0.0 INCH 5 = HAIL
GRTST 24HR 0.0 6 = FREEZING RAIN OR DRIZZLE
GRTST DEPTH: 0 7 = DUSTSTORM OR SANDSTORM:
VSBY 1/2 MILE OR LESS
8 = SMOKE OR HAZE
[NO. OF DAYS WITH] [WEATHER - DAYS WITH] 9 = BLOWING SNOW
X = TORNADO
MAX 32 OR BELOW: 0 0.01 INCH OR MORE: 6
MAX 90 OR ABOVE: 0 0.10 INCH OR MORE: 5
MIN 32 OR BELOW: 0 0.50 INCH OR MORE: 2
MIN 0 OR BELOW: 0 1.00 INCH OR MORE: 2
[HDD (BASE 65) ]
TOTAL THIS MO. 151 CLEAR (SCALE 0-3) 13
DPTR FM NORMAL -95 PTCLDY (SCALE 4-7) 10
TOTAL FM JUL 1 2135 CLOUDY (SCALE 8-10) 8
DPTR FM NORMAL 8
[CDD (BASE 65) ]
TOTAL THIS MO. 46
DPTR FM NORMAL 11 [PRESSURE DATA]
TOTAL FM JAN 1 46 HIGHEST SLP 30.45 ON 31
DPTR FM NORMAL 1 LOWEST SLP 29.54 ON 17
[REMARKS]
#FINAL-03-21#