000
CXUS52 KTAE 010800
CF6DHN
PRELIMINARY LOCAL CLIMATOLOGICAL DATA (WS FORM: F-6)
STATION: DOTHAN
MONTH: APRIL
YEAR: 2022
LATITUDE: 31 19 N
LONGITUDE: 85 27 W
TEMPERATURE IN F: :PCPN: SNOW: WIND :SUNSHINE: SKY :PK WND
================================================================================
1 2 3 4 5 6A 6B 7 8 9 10 11 12 13 14 15 16 17 18
12Z AVG MX 2MIN
DY MAX MIN AVG DEP HDD CDD WTR SNW DPTH SPD SPD DIR MIN PSBL S-S WX SPD DR
================================================================================
1 77 50 64 0 1 0 0.00 0.0 M 5.4 13 320 M M 0 18 320
2 69 48 59 -5 6 0 0.00 0.0 0 4.7 10 120 M M 0 13 50
3 79 50 65 1 0 0 0.00 0.0 M 5.7 16 330 M M 0 20 310
4 81 48 65 1 0 0 0.00 M M 4.3 10 90 M M 0 14 80
5 80 57 69 4 0 4 1.17 0.0 0 11.3 36 330 M M 8 13 42 320
6 86 64 75 10 0 10 T 0.0 M 13.5 28 220 M M 8 13 37 220
7 75 57 66 1 0 1 0.00 0.0 M 15.2 25 280 M M 3 31 270
8 70 47 59 -6 6 0 0.00 0.0 0 13.6 28 320 M M 2 37 330
9 65 43 54 -12 11 0 0.00 0.0 0 11.2 29 310 0 M 0 40 290
10 77 40 59 -7 6 0 0.00 0.0 0 5.4 16 210 M M 0 20 220
11 75 47 61 -5 4 0 0.00 0.0 0 5.1 14 180 M M 0 18 200
12 82 53 68 2 0 3 0.00 0.0 0 6.8 17 170 M M 2 21 220
13 81 63 72 6 0 7 0.00 0.0 0 10.1 22 160 M M 3 27 160
14 78 61 70 3 0 5 0.06 0.0 0 6.7 22 340 M M 5 1 28 330
15 83 50 67 0 0 2 0.00 0.0 0 5.6 12 120 M M 0 17 130
16 79 61 70 3 0 5 0.18 0.0 M 6.0 18 350 M M 6 13 24 350
17 74 60 67 -1 0 2 1.00 0.0 M 3.5 30 360 M M 8 123 41 360
18 78 54 66 -2 0 1 0.93 M M 11.9 32 300 M M 6 13 41 300
19 71 46 59 -9 6 0 0.00 M M 6.5 18 10 M M 0 23 20
20 76 45 61 -7 4 0 0.00 0.0 M 7.4 20 120 M M 0 28 130
21 80 59 70 1 0 5 0.00 0.0 0 6.5 15 150 M M 0 20 150
22 82 58 70 1 0 5 0.00 0.0 0 5.9 14 130 M M 0 17 90
23 82 59 71 2 0 6 0.00 0.0 0 7.0 15 130 M M 1 21 150
24 84 63 74 5 0 9 0.00 0.0 0 7.3 14 170 M M 2 18 150
25 86 60 73 3 0 8 0.05 0.0 0 6.7 18 150 M M 5 1 23 150
26 87 62 75 5 0 10 T 0.0 M 8.3 22 320 M M 5 13 27 320
27 82 52 67 -3 0 2 0.00 0.0 M 6.7 12 340 M M 0 19 350
28 83 53 68 -3 0 3 0.00 0.0 M 6.2 17 130 M M 1 21 140
29 81 61 71 0 0 6 0.00 0.0 0 7.8 16 140 M M 4 22 110
30 85 63 74 3 0 9 T 0.0 0 8.0 18 210 M M 2 13 23 190
================================================================================
SM 2368 1634 44 103 3.39 0.0 230.3 0 71
================================================================================
AV 78.9 54.5 7.7 FASTST 0 M 2 MAX(MPH)
MISC ----> 36 330 42 320
================================================================================
NOTES:
# LAST OF SEVERAL OCCURRENCES
COLUMN 17 PEAK WIND IN M.P.H.
PRELIMINARY LOCAL CLIMATOLOGICAL DATA (WS FORM: F-6) , PAGE 2
STATION: DOTHAN
MONTH: APRIL
YEAR: 2022
LATITUDE: 31 19 N
LONGITUDE: 85 27 W
[TEMPERATURE DATA] [PRECIPITATION DATA] SYMBOLS USED IN COLUMN 16
AVERAGE MONTHLY: 66.7 TOTAL FOR MONTH: 3.39 1 = FOG OR MIST
DPTR FM NORMAL: -0.5 DPTR FM NORMAL: -1.40 2 = FOG REDUCING VISIBILITY
HIGHEST: 87 ON 26 GRTST 24HR 1.93 ON 17-18 TO 1/4 MILE OR LESS
LOWEST: 40 ON 10 3 = THUNDER
SNOW, ICE PELLETS, HAIL 4 = ICE PELLETS
TOTAL MONTH: 0.0 INCH 5 = HAIL
GRTST 24HR 0.0 6 = FREEZING RAIN OR DRIZZLE
GRTST DEPTH: 0 7 = DUSTSTORM OR SANDSTORM:
VSBY 1/2 MILE OR LESS
8 = SMOKE OR HAZE
[NO. OF DAYS WITH] [WEATHER - DAYS WITH] 9 = BLOWING SNOW
X = TORNADO
MAX 32 OR BELOW: 0 0.01 INCH OR MORE: 6
MAX 90 OR ABOVE: 0 0.10 INCH OR MORE: 4
MIN 32 OR BELOW: 0 0.50 INCH OR MORE: 3
MIN 0 OR BELOW: 0 1.00 INCH OR MORE: 2
[HDD (BASE 65) ]
TOTAL THIS MO. 44 CLEAR (SCALE 0-3) 20
DPTR FM NORMAL -6 PTCLDY (SCALE 4-7) 8
TOTAL FM JUL 1 1372 CLOUDY (SCALE 8-10) 2
DPTR FM NORMAL -256
[CDD (BASE 65) ]
TOTAL THIS MO. 103
DPTR FM NORMAL -15 [PRESSURE DATA]
TOTAL FM JAN 1 178 HIGHEST SLP M ON M
DPTR FM NORMAL -8 LOWEST SLP 29.69 ON 6
[REMARKS]
#FINAL-04-22#