000
CXUS53 KDLH 010920
CF6DLH
PRELIMINARY LOCAL CLIMATOLOGICAL DATA (WS FORM: F-6)
STATION: DULUTH
MONTH: JUNE
YEAR: 2020
LATITUDE: 46 49 N
LONGITUDE: 92 11 W
TEMPERATURE IN F: :PCPN: SNOW: WIND :SUNSHINE: SKY :PK WND
================================================================================
1 2 3 4 5 6A 6B 7 8 9 10 11 12 13 14 15 16 17 18
12Z AVG MX 2MIN
DY MAX MIN AVG DEP HDD CDD WTR SNW DPTH SPD SPD DIR MIN PSBL S-S WX SPD DR
================================================================================
1 71 54 63 7 2 0 0.01 0.0 0 7.0 18 110 M M 4 3 23 110
2 84 55 70 14 0 5 T 0.0 0 8.1 22 280 M M 2 30 280
3 78 54 66 10 0 1 0.00 0.0 0 7.8 17 350 M M 1 28 320
4 82 51 67 10 0 2 0.02 0.0 0 8.1 23 310 M M 3 3 33 330
5 76 52 64 7 1 0 0.02 0.0 0 12.0 28 280 M M 4 39 280
6 63 47 55 -2 10 0 0.00 0.0 0 9.9 20 80 M M 3 25 80
7 64 46 55 -3 10 0 0.17 0.0 0 17.0 30 100 M M 6 13 40 100
8 81 45 63 5 2 0 0.00 0.0 0 10.8 17 130 M M 3 22 120
9 72 53 63 5 2 0 0.03 0.0 0 10.5 20 100 M M 3 1 27 100
10 68 53 61 3 4 0 0.01 0.0 0 16.7 29 310 M M 8 18 40 320
11 71 49 60 1 5 0 0.01 0.0 0 12.0 28 300 M M 5 39 270
12 61 42 52 -7 13 0 T 0.0 0 9.1 15 110 M M 4 20 150
13 64 38 51 -8 14 0 0.00 0.0 0 11.7 23 80 M M 1 31 70
14 69 41 55 -5 10 0 0.00 0.0 0 11.6 18 110 M M 0 25 110
15 68 54 61 1 4 0 T 0.0 0 12.5 20 120 M M 3 26 110
16 89 61 75 15 0 10 0.00 0.0 0 12.4 21 170 M M 2 29 170
17 85 63 74 13 0 9 0.00 0.0 0 12.0 21 180 M M 0 32 180
18 81 64 73 12 0 8 0.06 0.0 0 10.1 17 220 M M 5 38 23 220
19 75 57 66 5 0 1 0.00 0.0 0 9.4 17 310 M M 3 22 280
20 68 48 58 -3 7 0 0.00 0.0 0 5.4 15 110 M M 4 22 70
21 83 48 66 4 0 1 0.06 0.0 0 8.4 33 280 M M 4 13 42 270
22 72 48 60 -2 5 0 0.00 0.0 0 7.7 14 10 M M 5 20 350
23 75 56 66 4 0 1 0.08 0.0 0 10.2 22 340 M M 5 33 350
24 77 53 65 3 0 0 T 0.0 0 7.2 15 340 M M 5 21 320
25 83 49 66 3 0 1 0.00 0.0 0 6.3 15 270 M M 2 21 260
26 85 65 75 12 0 10 T 0.0 0 10.8 20 300 M M 4 28 330
27 84 59 72 9 0 7 0.00 0.0 0 6.5 14 170 M M 1 20 170
28 83 59 71 7 0 6 T 0.0 0 10.6 18 90 M M 2 26 80
29 77 60 69 5 0 4 0.19 0.0 0 10.4 22 110 M M 7 1 27 100
30 81 60 71 7 0 6 0.03 0.0 0 8.0 16 90 M M 6 12 24 160
================================================================================
SM 2270 1584 89 72 0.69 0.0 300.2 M 105
================================================================================
AV 75.7 52.8 10.0 FASTST M M 4 MAX(MPH)
MISC ----> 33 280 42 270
================================================================================
NOTES:
# LAST OF SEVERAL OCCURRENCES
COLUMN 17 PEAK WIND IN M.P.H.
PRELIMINARY LOCAL CLIMATOLOGICAL DATA (WS FORM: F-6) , PAGE 2
STATION: DULUTH
MONTH: JUNE
YEAR: 2020
LATITUDE: 46 49 N
LONGITUDE: 92 11 W
[TEMPERATURE DATA] [PRECIPITATION DATA] SYMBOLS USED IN COLUMN 16
AVERAGE MONTHLY: 64.2 TOTAL FOR MONTH: 0.69 1 = FOG OR MIST
DPTR FM NORMAL: 4.1 DPTR FM NORMAL: -3.54 2 = FOG REDUCING VISIBILITY
HIGHEST: 89 ON 16 GRTST 24HR 0.19 ON 28-29 TO 1/4 MILE OR LESS
LOWEST: 38 ON 13 3 = THUNDER
SNOW, ICE PELLETS, HAIL 4 = ICE PELLETS
TOTAL MONTH: 0.0 INCH 5 = HAIL
GRTST 24HR 0.0 6 = FREEZING RAIN OR DRIZZLE
GRTST DEPTH: 0 7 = DUSTSTORM OR SANDSTORM:
VSBY 1/2 MILE OR LESS
8 = SMOKE OR HAZE
[NO. OF DAYS WITH] [WEATHER - DAYS WITH] 9 = BLOWING SNOW
X = TORNADO
MAX 32 OR BELOW: 0 0.01 INCH OR MORE: 12
MAX 90 OR ABOVE: 0 0.10 INCH OR MORE: 2
MIN 32 OR BELOW: 0 0.50 INCH OR MORE: 0
MIN 0 OR BELOW: 0 1.00 INCH OR MORE: 0
[HDD (BASE 65) ]
TOTAL THIS MO. 89 CLEAR (SCALE 0-3) 12
DPTR FM NORMAL -90 PTCLDY (SCALE 4-7) 17
TOTAL FM JUL 1 8864 CLOUDY (SCALE 8-10) 1
DPTR FM NORMAL -579
[CDD (BASE 65) ]
TOTAL THIS MO. 72
DPTR FM NORMAL 42 [PRESSURE DATA]
TOTAL FM JAN 1 77 HIGHEST SLP 30.45 ON 13
DPTR FM NORMAL 43 LOWEST SLP 29.40 ON 10
[REMARKS]
#FINAL-06-20#