000
CXUS56 KTFX 011110
CF6DLN
PRELIMINARY LOCAL CLIMATOLOGICAL DATA (WS FORM: F-6)
STATION: DILLON AIRPORT MT
MONTH: AUGUST
YEAR: 2022
LATITUDE: 45 15 N
LONGITUDE: 112 33 W
TEMPERATURE IN F: :PCPN: SNOW: WIND :SUNSHINE: SKY :PK WND
================================================================================
1 2 3 4 5 6A 6B 7 8 9 10 11 12 13 14 15 16 17 18
12Z AVG MX 2MIN
DY MAX MIN AVG DEP HDD CDD WTR SNW DPTH SPD SPD DIR MIN PSBL S-S WX SPD DR
================================================================================
1 92 57 75 9 0 10 0.00 M 0 9.7 40 200 M M 0 8 60 190
2 86 58 72 6 0 7 0.00 M 0 10.6 21 290 M M 2 8 33 240
3 86 50 68 2 0 3 0.00 M 0 11.6 24 280 M M 1 8 33 280
4 90 56 73 7 0 8 0.00 M 0 11.5 26 250 M M 0 37 230
5 78 55 67 1 0 2 0.30 M 0 5.6 17 120 M M 3 138 25 110
6 72 51 62 -4 3 0 T M 0 7.8 18 30 M M 3 23 40
7 84 43 64 -2 1 0 0.00 M 0 6.0 14 200 M M 0 18 180
8 88 51 70 5 0 5 0.00 M 0 8.0 18 280 M M 0 8 26 290
9 91 50 71 6 0 6 0.00 M 0 6.8 14 130 M M 0 18 120
10 85 52 69 4 0 4 0.07 M 0 6.9 23 240 M M 3 1 32 240
11 88 56 72 7 0 7 T M 0 7.0 30 250 M M 1 47 260
12 89 55 72 8 0 7 0.00 M 0 8.1 26 300 M M 1 38 37 320
13 90 52 71 7 0 6 T M 0 8.2 29 210 M M 2 3 40 190
14 87 56 72 8 0 7 0.00 M 0 6.2 13 190 M M 0 16 190
15 88 48 68 4 0 3 0.00 M 0 5.8 13 210 M M 0 16 10
16 89 47 68 4 0 3 0.00 M 0 5.7 12 170 M M 0 17 360
17 90 47 69 6 0 4 0.00 M 0 8.3 15 210 M M 0 8 19 200
18 90 50 70 7 0 5 0.00 M 0 7.9 15 30 M M 0 8 19 20
19 88 57 73 10 0 8 0.00 M 0 9.9 21 180 M M 0 28 170
20 87 56 72 9 0 7 0.00 M 0 6.6 15 240 M M 1 20 240
21 86 55 71 9 0 6 0.00 M 0 7.0 23 330 M M 3 8 29 340
22 86 50 68 6 0 3 0.02 M 0 8.2 36 270 M M 2 38 47 260
23 84 48 66 4 0 1 0.00 M 0 8.1 16 40 M M 0 8 20 10
24 82 52 67 5 0 2 T M 0 9.6 28 40 M M 1 38 38 40
25 83 48 66 5 0 1 0.16 M 0 7.5 24 130 M M 2 3 30 130
26 82 48 65 4 0 0 0.00 M 0 8.9 22 280 M M 1 32 290
27 82 48 65 4 0 0 T M 0 13.1 31 240 M M 2 8 47 260
28 76 49 63 2 2 0 0.00 M 0 8.5 23 270 M M 1 8 29 270
29 84 39 62 2 3 0 0.00 M 0 6.0 12 350 M M 0 8 21 10
30 90 47 69 9 0 4 0.00 M 0 6.3 15 230 M M 0 8 20 240
31 91 49 70 10 0 5 0.00 M 0 8.1 22 160 M M 0 8 35 180
================================================================================
SM 2664 1580 9 124 0.55 M 249.5 M 29
================================================================================
AV 85.9 51.0 8.0 FASTST M M 1 MAX(MPH)
MISC ----> 40 200 60 190
================================================================================
NOTES:
# LAST OF SEVERAL OCCURRENCES
COLUMN 17 PEAK WIND IN M.P.H.
PRELIMINARY LOCAL CLIMATOLOGICAL DATA (WS FORM: F-6) , PAGE 2
STATION: DILLON AIRPORT MT
MONTH: AUGUST
YEAR: 2022
LATITUDE: 45 15 N
LONGITUDE: 112 33 W
[TEMPERATURE DATA] [PRECIPITATION DATA] SYMBOLS USED IN COLUMN 16
AVERAGE MONTHLY: 68.5 TOTAL FOR MONTH: 0.55 1 = FOG OR MIST
DPTR FM NORMAL: 5.1 DPTR FM NORMAL: -0.32 2 = FOG REDUCING VISIBILITY
HIGHEST: 92 ON 1 GRTST 24HR 0.30 ON 5- 5 TO 1/4 MILE OR LESS
LOWEST: 39 ON 29 3 = THUNDER
SNOW, ICE PELLETS, HAIL 4 = ICE PELLETS
TOTAL MONTH: M 5 = HAIL
GRTST 24HR M ON M 6 = FREEZING RAIN OR DRIZZLE
GRTST DEPTH: 0 7 = DUSTSTORM OR SANDSTORM:
VSBY 1/2 MILE OR LESS
8 = SMOKE OR HAZE
[NO. OF DAYS WITH] [WEATHER - DAYS WITH] 9 = BLOWING SNOW
X = TORNADO
MAX 32 OR BELOW: 0 0.01 INCH OR MORE: 4
MAX 90 OR ABOVE: 8 0.10 INCH OR MORE: 2
MIN 32 OR BELOW: 0 0.50 INCH OR MORE: 0
MIN 0 OR BELOW: 0 1.00 INCH OR MORE: 0
[HDD (BASE 65) ]
TOTAL THIS MO. 9 CLEAR (SCALE 0-3) 30
DPTR FM NORMAL -83 PTCLDY (SCALE 4-7) 1
TOTAL FM JUL 1 31 CLOUDY (SCALE 8-10) 0
DPTR FM NORMAL -124
[CDD (BASE 65) ]
TOTAL THIS MO. 124
DPTR FM NORMAL 81 [PRESSURE DATA]
TOTAL FM JAN 1 211 HIGHEST SLP 30.21 ON 7
DPTR FM NORMAL 100 LOWEST SLP 29.55 ON 27
[REMARKS]
#FINAL-08-22#